{"id":6548,"date":"2022-04-04T10:14:44","date_gmt":"2022-04-04T08:14:44","guid":{"rendered":"https:\/\/wp.unil.ch\/cinematheque-unil\/?page_id=6548"},"modified":"2022-04-04T10:19:59","modified_gmt":"2022-04-04T08:19:59","slug":"une-histoire-audiovisuelle-du-medical-le-partenariat-cadia-et-les-firmes-pharmaceutiques-baloises-%ef%bf%bc","status":"publish","type":"page","link":"https:\/\/wp.unil.ch\/cinematheque-unil\/une-histoire-audiovisuelle-du-medical-le-partenariat-cadia-et-les-firmes-pharmaceutiques-baloises-%ef%bf%bc\/","title":{"rendered":"Une histoire audiovisuelle du m\u00e9dical"},"content":{"rendered":"<h1 style=\"text-align: center\">Une histoire audiovisuelle du m\u00e9dical<\/h1>\n<h1 style=\"text-align: center\">Le partenariat CADIA et les firmes pharmaceutiques b\u00e2loises<\/h1>\n<p style=\"text-align: center\"><a href=\"https:\/\/wp.unil.ch\/cinematheque-unil\/files\/2022\/04\/CADIA_0004.jpeg\"><img alt=\"\" loading=\"lazy\" decoding=\"async\" class=\"alignnone size-full wp-image-6551\" src=\"https:\/\/wp.unil.ch\/cinematheque-unil\/files\/2022\/04\/CADIA_0004.jpeg\" alt=\"\" width=\"878\" height=\"878\" srcset=\"https:\/\/wp.unil.ch\/cinematheque-unil\/files\/2022\/04\/CADIA_0004.jpeg 878w, https:\/\/wp.unil.ch\/cinematheque-unil\/files\/2022\/04\/CADIA_0004-300x300.jpeg 300w, https:\/\/wp.unil.ch\/cinematheque-unil\/files\/2022\/04\/CADIA_0004-150x150.jpeg 150w, https:\/\/wp.unil.ch\/cinematheque-unil\/files\/2022\/04\/CADIA_0004-768x768.jpeg 768w, https:\/\/wp.unil.ch\/cinematheque-unil\/files\/2022\/04\/CADIA_0004-230x230.jpeg 230w, https:\/\/wp.unil.ch\/cinematheque-unil\/files\/2022\/04\/CADIA_0004-365x365.jpeg 365w\" sizes=\"auto, (max-width: 878px) 100vw, 878px\" \/><\/a><\/p>\n<p>Sous la direction du Prof. Fran\u00e7ois Vallotton, cette recherche de doctorat men\u00e9e par Gabrielle Duboux s\u2019inscrit dans le cadre du Centre pluridisciplinaire des Sciences historiques de la culture au sein de la Facult\u00e9 des lettres (Unil). Ce projet vise \u00e0 analyser l\u2019information m\u00e9dicale produite et d\u00e9velopp\u00e9e par les firmes pharmaceutiques b\u00e2loises en lien avec les diff\u00e9rentes instances de cr\u00e9ation de contenus audiovisuels m\u00e9dicaux, telles que les maisons de production cin\u00e9matographiques, les universit\u00e9s et les h\u00f4pitaux suisses. Cherchant \u00e0 reconstituer les r\u00e9seaux de production et de circulation des films m\u00e9dicaux cette recherche se noue autour de la Communaut\u00e9 d\u2019action pour le d\u00e9veloppement de l\u2019information audiovisuelle (CADIA, 1970-1975) et l\u2019arriv\u00e9e des technologies audiovisuelles dans le quotidien de l\u2019enseignement universitaire et de la formation continue.<\/p>\n<p>La soci\u00e9t\u00e9 CADIA est un partenariat entre la maison d\u2019\u00e9dition romande Rencontre cr\u00e9\u00e9e en 1950 et deux firmes pharmaceutiques b\u00e2loises, CIBA et Geigy. Elle se pr\u00e9sente comme une soci\u00e9t\u00e9 de production de programmes audiovisuels \u00e0 la fois m\u00e9dicaux, promotionnels, documentaires et fictionnels. C\u2019est \u00e9galement un lieu carrefour autour duquel convergent plusieurs r\u00e9alisateur\u00b7trice\u00b7s de la t\u00e9l\u00e9vision et du cin\u00e9ma durant les ann\u00e9es\u00a01970, tels que Henry Brandt, Jean-Pierre Garnier, Jean-Jacques Lagrange, Francis Reusser, Ren\u00e9 Schacher, Jacqueline Veuve ainsi que l\u2019animateur Robi Engler notamment. Cette maison de production romande rayonne \u00e0 l\u2019international par plusieurs biais\u2009: sous l\u2019angle technique et industriel, elle mise sur l\u2019exploitation, la production et la commercialisation de l\u2019un des premiers syst\u00e8mes de vid\u00e9ocassette, le proc\u00e9d\u00e9 EVR de l\u2019entreprise am\u00e9ricaine CBS\u2009; sous l\u2019angle des programmes, elle entend d\u00e9velopper des coproductions avec l\u2019ORTF et d\u2019autres organismes de t\u00e9l\u00e9vision\u2009; enfin sur le plan strat\u00e9gique et commercial, elle contribue au regroupement des \u00e9diteurs actifs dans le domaine de l\u2019audiovisuel.<\/p>\n<p>\u00c0 la crois\u00e9e de l\u2019histoire \u00e9largie des m\u00e9dias, de l\u2019information m\u00e9dicale et de la t\u00e9l\u00e9vision utilitaire, ce projet explore et met en relation diff\u00e9rents fonds des secteurs Film et Non-Film de la Cin\u00e9math\u00e8que suisse avec ceux conserv\u00e9s par les archives pharmaceutiques b\u00e2loises.<\/p>\n<p>Projet de recherche de <a href=\"https:\/\/applicationspub.unil.ch\/interpub\/noauth\/php\/Un\/UnPers.php?PerNum=1179197&amp;LanCode=37\" target=\"_blank\" rel=\"noopener\">Gabrielle Duboux<\/a>, assistante dipl\u00f4m\u00e9e SHC.\u00a0Th\u00e8se de doctorat sous la direction du prof. <a href=\"https:\/\/applicationspub.unil.ch\/interpub\/noauth\/php\/Un\/UnPers.php?PerNum=821233&amp;LanCode=37\" target=\"_blank\" rel=\"noopener\">Fran\u00e7ois Vallotton<\/a>.<\/p>\n<p style=\"text-align: center\"><a href=\"https:\/\/wp.unil.ch\/cinematheque-unil\/files\/2022\/04\/Cadia_0002.png\"><img alt=\"\" loading=\"lazy\" decoding=\"async\" class=\"alignnone size-full wp-image-6550\" src=\"https:\/\/wp.unil.ch\/cinematheque-unil\/files\/2022\/04\/Cadia_0002.png\" alt=\"\" width=\"681\" height=\"384\" srcset=\"https:\/\/wp.unil.ch\/cinematheque-unil\/files\/2022\/04\/Cadia_0002.png 681w, https:\/\/wp.unil.ch\/cinematheque-unil\/files\/2022\/04\/Cadia_0002-300x169.png 300w\" sizes=\"auto, (max-width: 681px) 100vw, 681px\" \/><\/a><\/p>\n","protected":false},"excerpt":{"rendered":"<p>Une histoire audiovisuelle du m\u00e9dical Le partenariat CADIA et les firmes pharmaceutiques b\u00e2loises Sous la direction du Prof. Fran\u00e7ois Vallotton, cette recherche de doctorat men\u00e9e par Gabrielle Duboux s\u2019inscrit dans le cadre du Centre pluridisciplinaire des Sciences historiques de la<\/p>\n","protected":false},"author":1002143,"featured_media":0,"parent":0,"menu_order":0,"comment_status":"closed","ping_status":"closed","template":"","meta":{"_seopress_robots_primary_cat":"","_seopress_titles_title":"","_seopress_titles_desc":"","_seopress_robots_index":"","footnotes":""},"class_list":["post-6548","page","type-page","status-publish"],"_links":{"self":[{"href":"https:\/\/wp.unil.ch\/cinematheque-unil\/wp-json\/wp\/v2\/pages\/6548","targetHints":{"allow":["GET"]}}],"collection":[{"href":"https:\/\/wp.unil.ch\/cinematheque-unil\/wp-json\/wp\/v2\/pages"}],"about":[{"href":"https:\/\/wp.unil.ch\/cinematheque-unil\/wp-json\/wp\/v2\/types\/page"}],"author":[{"embeddable":true,"href":"https:\/\/wp.unil.ch\/cinematheque-unil\/wp-json\/wp\/v2\/users\/1002143"}],"replies":[{"embeddable":true,"href":"https:\/\/wp.unil.ch\/cinematheque-unil\/wp-json\/wp\/v2\/comments?post=6548"}],"version-history":[{"count":0,"href":"https:\/\/wp.unil.ch\/cinematheque-unil\/wp-json\/wp\/v2\/pages\/6548\/revisions"}],"wp:attachment":[{"href":"https:\/\/wp.unil.ch\/cinematheque-unil\/wp-json\/wp\/v2\/media?parent=6548"}],"curies":[{"name":"wp","href":"https:\/\/api.w.org\/{rel}","templated":true}]}}