{"id":6203,"date":"2022-02-10T17:47:54","date_gmt":"2022-02-10T16:47:54","guid":{"rendered":"https:\/\/wp.unil.ch\/cinematheque-unil\/?page_id=6203"},"modified":"2023-10-06T16:55:14","modified_gmt":"2023-10-06T14:55:14","slug":"analyses-de-films-et-sources","status":"publish","type":"page","link":"https:\/\/wp.unil.ch\/cinematheque-unil\/analyses-de-films-et-sources\/","title":{"rendered":"Analyses de films et de sources"},"content":{"rendered":"<h6><a href=\"https:\/\/wp.unil.ch\/cinematheque-unil\/files\/2023\/10\/Alain-Tanner-les-annees-television-et-la-construction-de-lauteur-I.-Introduction-et-filmographie-_CORRIGE.pdf\" target=\"_blank\" rel=\"noopener\">Alain Tanner, les ann\u00e9es t\u00e9l\u00e9vision et \u00ab\u00a0la construction de l&rsquo;auteur\u00a0\u00bb (I). Introduction et filmographie.<\/a> Par Vincent Annen. Mis en ligne le 11 juillet 2022, mis \u00e0 jour le 6 octobre 2023.<\/h6>\n<h6><a href=\"https:\/\/wp.unil.ch\/cinematheque-unil\/files\/2022\/07\/Charlesmortouvif_articleSite.pdf\" target=\"_blank\" rel=\"noopener\">Marianne La R\u00e9publique dans<em> Charles mort ou vif<\/em> (1969) : ic\u00f4ne f\u00e9ministe?<\/a> Par Jeanne Modoux. Mis en ligne le 25 avril 2022.<\/h6>\n<h6><a href=\"https:\/\/wp.unil.ch\/cinematheque-unil\/fourbi-2\/\" target=\"_blank\" rel=\"noopener\">La citation litt\u00e9raire dans <em>Fourbi<\/em> (1996)\u00a0: Moli\u00e8re, Joyce et une certaine repr\u00e9sentation des rapports de genre<\/a>. Par Alain Bollait. Mis en ligne le 2 mars 2022.<\/h6>\n<h6><a href=\"https:\/\/wp.unil.ch\/cinematheque-unil\/fourbi-1996-dune-rosemonde-a-lautre-le-fait-divers\/\" target=\"_blank\" rel=\"noopener\"><em data-rich-text-format-boundary=\"true\">Fourbi<\/em>\u00a0(1996)\u00a0\u2013 D\u2019une Rosemonde \u00e0 l\u2019autre\u00a0: le fait divers.<\/a>\u00a0Par Alain Boillat. Mis en ligne le 14 f\u00e9vrier 2022.<\/h6>\n<h6>\u00a0<\/h6>\n\n\n<p><strong>&nbsp;&nbsp;&nbsp;&nbsp;&nbsp;&nbsp;&nbsp;&nbsp;&nbsp;&nbsp;&nbsp;&nbsp;&nbsp;&nbsp;&nbsp;&nbsp;&nbsp;&nbsp;&nbsp;&nbsp;&nbsp;&nbsp;&nbsp;&nbsp;&nbsp;&nbsp;&nbsp;&nbsp;&nbsp;&nbsp;&nbsp;&nbsp;&nbsp;&nbsp;&nbsp;&nbsp;&nbsp;&nbsp;&nbsp;&nbsp;&nbsp;&nbsp;&nbsp;&nbsp;&nbsp;&nbsp;&nbsp;&nbsp;&nbsp;&nbsp;&nbsp;&nbsp;&nbsp;&nbsp;&nbsp;&nbsp;&nbsp;&nbsp;&nbsp;&nbsp;&nbsp;&nbsp;&nbsp;&nbsp;&nbsp;&nbsp;&nbsp;&nbsp;&nbsp;&nbsp;&nbsp;&nbsp;&nbsp;&nbsp;&nbsp;&nbsp;&nbsp;&nbsp;&nbsp;&nbsp;<\/strong><\/p>\n","protected":false},"excerpt":{"rendered":"<p>Alain Tanner, les ann\u00e9es t\u00e9l\u00e9vision et \u00ab\u00a0la construction de l&rsquo;auteur\u00a0\u00bb (I). Introduction et filmographie. Par Vincent Annen. Mis en ligne le 11 juillet 2022, mis \u00e0 jour le 6 octobre 2023. Marianne La R\u00e9publique dans Charles mort ou vif (1969)<\/p>\n","protected":false},"author":1002143,"featured_media":0,"parent":0,"menu_order":0,"comment_status":"closed","ping_status":"closed","template":"","meta":{"_seopress_robots_primary_cat":"","_seopress_titles_title":"","_seopress_titles_desc":"","_seopress_robots_index":"","footnotes":""},"class_list":["post-6203","page","type-page","status-publish"],"_links":{"self":[{"href":"https:\/\/wp.unil.ch\/cinematheque-unil\/wp-json\/wp\/v2\/pages\/6203","targetHints":{"allow":["GET"]}}],"collection":[{"href":"https:\/\/wp.unil.ch\/cinematheque-unil\/wp-json\/wp\/v2\/pages"}],"about":[{"href":"https:\/\/wp.unil.ch\/cinematheque-unil\/wp-json\/wp\/v2\/types\/page"}],"author":[{"embeddable":true,"href":"https:\/\/wp.unil.ch\/cinematheque-unil\/wp-json\/wp\/v2\/users\/1002143"}],"replies":[{"embeddable":true,"href":"https:\/\/wp.unil.ch\/cinematheque-unil\/wp-json\/wp\/v2\/comments?post=6203"}],"version-history":[{"count":0,"href":"https:\/\/wp.unil.ch\/cinematheque-unil\/wp-json\/wp\/v2\/pages\/6203\/revisions"}],"wp:attachment":[{"href":"https:\/\/wp.unil.ch\/cinematheque-unil\/wp-json\/wp\/v2\/media?parent=6203"}],"curies":[{"name":"wp","href":"https:\/\/api.w.org\/{rel}","templated":true}]}}

<h6><a href="https://wp.unil.ch/cinematheque-unil/files/2023/10/Alain-Tanner-les-annees-television-et-la-construction-de-lauteur-I.-Introduction-et-filmographie-_CORRIGE.pdf" target="_blank" rel="noopener">Alain Tanner, les années télévision et « la construction de l&rsquo;auteur » (I). Introduction et filmographie.</a> Par Vincent Annen. Mis en ligne le 11 juillet 2022, mis à jour le 6 octobre 2023.</h6>
<h6><a href="https://wp.unil.ch/cinematheque-unil/files/2022/07/Charlesmortouvif_articleSite.pdf" target="_blank" rel="noopener">Marianne La République dans<em> Charles mort ou vif</em> (1969) : icône féministe?</a> Par Jeanne Modoux. Mis en ligne le 25 avril 2022.</h6>
<h6><a href="https://wp.unil.ch/cinematheque-unil/fourbi-2/" target="_blank" rel="noopener">La citation littéraire dans <em>Fourbi</em> (1996) : Molière, Joyce et une certaine représentation des rapports de genre</a>. Par Alain Bollait. Mis en ligne le 2 mars 2022.</h6>
<h6><a href="https://wp.unil.ch/cinematheque-unil/fourbi-1996-dune-rosemonde-a-lautre-le-fait-divers/" target="_blank" rel="noopener"><em data-rich-text-format-boundary="true">Fourbi</em> (1996) – D’une Rosemonde à l’autre : le fait divers.</a> Par Alain Boillat. Mis en ligne le 14 février 2022.</h6>
<h6> </h6>


<p><strong>&nbsp;&nbsp;&nbsp;&nbsp;&nbsp;&nbsp;&nbsp;&nbsp;&nbsp;&nbsp;&nbsp;&nbsp;&nbsp;&nbsp;&nbsp;&nbsp;&nbsp;&nbsp;&nbsp;&nbsp;&nbsp;&nbsp;&nbsp;&nbsp;&nbsp;&nbsp;&nbsp;&nbsp;&nbsp;&nbsp;&nbsp;&nbsp;&nbsp;&nbsp;&nbsp;&nbsp;&nbsp;&nbsp;&nbsp;&nbsp;&nbsp;&nbsp;&nbsp;&nbsp;&nbsp;&nbsp;&nbsp;&nbsp;&nbsp;&nbsp;&nbsp;&nbsp;&nbsp;&nbsp;&nbsp;&nbsp;&nbsp;&nbsp;&nbsp;&nbsp;&nbsp;&nbsp;&nbsp;&nbsp;&nbsp;&nbsp;&nbsp;&nbsp;&nbsp;&nbsp;&nbsp;&nbsp;&nbsp;&nbsp;&nbsp;&nbsp;&nbsp;&nbsp;&nbsp;&nbsp;</strong></p>

<p>Alain Tanner, les années télévision et « la construction de l&rsquo;auteur » (I). Introduction et filmographie. Par Vincent Annen. Mis en ligne le 11 juillet 2022, mis à jour le 6 octobre 2023. Marianne La République dans Charles mort ou vif (1969)</p>
