{"id":6167,"date":"2021-11-29T16:05:55","date_gmt":"2021-11-29T15:05:55","guid":{"rendered":"https:\/\/wp.unil.ch\/cinematheque-unil\/?page_id=6167"},"modified":"2026-02-15T21:31:26","modified_gmt":"2026-02-15T20:31:26","slug":"resultats-de-la-recherche","status":"publish","type":"page","link":"https:\/\/wp.unil.ch\/cinematheque-unil\/resultats-de-la-recherche\/","title":{"rendered":"R\u00e9sultats de la recherche"},"content":{"rendered":"\n<p class=\"has-medium-font-size\"><strong>R\u00e9sultats de la recherche<\/strong><\/p>\n\n\n\n<p class=\"has-text-align-left\"><strong>Conf\u00e9rences acad\u00e9miques<\/strong><\/p>\n\n\n\n<p>Vincent Annen et Alain Boillat, \u00ab\u00a0Pr\u00e9sentation du num\u00e9ro 57 (\u00ab&nbsp;Adaptation&nbsp;\u00bb) de la revue&nbsp;<em>Genesis<\/em>&nbsp;\u00a0\u00bb , s\u00e9minaire g\u00e9n\u00e9ral de critique g\u00e9n\u00e9tique, ITEM, Paris, 4 juin 2024.<\/p>\n\n\n\n<p>Jeanne Modoux, \u00ab\u00a0Une introduction aux archives d\u2019<em>Une flamme dans mon c\u0153ur<\/em>&nbsp;: modalit\u00e9s d\u2019\u00e9criture et contexte de production\u00a0\u00bb, colloque doctoral national UNIL\/UZH, Penthaz, 29 septembre 2023.<\/p>\n\n\n\n<p>Vincent Annen, \u00ab\u00a0Alain Tanner, un&nbsp;<em>Marin fant\u00f4me&nbsp;<\/em>? Variantes (auto)fictionnelles dans la gen\u00e8se du documentaire&nbsp;<em>Les Hommes du port<\/em>&nbsp;(1995)\u00a0\u00bb, colloque doctoral international \u00ab\u00a0Variantes &#8211; la d\u00e9clinaison des possibles comme objet de la recherche\u00a0\u00bb, UNIL, 28 septembre 2023.<\/p>\n\n\n\n<p class=\"has-text-align-left\">Vincent Annen, \u00ab\u00a0Le cin\u00e9ma dans les carnets de Bernard Comment : cin\u00e9philie ou prospection ?\u00a0\u00bb, Journ\u00e9e d&rsquo;\u00e9tudes \u00ab\u00a0Cin\u00e9philies litt\u00e9raires\u00a0\u00bb,&nbsp;<em>Archives litt\u00e9raires suisses<\/em>, Berne, 5 avril 2023.<\/p>\n\n\n\n<p>Alain Boillat, Vincent Annen et Jeanne Modoux, \u00ab\u00a0Enjeux m\u00e9thodologiques de l\u2019\u00e9tude d\u2019archives sc\u00e9naristiques : le cas du fonds Alain Tanner (Cin\u00e9math\u00e8que suisse) \u00bb, conf\u00e9rence dans le cadre du s\u00e9minaire doctoral \u00ab L\u2019image dans les archives. Le sc\u00e9nario en question \u00bb sous la dir. de M\u00e9lissa Gignac et Mathilde Lejeune, , Universit\u00e9 de Lille, 22 mars 2023.<\/p>\n\n\n\n<p>Jeanne Modoux, \u00ab\u00a0Les traces d&rsquo;une \u00e9criture f\u00e9minine dans la collaboration entre Myriam M\u00e9zi\u00e8res et Alain Tanner (1975-2003)\u00a0\u00bb, Journ\u00e9e d&rsquo;\u00e9tudes FDi, UNIL, Lausanne, 24 novembre 2022.<\/p>\n\n\n\n<p>Vincent Annen, \u00ab\u00a0L&rsquo;auto-adaptation : d\u00e9crire\/comprendre les effets de reprise et d&rsquo;actualisation chez l&rsquo;auteur (de cin\u00e9ma)\u00a0\u00bb,&nbsp;Journ\u00e9e d&rsquo;\u00e9tudes FDi, UNIL, Lausanne, 24 novembre 2022.<\/p>\n\n\n\n<p>Alain Boillat, \u00ab\u00a0Apports et enjeux de l\u2019\u00e9tude des&nbsp;sc\u00e9narios: questions m\u00e9thodologiques&nbsp;\u00bb, ULB, Bruxelles (\u00c9cole doctorale \u00ab \u00c9tudes du cin\u00e9ma et arts&nbsp;du&nbsp;spectacle \u00bb),&nbsp;23 mars 2022.<\/p>\n\n\n\n<p>Alain Boillat, conf\u00e9rence dans le cadre du cours \u00ab Initiation \u00e0&nbsp;la th\u00e9orie et la pratique de l&rsquo;\u00e9criture&nbsp;sc\u00e9naristique \u00bb, ULB, Bruxelles, 22 mars 2022.<\/p>\n\n\n\n<p>Alain Boillat, \u00ab\u00a0L\u2019apport de la critique g\u00e9n\u00e9tique \u00e0&nbsp;l\u2019\u00e9tude des sc\u00e9narios de&nbsp;films (et vice-versa): extensions&nbsp;notionnelles, sp\u00e9cificit\u00e9s de&nbsp;l\u2019\u00e9criture cin\u00e9matographique, ouverture&nbsp;interdisciplinaire&nbsp;(<em>gender&nbsp;studies<\/em>)&nbsp;\u00bb, colloque international \u00ab La construction du roman: entre \u00e9bauche et&nbsp;finition: Zola \u00bb, Sorbonne Nouvelle \/ITEM, 18 novembre 2021.<\/p>\n\n\n\n<p><\/p>\n\n\n\n<p><strong>Publications<\/strong><\/p>\n\n\n\n<p>Vincent Annen et Jeanne Modoux,&nbsp;<em>Revoir Tanner (TV\/Cin\u00e9ma)&nbsp;: questions d\u2019espace, rapports de genre<\/em>, Gollion, Infolio, 2024.<\/p>\n\n\n\n<p>Vincent Annen, \u00ab\u00a0Adapter des espaces autres. Gen\u00e8se de l\u2019h\u00e9t\u00e9rotopie du film&nbsp;<em>Light Years Away<\/em>&nbsp;(1981) d\u2019Alain Tanner\u00a0\u00bb,&nbsp;<em>Genesis<\/em>, n.57, 2024, pp. 121-132.<\/p>\n\n\n\n<p>Vincent Annen, \u00ab\u00a0Cin\u00e9philie et pratique(s) du carnet chez Bernard Comment\u00a0\u00bb,&nbsp;<em>Passim<\/em>, n\u00b031, 2023, p. 8.<\/p>\n\n\n\n<p>Alain Boillat, \u00ab\u00a0Discontinuous aesthetics as a result of collaborative screenwriting: A genetic approach to John Berger and Alain Tanner\u2019s screenplays\u00a0\u00bb, <em>Journal of Screenwriting<\/em>, Vol.14\/2, 2023, online first,&nbsp;<a href=\"https:\/\/doi.org\/10.1386\/josc_00120_1\" target=\"_blank\" rel=\"noreferrer noopener\">https:\/\/doi.org\/10.1386\/josc_00120_1<\/a>&nbsp;[Google Scholar].<\/p>\n\n\n\n<p>Alain Boillat,&nbsp;<em>Alain Tanner. 50 ans de cin\u00e9ma suisse<\/em>, Lausanne, Presses polytechniques et universitaires romandes, 2023.<\/p>\n\n\n\n<p><strong>M\u00e9diation scientifique et culturelle<\/strong><\/p>\n\n\n\n<div class=\"wp-block-group\"><div class=\"wp-block-group__inner-container is-layout-constrained wp-block-group-is-layout-constrained\">\n<div class=\"wp-block-group is-nowrap is-layout-flex wp-container-core-group-is-layout-ad2f72ca wp-block-group-is-layout-flex\">\n<figure class=\"wp-block-image size-medium\"><img loading=\"lazy\" decoding=\"async\" width=\"300\" height=\"217\" src=\"https:\/\/wp.unil.ch\/cinematheque-unil\/files\/2026\/02\/exposition_ecran_tanner-1-300x217.jpg\" alt=\"Capsule vid\u00e9o &quot;Les documentaires d'Alain Tanner&quot;.\" class=\"wp-image-9158\" srcset=\"https:\/\/wp.unil.ch\/cinematheque-unil\/files\/2026\/02\/exposition_ecran_tanner-1-300x217.jpg 300w, https:\/\/wp.unil.ch\/cinematheque-unil\/files\/2026\/02\/exposition_ecran_tanner-1-768x556.jpg 768w, https:\/\/wp.unil.ch\/cinematheque-unil\/files\/2026\/02\/exposition_ecran_tanner-1.jpg 895w\" sizes=\"auto, (max-width: 300px) 100vw, 300px\" \/><\/figure>\n\n\n\n<figure class=\"wp-block-image size-medium is-resized\"><img loading=\"lazy\" decoding=\"async\" width=\"300\" height=\"197\" src=\"https:\/\/wp.unil.ch\/cinematheque-unil\/files\/2026\/02\/entretien_vincent_annen_tanner-300x197.jpg\" alt=\"Capsule vid\u00e9o &quot;Les documentaires d'Alain Tanner&quot;.\" class=\"wp-image-9115\" style=\"aspect-ratio:1.5229634330134052;width:329px;height:auto\" srcset=\"https:\/\/wp.unil.ch\/cinematheque-unil\/files\/2026\/02\/entretien_vincent_annen_tanner-300x197.jpg 300w, https:\/\/wp.unil.ch\/cinematheque-unil\/files\/2026\/02\/entretien_vincent_annen_tanner-1024x672.jpg 1024w, https:\/\/wp.unil.ch\/cinematheque-unil\/files\/2026\/02\/entretien_vincent_annen_tanner-768x504.jpg 768w, https:\/\/wp.unil.ch\/cinematheque-unil\/files\/2026\/02\/entretien_vincent_annen_tanner.jpg 1074w\" sizes=\"auto, (max-width: 300px) 100vw, 300px\" \/><\/figure>\n<\/div>\n\n\n\n<div class=\"wp-block-group is-nowrap is-layout-flex wp-container-core-group-is-layout-ad2f72ca wp-block-group-is-layout-flex\">\n<p><a href=\"https:\/\/www.rts.ch\/archives\/2025\/video\/les-documentaires-d-alain-tanner-28851223.html\">\u00ab\u00a0Les documentaires d&rsquo;Alain Tanner\u00a0\u00bb<\/a>, capsule vid\u00e9o pour&nbsp;<em>Les Archives de la RTS<\/em>&nbsp;con\u00e7ue par Vincent Annen (texte et pr\u00e9sentation) et Amandine Rosset (r\u00e9alisation), 10 avril 2025.&nbsp;Cette capsule vid\u00e9o a \u00e9t\u00e9 int\u00e9gr\u00e9e \u00e0 l&rsquo;exposition de Marie Sandoz, Anne-Katrin Weber et Roxane Gray,&nbsp;<em>La t\u00e9l\u00e9vision en suisse. 75 ans sous tension<\/em>, Universit\u00e9 de Lausanne, 30 septembre 2025-14 f\u00e9vrier 2026.<\/p>\n<\/div>\n<\/div><\/div>\n\n\n\n<p>Vincent Annen, participation \u00e0 la table ronde \u00ab\u00a0Les principes de l&rsquo;interview\u00a0\u00bb, avec Marcy Goldberg et Samuel Perriard, mod\u00e9ration par Michael Kuratli,&nbsp;<em>59es Journ\u00e9es de Soleure<\/em>, Staadttheater, Soleure, 21 janvier 2024.\u00a0\u00bb<\/p>\n\n\n\n<p>Alain Boillat, <a href=\"https:\/\/www.rexbern.ch\/rex-online\/alain-tanner-john-berger-et-bernard-comment(modal:watch\/conference-alain-tanner-john-berger-et-bernard-comment-sur-les-traces-de-quelques-signes-du-temps)\" data-type=\"link\" data-id=\"https:\/\/www.rexbern.ch\/rex-online\/alain-tanner-john-berger-et-bernard-comment(modal:watch\/conference-alain-tanner-john-berger-et-bernard-comment-sur-les-traces-de-quelques-signes-du-temps)\">Tanner, Berger et Comment :&nbsp;sur les traces&nbsp;de quelques signes des temps (<em>La Salamandre&nbsp;\/&nbsp;Fourbi)<\/em><\/a>, Lichstpiel, Berne, 17 janvier 2024.<\/p>\n\n\n\n<p>Mod\u00e9ration par Vincent Annen de la table ronde \u00ab\u00a0Sc\u00e9nariste ?\u00a0\u00bb, avec Victor Comte, Antoine Jaccoud, Swan Purro, Anne Thorens, Rencontres litt\u00e9raires Textures, Arsen&rsquo;alt, Fribourg, 4 mars 2023.<\/p>\n\n\n\n<p><a href=\"https:\/\/agenda.unil.ch\/display\/1674713893953\">Tanner-Godard, point(s) de rencontre ?<\/a>, conf\u00e9rence donn\u00e9e par Alain Boillat et Achilleas Papakonstantis, 4 f\u00e9vrier 2023, Caf\u00e9 litt\u00e9raire, Vevey.<\/p>\n\n\n\n<p>L\u2019\u00e9tude des sc\u00e9narios de films: m\u00e9thodologie et objets&nbsp;\u00bb, conf\u00e9rence donn\u00e9e par Alain Boillat et Vincent Annen aux Archives litt\u00e9raires suisses, Biblioth\u00e8que nationale suisse, Berne, 15 juin 2022.<\/p>\n\n\n\n<p>Alain Boillat, pr\u00e9sentation du film&nbsp;<em>Charles mort au vif&nbsp;<\/em>(avec Jean-Luc Bideau), Rencontres du 7e Art Lausanne, 14 mars 2022.<\/p>\n\n\n\n<p><strong>Presse<\/strong><\/p>\n\n\n\n<p><a href=\"https:\/\/www.24heures.ch\/alain-tanner-cherchez-la-femme-164158650310\" data-type=\"link\" data-id=\"https:\/\/www.24heures.ch\/alain-tanner-cherchez-la-femme-164158650310\">Boris Senff, \u00ab&nbsp;Alain Tanner, cherchez la femme&nbsp;\u00bb,&nbsp;<em>24 Heures,&nbsp;<\/em>28.07.2023.<\/a><\/p>\n\n\n\n<p><a href=\"https:\/\/wp.unil.ch\/uniscope\/retour-a-alain-tanner\/?utm_source=mailpoet&amp;utm_medium=email&amp;utm_campaign=l-uniscope-en-ligne-newsletter-n18\">Nadine Richon, \u00ab&nbsp;Retour \u00e0 Alain Tanner&nbsp;\u00bb,&nbsp;<em>Uniscope<\/em>, juin 2023<\/a>.<\/p>\n\n\n\n<p><a href=\"https:\/\/www.lemagducine.fr\/a-lire\/actu-livres\/alain-tanner-50-ans-de-cinema-dauteur-avis-10060850\/\">Jacques Demande,&nbsp;<em>Le MagduCin\u00e9,<\/em>&nbsp;28 juin 2023.<\/a><\/p>\n\n\n\n<p><a href=\"\/\/\/Users\/cbernas1\/Downloads\/Le_Courrier_20230623_TANNER-1.pdf\" data-type=\"link\" data-id=\"file:\/\/\/Users\/cbernas1\/Downloads\/Le_Courrier_20230623_TANNER-1.pdf\">Mathieu Loewer, \u00ab&nbsp;Tanner survol\u00e9&nbsp;\u00bb,&nbsp;<em>Le Courrier<\/em>, 23 juin 2023.<\/a><\/p>\n\n\n\n<p><strong>Travaux pr\u00e9paratoires \u00e0 la soumission du projet&nbsp;<\/strong><\/p>\n\n\n\n<p>Vincent Annen, \u00ab\u00a0L&rsquo;espace dans&nbsp;<em>Light Years Away&nbsp;<\/em>(1981) d&rsquo;Alain Tanner au prisme du&nbsp;\u00ab&nbsp;discours th\u00e9orique&nbsp;\u00bb&nbsp;du cin\u00e9aste et de la gen\u00e8se du film\u00a0\u00bb, dirig\u00e9 par Alain Boillat,&nbsp;m\u00e9moire de fin d&rsquo;\u00e9tudes soutenu le 2 septembre 2021 \u00e0 l&rsquo;Universit\u00e9 de Lausanne.<\/p>\n\n\n\n<p class=\"has-text-align-left\">Alain Boillat, \u00ab L\u2019esth\u00e9tique discontinue du &lsquo;film-discours&rsquo;&nbsp;produit d\u2019une \u00e9criture collaborative : approche g\u00e9n\u00e9tique des sc\u00e9narios de&nbsp;John Berger et Alain Tanner \u00bb,&nbsp;<em>La Cr\u00e9ation collective au cin\u00e9ma<\/em>,&nbsp;n\u00b0 3, sous la direction de Martin Fournier et Nedjma Moussaoui. URL:&nbsp;<a rel=\"noreferrer noopener\" href=\"https:\/\/creationcollectiveaucinema.files.wordpress.com\/2020\/12\/ccc308_ab_151-176_8dec.pdf\" target=\"_blank\">https:\/\/creationcollectiveaucinema.files.wordpress.com\/2020\/12\/ccc308_ab_151-176_8dec.pdf<\/a><\/p>\n\n\n\n<p class=\"has-text-align-left\">Alain Boillat, \u00ab Traces d\u2019une \u00e9criture \u00e0 deux mains :&nbsp;<em>La&nbsp;Salamandre<\/em>&nbsp;et&nbsp;<em>Le Milieu du monde&nbsp;<\/em>\u00bb,&nbsp;<em>La&nbsp;Cr\u00e9ation collective au cin\u00e9ma,<\/em>&nbsp;n\u00b0 3, sous la direction de Martin&nbsp;Fournier et Nedjma Moussaoui. URL:&nbsp;<a href=\"https:\/\/creationcollectiveaucinema.files.wordpress.com\/2020\/12\/ccc309_ab_179-206_8dec.pdf\">https:\/\/creationcollectiveaucinema.files.wordpress.com\/2020\/12\/ccc309_ab_179-206_8dec.pdf<\/a><\/p>\n\n\n\n<p class=\"has-text-align-left\">Jeanne Modoux, \u00ab\u00a0La repr\u00e9sentation des femmes dans le cin\u00e9ma d&rsquo;Alain Tanner des ann\u00e9es septante\u00a0\u00bb, dirig\u00e9 par Mireille Berton, m\u00e9moire de fin d&rsquo;\u00e9tudes soutenu le 20&nbsp;d\u00e9cembre 2019 \u00e0 l&rsquo;Universit\u00e9 de Lausanne.&nbsp;<\/p>\n","protected":false},"excerpt":{"rendered":"<p>R\u00e9sultats de la recherche Conf\u00e9rences acad\u00e9miques Vincent Annen et Alain Boillat, \u00ab\u00a0Pr\u00e9sentation du num\u00e9ro 57 (\u00ab&nbsp;Adaptation&nbsp;\u00bb) de la revue&nbsp;Genesis&nbsp;\u00a0\u00bb , s\u00e9minaire g\u00e9n\u00e9ral de critique g\u00e9n\u00e9tique, ITEM, Paris, 4 juin 2024. Jeanne Modoux, \u00ab\u00a0Une introduction aux archives d\u2019Une flamme dans mon<\/p>\n","protected":false},"author":1002143,"featured_media":0,"parent":0,"menu_order":0,"comment_status":"closed","ping_status":"closed","template":"","meta":{"_seopress_robots_primary_cat":"","_seopress_titles_title":"","_seopress_titles_desc":"","_seopress_robots_index":"","footnotes":""},"class_list":["post-6167","page","type-page","status-publish"],"_links":{"self":[{"href":"https:\/\/wp.unil.ch\/cinematheque-unil\/wp-json\/wp\/v2\/pages\/6167","targetHints":{"allow":["GET"]}}],"collection":[{"href":"https:\/\/wp.unil.ch\/cinematheque-unil\/wp-json\/wp\/v2\/pages"}],"about":[{"href":"https:\/\/wp.unil.ch\/cinematheque-unil\/wp-json\/wp\/v2\/types\/page"}],"author":[{"embeddable":true,"href":"https:\/\/wp.unil.ch\/cinematheque-unil\/wp-json\/wp\/v2\/users\/1002143"}],"replies":[{"embeddable":true,"href":"https:\/\/wp.unil.ch\/cinematheque-unil\/wp-json\/wp\/v2\/comments?post=6167"}],"version-history":[{"count":5,"href":"https:\/\/wp.unil.ch\/cinematheque-unil\/wp-json\/wp\/v2\/pages\/6167\/revisions"}],"predecessor-version":[{"id":9187,"href":"https:\/\/wp.unil.ch\/cinematheque-unil\/wp-json\/wp\/v2\/pages\/6167\/revisions\/9187"}],"wp:attachment":[{"href":"https:\/\/wp.unil.ch\/cinematheque-unil\/wp-json\/wp\/v2\/media?parent=6167"}],"curies":[{"name":"wp","href":"https:\/\/api.w.org\/{rel}","templated":true}]}}