{"id":6075,"date":"2021-10-26T10:33:09","date_gmt":"2021-10-26T08:33:09","guid":{"rendered":"https:\/\/wp.unil.ch\/cinematheque-unil\/?page_id=6075"},"modified":"2021-10-26T10:48:44","modified_gmt":"2021-10-26T08:48:44","slug":"presentation-2","status":"publish","type":"page","link":"https:\/\/wp.unil.ch\/cinematheque-unil\/presentation-2\/","title":{"rendered":"Pr\u00e9sentation"},"content":{"rendered":"\n<p><strong>Le sc\u00e9nario chez Alain Tanner&nbsp;: discours et pratiques. Une approche g\u00e9n\u00e9tique du r\u00e9cit filmique et des repr\u00e9sentations de genre<\/strong><\/p>\n\n\n\n<p>Se basant sur un examen scientifique des archives dites \u00ab&nbsp;non-film&nbsp;\u00bb du fonds Alain Tanner conserv\u00e9es par la Cin\u00e9math\u00e8que suisse, cette recherche vise l\u2019\u00e9tude du processus d\u2019\u00e9criture sc\u00e9naristique des dix-neuf longs m\u00e9trages de fiction r\u00e9alis\u00e9s par le cin\u00e9aste entre 1969 et 2004. En parall\u00e8le, l\u2019\u00e9quipe de recherche se penche sur le discours tenu \u00e0 propos du sc\u00e9nario par Tanner, dont l\u2019impact a \u00e9t\u00e9 consid\u00e9rable en suisse et qui a b\u00e9n\u00e9fici\u00e9 d\u2019une reconnaissance importante sur le plan international. Nous postulons que le \u00ab sc\u00e9nario&nbsp;\u00bb (con\u00e7u au sens large, de mani\u00e8re non normative) se situe au c\u0153ur de l\u2019\u0153uvre du cin\u00e9aste dans la mesure o\u00f9 ce dernier a constamment entretenu un rapport ambivalent \u00e0 ce stade de la fabrication de ses films : alors qu\u2019il a constamment relativis\u00e9 le r\u00f4le de l\u2019\u00e9criture au profit de la mise en sc\u00e8ne, il a par ailleurs fr\u00e9quemment probl\u00e9matis\u00e9, dans ses prises de position publiques et ses nombreux textes de r\u00e9flexion sur sa pratique, la question de l\u2019\u00e9criture. La constitution, \u00e0 l\u2019aide d\u2019une base de donn\u00e9es, d\u2019un historique de production des longs m\u00e9trages ainsi qu\u2019une \u00e9tude comparative des \u00e9tats des sc\u00e9narios entre eux et avec les diff\u00e9rents films sera ainsi corr\u00e9l\u00e9e \u00e0 l\u2019ensemble des discours sur le cin\u00e9ma qui ont \u00e9t\u00e9 \u00e9mis par Tanner \u00e0 travers divers canaux m\u00e9diatiques.&nbsp;<\/p>\n\n\n\n<p>Les modalit\u00e9s de la cr\u00e9ation \u00e0 quatre mains (Tanner et respectivement John Berger, Myriam M\u00e9zi\u00e8res et Bernard Comment) sont discut\u00e9es dans une perspective de g\u00e9n\u00e9tique textuelle, selon une approche narratologique et, enfin, sous l\u2019angle des repr\u00e9sentations genr\u00e9es.&nbsp;<\/p>\n\n\n\n<p><strong>Direction&nbsp;:&nbsp;<\/strong>Alain Boillat, professeur ordinaire<\/p>\n\n\n\n<p><strong>Doctorant-e-s:&nbsp;<\/strong>Vincent Annen et Jeanne Modoux<\/p>\n\n\n\n<p>Subside FNS n\u00b0100013_204749\/1&nbsp;<\/p>\n\n\n\n<p>P\u00e9riode: 1.11.2021-31.10.2025<\/p>\n","protected":false},"excerpt":{"rendered":"<p>Le sc\u00e9nario chez Alain Tanner&nbsp;: discours et pratiques. Une approche g\u00e9n\u00e9tique du r\u00e9cit filmique et des repr\u00e9sentations de genre Se basant sur un examen scientifique des archives dites \u00ab&nbsp;non-film&nbsp;\u00bb du fonds Alain Tanner conserv\u00e9es par la Cin\u00e9math\u00e8que suisse, cette recherche<\/p>\n","protected":false},"author":1002143,"featured_media":0,"parent":0,"menu_order":0,"comment_status":"closed","ping_status":"closed","template":"","meta":{"_seopress_robots_primary_cat":"","_seopress_titles_title":"","_seopress_titles_desc":"","_seopress_robots_index":"","footnotes":""},"class_list":["post-6075","page","type-page","status-publish"],"_links":{"self":[{"href":"https:\/\/wp.unil.ch\/cinematheque-unil\/wp-json\/wp\/v2\/pages\/6075","targetHints":{"allow":["GET"]}}],"collection":[{"href":"https:\/\/wp.unil.ch\/cinematheque-unil\/wp-json\/wp\/v2\/pages"}],"about":[{"href":"https:\/\/wp.unil.ch\/cinematheque-unil\/wp-json\/wp\/v2\/types\/page"}],"author":[{"embeddable":true,"href":"https:\/\/wp.unil.ch\/cinematheque-unil\/wp-json\/wp\/v2\/users\/1002143"}],"replies":[{"embeddable":true,"href":"https:\/\/wp.unil.ch\/cinematheque-unil\/wp-json\/wp\/v2\/comments?post=6075"}],"version-history":[{"count":0,"href":"https:\/\/wp.unil.ch\/cinematheque-unil\/wp-json\/wp\/v2\/pages\/6075\/revisions"}],"wp:attachment":[{"href":"https:\/\/wp.unil.ch\/cinematheque-unil\/wp-json\/wp\/v2\/media?parent=6075"}],"curies":[{"name":"wp","href":"https:\/\/api.w.org\/{rel}","templated":true}]}}