{"id":6062,"date":"2021-10-26T10:07:54","date_gmt":"2021-10-26T08:07:54","guid":{"rendered":"https:\/\/wp.unil.ch\/cinematheque-unil\/?page_id=6062"},"modified":"2026-01-26T14:51:17","modified_gmt":"2026-01-26T13:51:17","slug":"tanner-et-le-scenario","status":"publish","type":"page","link":"https:\/\/wp.unil.ch\/cinematheque-unil\/tanner-et-le-scenario\/","title":{"rendered":"Tanner et le sc\u00e9nario"},"content":{"rendered":"\n<p class=\"has-text-align-center\"><strong>Le sc\u00e9nario chez Alain Tanner&nbsp;: discours et pratiques. Une approche g\u00e9n\u00e9tique du r\u00e9cit filmique et des repr\u00e9sentations de genre<\/strong><\/p>\n\n\n<div class=\"wp-block-image\">\n<figure class=\"aligncenter size-large\"><a href=\"https:\/\/wp.unil.ch\/cinematheque-unil\/files\/2021\/10\/Tanner_Fourbi.jpg\"><img alt=\"\" loading=\"lazy\" decoding=\"async\" width=\"1024\" height=\"683\" src=\"https:\/\/wp.unil.ch\/cinematheque-unil\/files\/2021\/10\/Tanner_Fourbi-1024x683.jpg\" alt=\"\" class=\"wp-image-6063\" srcset=\"https:\/\/wp.unil.ch\/cinematheque-unil\/files\/2021\/10\/Tanner_Fourbi-1024x683.jpg 1024w, https:\/\/wp.unil.ch\/cinematheque-unil\/files\/2021\/10\/Tanner_Fourbi-300x200.jpg 300w, https:\/\/wp.unil.ch\/cinematheque-unil\/files\/2021\/10\/Tanner_Fourbi-768x512.jpg 768w, https:\/\/wp.unil.ch\/cinematheque-unil\/files\/2021\/10\/Tanner_Fourbi-1536x1025.jpg 1536w, https:\/\/wp.unil.ch\/cinematheque-unil\/files\/2021\/10\/Tanner_Fourbi.jpg 1799w\" sizes=\"auto, (max-width: 1024px) 100vw, 1024px\" \/><\/a><figcaption class=\"wp-element-caption\">Karin Viard et Alain Tanner sur le tournage de&nbsp;<em>Fourbi&nbsp;<\/em>(1996), film cosc\u00e9naris\u00e9 par Bernard Comment&nbsp;<\/figcaption><\/figure>\n<\/div>\n\n\n<p><a href=\"https:\/\/wp.unil.ch\/cinematheque-unil\/presentation-2\/\">Pr\u00e9sentation<\/a>&nbsp;\/ <a href=\"https:\/\/wp.unil.ch\/cinematheque-unil\/?page_id=6167\">R\u00e9sultats de la recherche<\/a> \/ <a href=\"https:\/\/wp.unil.ch\/cinematheque-unil\/tanner-et-le-scenario\/recit-et-scenario-dans-le-cinema-dauteur-1959-1989\/\" data-type=\"page\" data-id=\"7816\">Colloque<\/a> \/ <a href=\"https:\/\/wp.unil.ch\/cinematheque-unil\/tanner-projets-de-these\/\" data-type=\"page\" data-id=\"6316\">Projets de th\u00e8se<\/a> \/ <a href=\"https:\/\/wp.unil.ch\/cinematheque-unil\/analyses-de-films-et-sources\/\" data-type=\"page\" data-id=\"6203\">Analyses de films et de sources<\/a> \/ <a href=\"https:\/\/wp.unil.ch\/cinematheque-unil\/tanner-entretiens\/\" data-type=\"page\" data-id=\"6684\">Entretiens<\/a> \/ <a href=\"https:\/\/wp.unil.ch\/cinematheque-unil\/tanner-et-le-scenario\/mediation-scientifique\/\">M\u00e9diation scientifique<\/a>&nbsp;\/ <a href=\"https:\/\/wp.unil.ch\/cinematheque-unil\/bibliographie-selective\/\">Bibliographie s\u00e9lective<\/a> \/ Bibliographie comment\u00e9e \/ <a href=\"https:\/\/wp.unil.ch\/cinematheque-unil\/partenaires\/\">Partenaires<\/a> \/ <a href=\"https:\/\/wp.unil.ch\/cinematheque-unil\/tanner-base-de-donnees\/\">Base de donn\u00e9es&nbsp;<\/a>\/<a href=\"https:\/\/wp.unil.ch\/cinematheque-unil\/tanner-et-le-scenario-liens\/\"> Liens<\/a><\/p>\n\n\n\n<p><strong>Direction&nbsp;:&nbsp;<\/strong><a href=\"https:\/\/applicationspub.unil.ch\/interpub\/noauth\/php\/Un\/UnPers.php?PerNum=911499&amp;LanCode=37\">Alain Boillat<\/a>, professeur ordinaire<\/p>\n\n\n\n<p><strong>Doctorant-e-s:&nbsp;<\/strong>Vincent Annen et Jeanne Modoux<\/p>\n\n\n\n<p><strong>Assistant-e-s \u00e9tudiant-e-s<\/strong> (01.09.2022-31.08.2023) : Ani Gabrielyan, Alana Guarino Giner et Lo\u00efc Schalbetter<br \/>(01.08.2025-31.10.2025) : Sophie Henzelin et Timoth\u00e9e Zurbuchen<\/p>\n\n\n\n<p>P\u00e9riode: 1.11.2021-31.10.2025<\/p>\n","protected":false},"excerpt":{"rendered":"<p>Le sc\u00e9nario chez Alain Tanner&nbsp;: discours et pratiques. Une approche g\u00e9n\u00e9tique du r\u00e9cit filmique et des repr\u00e9sentations de genre Pr\u00e9sentation&nbsp;\/ R\u00e9sultats de la recherche \/ Colloque \/ Projets de th\u00e8se \/ Analyses de films et de sources \/ Entretiens \/<\/p>\n","protected":false},"author":1002143,"featured_media":0,"parent":0,"menu_order":0,"comment_status":"closed","ping_status":"closed","template":"","meta":{"_seopress_robots_primary_cat":"","_seopress_titles_title":"","_seopress_titles_desc":"","_seopress_robots_index":"","footnotes":""},"class_list":["post-6062","page","type-page","status-publish"],"_links":{"self":[{"href":"https:\/\/wp.unil.ch\/cinematheque-unil\/wp-json\/wp\/v2\/pages\/6062","targetHints":{"allow":["GET"]}}],"collection":[{"href":"https:\/\/wp.unil.ch\/cinematheque-unil\/wp-json\/wp\/v2\/pages"}],"about":[{"href":"https:\/\/wp.unil.ch\/cinematheque-unil\/wp-json\/wp\/v2\/types\/page"}],"author":[{"embeddable":true,"href":"https:\/\/wp.unil.ch\/cinematheque-unil\/wp-json\/wp\/v2\/users\/1002143"}],"replies":[{"embeddable":true,"href":"https:\/\/wp.unil.ch\/cinematheque-unil\/wp-json\/wp\/v2\/comments?post=6062"}],"version-history":[{"count":5,"href":"https:\/\/wp.unil.ch\/cinematheque-unil\/wp-json\/wp\/v2\/pages\/6062\/revisions"}],"predecessor-version":[{"id":9103,"href":"https:\/\/wp.unil.ch\/cinematheque-unil\/wp-json\/wp\/v2\/pages\/6062\/revisions\/9103"}],"wp:attachment":[{"href":"https:\/\/wp.unil.ch\/cinematheque-unil\/wp-json\/wp\/v2\/media?parent=6062"}],"curies":[{"name":"wp","href":"https:\/\/api.w.org\/{rel}","templated":true}]}}