{"id":568,"date":"2014-06-20T16:57:09","date_gmt":"2014-06-20T14:57:09","guid":{"rendered":"http:\/\/wp.unil.ch\/cinematheque-unil\/?page_id=568"},"modified":"2018-05-16T00:21:41","modified_gmt":"2018-05-15T22:21:41","slug":"projets-de-these","status":"publish","type":"page","link":"https:\/\/wp.unil.ch\/cinematheque-unil\/projets\/discours-du-scenario-etude-historique-et-genetique-des-adaptations-cinematographiques-de-stendhal\/projets-de-these\/","title":{"rendered":"Projets de th\u00e8se"},"content":{"rendered":"<ol class=\"breadcrumb\">\n<li><a href=\"https:\/\/wp.unil.ch\/cinematheque-unil\/projets\/\">Projets<\/a><\/li>\n<li><a href=\"https:\/\/wp.unil.ch\/cinematheque-unil\/projets\/discours-du-scenario-etude-historique-et-genetique-des-adaptations-cinematographiques-de-stendhal\/\">Discours du sc\u00e9nario<\/a><\/li>\n<li class=\"current\"><a href=\"https:\/\/wp.unil.ch\/cinematheque-unil\/projets\/discours-du-scenario-etude-historique-et-genetique-des-adaptations-cinematographiques-de-stendhal\/projets-de-these\/\">Projets de th\u00e8se<\/a><\/li>\n<\/ol>\n<h3>R\u00e9sum\u00e9s<\/h3>\n<p style=\"text-align: justify;font-size: small\">Note : les projets de th\u00e8se des deux\u00a0doctorants du projet \u00ab\u00a0Discours du sc\u00e9nario\u00a0\u00bb sont r\u00e9sum\u00e9s ici en fonction des intentions initiales (f\u00e9vrier 2014), et sont par cons\u00e9quent susceptibles d\u2019\u00e9voluer au gr\u00e9 des recherches en cours\u00a0;\u00a0les r\u00e9f\u00e9rences bibliographiques compl\u00e8tes se trouvent dans la bibliographie du projet.<\/p>\n<h3>Laure Cordonier<\/h3>\n<p>\u00ab\u00a0Gen\u00e8ses sc\u00e9naristiques du\u00a0<em>Rouge et le Noir<\/em> et de\u00a0<em>La Chartreuse de Parme<\/em> par Jean Aurenche et Pierre Bost dans le contexte de la r\u00e9flexion sur l\u2019adaptation cin\u00e9matographique des ann\u00e9es 1944 \u00e0 1960\u00a0\u00bb,\u00a0th\u00e8se sous la direction du Prof. Alain Boillat.<\/p>\n<p style=\"text-align: justify;font-size: small\"><a href=\"https:\/\/wp.unil.ch\/cinematheque-unil\/files\/2015\/03\/CORDONIER_LAURE.pdf\">Lire le r\u00e9sum\u00e9 du projet+<\/a><\/p>\n<h3>Adrien Gaillard<\/h3>\n<p>\u00ab\u00a0Le sc\u00e9nario de film, entre \u00e9crire et projeter\u00a0: \u00e9tude linguistique des adaptations de la \u201cQualit\u00e9 fran\u00e7aise\u201d\u00a0\u00bb, th\u00e8se sous la direction du Prof. Gilles Philippe (codirection Alain Boillat).<\/p>\n<p style=\"text-align: justify;font-size: small\"><a href=\"https:\/\/wp.unil.ch\/cinematheque-unil\/files\/2015\/03\/GAILLARD_ADRIEN.pdf\">Lire le r\u00e9sum\u00e9 du projet+<\/a><\/p>\n<h3>Julien Meyer (projet d\u00e9velopp\u00e9 de novembre 2013 \u00e0 octobre 2015)<\/h3>\n<p>\u00ab Une histoire du statut professionnel, social et culturel des sc\u00e9naristes, adaptateurs et dialoguistes, au cours des ann\u00e9es 1943-1958 en France \u00bb, projet de th\u00e8se sous la direction du Prof. Alain Boillat.<\/p>\n","protected":false},"excerpt":{"rendered":"<p>Projets Discours du sc\u00e9nario Projets de th\u00e8se R\u00e9sum\u00e9s Note : les projets de th\u00e8se des deux\u00a0doctorants du projet \u00ab\u00a0Discours du sc\u00e9nario\u00a0\u00bb sont r\u00e9sum\u00e9s ici en fonction des intentions initiales (f\u00e9vrier 2014), et sont par cons\u00e9quent susceptibles d\u2019\u00e9voluer au gr\u00e9 des<\/p>\n","protected":false},"author":1469,"featured_media":0,"parent":123,"menu_order":37,"comment_status":"closed","ping_status":"closed","template":"","meta":{"_seopress_robots_primary_cat":"","_seopress_titles_title":"","_seopress_titles_desc":"","_seopress_robots_index":"","footnotes":""},"class_list":["post-568","page","type-page","status-publish"],"_links":{"self":[{"href":"https:\/\/wp.unil.ch\/cinematheque-unil\/wp-json\/wp\/v2\/pages\/568","targetHints":{"allow":["GET"]}}],"collection":[{"href":"https:\/\/wp.unil.ch\/cinematheque-unil\/wp-json\/wp\/v2\/pages"}],"about":[{"href":"https:\/\/wp.unil.ch\/cinematheque-unil\/wp-json\/wp\/v2\/types\/page"}],"author":[{"embeddable":true,"href":"https:\/\/wp.unil.ch\/cinematheque-unil\/wp-json\/wp\/v2\/users\/1469"}],"replies":[{"embeddable":true,"href":"https:\/\/wp.unil.ch\/cinematheque-unil\/wp-json\/wp\/v2\/comments?post=568"}],"version-history":[{"count":0,"href":"https:\/\/wp.unil.ch\/cinematheque-unil\/wp-json\/wp\/v2\/pages\/568\/revisions"}],"up":[{"embeddable":true,"href":"https:\/\/wp.unil.ch\/cinematheque-unil\/wp-json\/wp\/v2\/pages\/123"}],"wp:attachment":[{"href":"https:\/\/wp.unil.ch\/cinematheque-unil\/wp-json\/wp\/v2\/media?parent=568"}],"curies":[{"name":"wp","href":"https:\/\/api.w.org\/{rel}","templated":true}]}}