{"id":5663,"date":"2019-04-18T16:37:23","date_gmt":"2019-04-18T14:37:23","guid":{"rendered":"http:\/\/wp.unil.ch\/cinematheque-unil\/?page_id=5663"},"modified":"2019-04-18T17:20:02","modified_gmt":"2019-04-18T15:20:02","slug":"soiree-de-vernissage-de-louvrage-collectif-loin-des-yeux-le-cinema","status":"publish","type":"page","link":"https:\/\/wp.unil.ch\/cinematheque-unil\/evenements\/soiree-de-vernissage-de-louvrage-collectif-loin-des-yeux-le-cinema\/","title":{"rendered":"Soir\u00e9e de vernissage de l\u2019ouvrage collectif <i>Loin des yeux&#8230; le cin\u00e9ma<\/i>"},"content":{"rendered":"<ol class=\"breadcrumb\">\n<li><a href=\"https:\/\/wp.unil.ch\/cinematheque-unil\/evenements\/\">\u00c9v\u00e9nements<\/a><\/li>\n<li class=\"current\"><a href=\"https:\/\/wp.unil.ch\/cinematheque-unil\/evenements\/soiree-de-vernissage-de-louvrage-collectif-loin-des-yeux-le-cinema\/\">Loin des yeux&#8230; le cin\u00e9ma<\/a><\/li>\n<\/ol>\n<h6 style=\"text-align: center\">Soir\u00e9e\u00a0de vernissage<\/h6>\n<h5 style=\"text-align: center\"><em>Loin des yeux\u2026 le cin\u00e9ma<br \/>\nDe la t\u00e9l\u00e9phonie \u00e0 Internet : imaginaires m\u00e9diatiques des t\u00e9l\u00e9communications et de la surveillance<\/em><\/h5>\n<h6 style=\"text-align: center\">sous la direction d\u2019Alain Boillat et Laurent Guido<\/h6>\n<p style=\"text-align: center\">20 mai\u00a02019<\/p>\n<p><img alt=\"\" loading=\"lazy\" decoding=\"async\" class=\"aligncenter wp-image-5680 size-large\" src=\"https:\/\/wp.unil.ch\/cinematheque-unil\/files\/2019\/04\/COUVERTURE_LIVRE_LOIN_DES_YEUX-699x1024.jpg\" alt=\"\" width=\"699\" height=\"1024\" srcset=\"https:\/\/wp.unil.ch\/cinematheque-unil\/files\/2019\/04\/COUVERTURE_LIVRE_LOIN_DES_YEUX-699x1024.jpg 699w, https:\/\/wp.unil.ch\/cinematheque-unil\/files\/2019\/04\/COUVERTURE_LIVRE_LOIN_DES_YEUX-205x300.jpg 205w, https:\/\/wp.unil.ch\/cinematheque-unil\/files\/2019\/04\/COUVERTURE_LIVRE_LOIN_DES_YEUX-768x1125.jpg 768w, https:\/\/wp.unil.ch\/cinematheque-unil\/files\/2019\/04\/COUVERTURE_LIVRE_LOIN_DES_YEUX.jpg 819w\" sizes=\"auto, (max-width: 699px) 100vw, 699px\" \/><br \/>\nA l\u2019occasion de la parution \u00e0 l\u2019Age d\u2019Homme du livre <em>Loin des yeux&#8230; le cin\u00e9ma. De la t\u00e9l\u00e9phonie \u00e0 Internet : imaginaires m\u00e9diatiques des t\u00e9l\u00e9communications et de la surveillance<\/em>, la Cin\u00e9math\u00e8que suisse accueille les deux directeurs de ce volume collectif, les professeurs Alain Boillat (Universit\u00e9 de Lausanne) et Laurent Guido (Universit\u00e9 de Lille), pour une pr\u00e9sentation de l\u2019ouvrage et un ap\u00e9ritif.<\/p>\n<p>Ce moment convivial se tiendra au Salon Bleu au Casino de Montbenon d\u00e8s 17h30 (entr\u00e9e libre) et sera suivi \u00e0 18h30 de la projection au Cin\u00e9matographe du film <em>When a Stranger Calls<\/em> de Fred Walton (1979), embl\u00e9matique d\u2019un type de thriller horrifique qui exploite habilement les deux facettes de la t\u00e9l\u00e9phonie (appel au secours ou agression) et se verra popularis\u00e9 deux d\u00e9cennies plus tard gr\u00e2ce \u00e0 la s\u00e9rie des <em>Scream<\/em> de Wes Craven. Au cin\u00e9ma, on le sait, il est plus facile de fermer les yeux que de se boucher les oreilles&#8230;<\/p>\n<p style=\"text-align: center\"><strong>Le contenu du livre<\/strong><\/p>\n<p>L\u2019ouvrage propose une somme d\u2019articles consacr\u00e9s \u00e0 l\u2019\u00e9tude des modalit\u00e9s de pr\u00e9sence sur les \u00e9crans de la communication et de la surveillance \u00e0 distance. Ils interrogent, \u00e0 diff\u00e9rentes p\u00e9riodes de l\u2019histoire des m\u00e9dias de masse et dans des contextes culturels vari\u00e9s, la mani\u00e8re dont de telles repr\u00e9sentations fa\u00e7onnent les imaginaires tout en s\u2019en faisant le t\u00e9moin. Au croisement entre technologies, repr\u00e9sentations et soci\u00e9t\u00e9s, le volume discute les enjeux soci\u00e9taux, culturels et politiques des discours \u00e9labor\u00e9s au travers de fictions dont la t\u00e9l\u00e9phonie, la radio, Internet, la t\u00e9l\u00e9vision ou les syst\u00e8mes de t\u00e9l\u00e9surveillance alimentent les r\u00e9cits, occasionnant parfois des formes esth\u00e9tiques et narratives nouvelles. Une attention toute particuli\u00e8re est port\u00e9e aux technologies num\u00e9riques et \u00e0 leurs g\u00e9n\u00e9alogies. En seize chapitres, une grande diversit\u00e9 de probl\u00e9matiques et de genres filmiques sont abord\u00e9s, de la science-fiction (am\u00e9ricaine et japonaise) \u00e0 la com\u00e9die, en passant par le thriller d\u2019espionnage, la romance ou l\u2019horreur.<\/p>\n<p>Alain Boillat et Laurent Guido (dir.), <em>Loin des yeux&#8230; le cin\u00e9ma. De la t\u00e9l\u00e9phonie \u00e0 Internet : imaginaires m\u00e9diatiques des t\u00e9l\u00e9communications et de la surveillance<\/em>, Lausanne, L\u2019Age d\u2019Homme, 2019, 570p.<\/p>\n<p style=\"text-align: center\"><strong>La projection<\/strong><\/p>\n<p><em>When a Stranger Calls<\/em><br \/>\nUSA \u2013 1979 \u2013 96\u2019<br \/>\nDe Fred Walton<br \/>\nAvec Charles Durning, Carol Kane, Colleen Dewhurst<br \/>\nUne jeune femme qui surveille des enfants dont les parents se sont absent\u00e9s durant la nuit re\u00e7oit les appels r\u00e9p\u00e9t\u00e9s<br \/>\nd\u2019un individu qui se fait de plus en plus mena\u00e7ant, tandis qu\u2019elle en informe par t\u00e9l\u00e9phone la police qui tente de localiser l\u2019inconnu. A une \u00e9poque o\u00f9 <em>Halloween<\/em> (1978) de John Carpenter met \u00e0 la mode la figure du tueur en s\u00e9rie, le film de Fred Walton, qui conna\u00eetra un remake homonyme par Simon West \u00e0 l\u2019\u00e8re de la t\u00e9l\u00e9phonie mobile (en 2006), reconduit la formule de <em>Black Christmas<\/em> (1974) en nous faisant partager le point de vue (et d\u2019\u00e9coute) d\u2019une baby-sitter victime d\u2019un psychopathe. <em>When A Stranger Calls<\/em> met en sc\u00e8ne avec une efficacit\u00e9 certaine l\u2019effroi provoqu\u00e9 par le surgissement de sonneries funestes et l\u2019intrusion dans l\u2019espace domestique de la voix de l\u2019Autre.<\/p>\n<p style=\"text-align: center\"><strong>Extrait du Bulletin de la Cin\u00e9math\u00e8que suisse<\/strong><\/p>\n<p style=\"text-align: center\"><a href=\"https:\/\/wp.unil.ch\/cinematheque-unil\/files\/2019\/04\/BULLETIN_VERNISSAGE_LOIN_DES_YEUX.pdf\">T\u00e9l\u00e9charger.<\/a><\/p>\n","protected":false},"excerpt":{"rendered":"<p>\u00c9v\u00e9nements Loin des yeux&#8230; le cin\u00e9ma Soir\u00e9e\u00a0de vernissage Loin des yeux\u2026 le cin\u00e9ma De la t\u00e9l\u00e9phonie \u00e0 Internet : imaginaires m\u00e9diatiques des t\u00e9l\u00e9communications et de la surveillance sous la direction d\u2019Alain Boillat et Laurent Guido 20 mai\u00a02019 A l\u2019occasion de<\/p>\n","protected":false},"author":1469,"featured_media":0,"parent":1226,"menu_order":0,"comment_status":"closed","ping_status":"closed","template":"","meta":{"_seopress_robots_primary_cat":"","_seopress_titles_title":"","_seopress_titles_desc":"","_seopress_robots_index":"","footnotes":""},"class_list":["post-5663","page","type-page","status-publish"],"_links":{"self":[{"href":"https:\/\/wp.unil.ch\/cinematheque-unil\/wp-json\/wp\/v2\/pages\/5663","targetHints":{"allow":["GET"]}}],"collection":[{"href":"https:\/\/wp.unil.ch\/cinematheque-unil\/wp-json\/wp\/v2\/pages"}],"about":[{"href":"https:\/\/wp.unil.ch\/cinematheque-unil\/wp-json\/wp\/v2\/types\/page"}],"author":[{"embeddable":true,"href":"https:\/\/wp.unil.ch\/cinematheque-unil\/wp-json\/wp\/v2\/users\/1469"}],"replies":[{"embeddable":true,"href":"https:\/\/wp.unil.ch\/cinematheque-unil\/wp-json\/wp\/v2\/comments?post=5663"}],"version-history":[{"count":0,"href":"https:\/\/wp.unil.ch\/cinematheque-unil\/wp-json\/wp\/v2\/pages\/5663\/revisions"}],"up":[{"embeddable":true,"href":"https:\/\/wp.unil.ch\/cinematheque-unil\/wp-json\/wp\/v2\/pages\/1226"}],"wp:attachment":[{"href":"https:\/\/wp.unil.ch\/cinematheque-unil\/wp-json\/wp\/v2\/media?parent=5663"}],"curies":[{"name":"wp","href":"https:\/\/api.w.org\/{rel}","templated":true}]}}