{"id":5213,"date":"2018-06-22T10:10:24","date_gmt":"2018-06-22T08:10:24","guid":{"rendered":"http:\/\/wp.unil.ch\/cinematheque-unil\/?page_id=5213"},"modified":"2018-07-02T11:06:44","modified_gmt":"2018-07-02T09:06:44","slug":"portrait-de-hans-noll","status":"publish","type":"page","link":"https:\/\/wp.unil.ch\/cinematheque-unil\/projets\/une-histoire-de-la-cinematheque-suisse\/portraits\/portrait-de-hans-noll\/","title":{"rendered":"Portrait de Hans Noll"},"content":{"rendered":"<ol class=\"breadcrumb\">\n<li><a href=\"https:\/\/wp.unil.ch\/cinematheque-unil\/projets\/\">Projets<\/a><\/li>\n<li><a href=\"https:\/\/wp.unil.ch\/cinematheque-unil\/projets\/une-histoire-de-la-cinematheque-suisse\/\">Histoire de la Cin\u00e9math\u00e8que suisse<\/a><\/li>\n<li><a href=\"https:\/\/wp.unil.ch\/cinematheque-unil\/projets\/une-histoire-de-la-cinematheque-suisse\/portraits\/\">Portraits<\/a><\/li>\n<li class=\"current\"><a href=\"https:\/\/wp.unil.ch\/cinematheque-unil\/projets\/une-histoire-de-la-cinematheque-suisse\/portraits\/portrait-de-hans-noll\/\">Hans Noll<\/a><\/li>\n<\/ol>\n<p><img alt=\"\" loading=\"lazy\" decoding=\"async\" class=\"size-full wp-image-5237 alignnone\" src=\"https:\/\/wp.unil.ch\/cinematheque-unil\/files\/2018\/06\/HANS_NOLL.jpg\" alt=\"\" width=\"270\" height=\"400\" \/><\/p>\n<h3 style=\"color: #993366\">Hans Noll, \u00b01885 &#8211; \u20201969<\/h3>\n<p style=\"text-align: justify\">N\u00e9 dans le Canton Berne, Hans Noll \u00e9tudie \u00e0 Zurich, B\u00e2le et Gen\u00e8ve avant de se lancer dans une longue carri\u00e8re d\u2019enseignant, obtenant son premier poste en 1907. Apr\u00e8s avoir offici\u00e9 dans plusieurs \u00e9tablissements de Suisse allemande, il s\u2019installe durablement \u00e0 B\u00e2le en 1932, o\u00f9 il est affect\u00e9 en tant que professeur de biologie au Realgymnasium, puis au Mathematisch-Naturwissenschaftlischen Gymnasium.<\/p>\n<h3>Un \u00ab\u00a0pionnier de l\u2019ornithologie suisse\u00a0\u00bb<sup><a href=\"#note1\" name=\"retour au texte1\">1<\/a><\/sup><\/h3>\n<p style=\"text-align: justify\">Grand observateur de la nature, passionn\u00e9 d\u2019ornithologie, Noll participe en 1909 \u00e0 la fondation la Soci\u00e9t\u00e9 suisse pour l\u2019\u00e9tude des oiseaux et leur protection (ALA &#8211; Schweizerische Gesellschaft f\u00fcr Vogelkunde und Vogelschutz). D\u00e8s cette \u00e9poque, il \u0153uvre pour la sauvegarde des marais de Kaltbrunn (Kaltbrunner Riet) dans le Canton de Saint-Gall, action qui aboutira \u00e0 leur transformation en une importante r\u00e9serve naturelle encore ouverte aujourd\u2019hui. Cet engagement au long cours pour la pr\u00e9servation des esp\u00e8ces et de leur cadre de vie s\u2019accompagne d\u2019une intense activit\u00e9 d\u2019\u00e9tude. Selon les <em>Basler Nachrichten<\/em>, son premier ouvrage consacr\u00e9 aux oiseaux des marais se d\u00e9marque d\u2019embl\u00e9e de la litt\u00e9rature ornithologique de l\u2019\u00e9poque par sa pr\u00e9cision comme par son style qui lui vaut de recevoir en 1925 le titre de docteur honoris causa de la facult\u00e9 de sciences naturelles de l\u2019Universit\u00e9 de B\u00e2le. Il est suivi d\u2019une prolifique s\u00e9rie de livres et articles.<\/p>\n<p><img alt=\"\" loading=\"lazy\" decoding=\"async\" class=\"aligncenter wp-image-5264 size-full\" src=\"https:\/\/wp.unil.ch\/cinematheque-unil\/files\/2018\/07\/LIVRE_NOLL.jpg\" alt=\"\" width=\"530\" height=\"790\" \/><\/p>\n<h3>Cin\u00e9ma \u00e9ducatif<\/h3>\n<p style=\"text-align: justify\">Noll, qui exploite largement la photographie\u00a0dans le cadre de ses travaux, collabore en 1930 avec Ernst R\u00fcst p\u00e8re et fils \u00e0 la r\u00e9alisation du court m\u00e9trage <em>Der Lachm\u00f6ve<\/em> (<em>La Mouette rieuse<\/em>), produit par le SAFU (Schweizerischen Arbeitsgemeinschaft f\u00fcr Unterrichtskinematographie, Zurich)\u00a0: comme l\u2019explique Anita Gertiser, ce premier film \u00e9ducatif enti\u00e8rement r\u00e9alis\u00e9 selon la charte de l\u2019institut fera office de mod\u00e8le et restera \u00e0 son catalogue pendant pr\u00e8s de 40 ans<sup><a href=\"#note2\" name=\"retour au texte2\">2<\/a><\/sup>.<\/p>\n<p style=\"text-align: justify\">Ainsi, lorsqu\u2019en 1937 le D\u00e9partement de l\u2019instruction publique du Canton de B\u00e2le-Ville cherche un nouveau directeur pour sa propre centrale du film \u00e9ducatif, la Kantonale Lehrfilmstelle, le professeur Noll dut appara\u00eetre comme le candidat id\u00e9al<sup><a href=\"#note3\" name=\"retour au texte3\">3<\/a><\/sup>. Par ailleurs, si l\u2019on en croit le portrait qu\u2019en dressent quelques ann\u00e9es plus tard la revue <em>L\u2019Ornithologiste<\/em>, mais aussi les diff\u00e9rents articles parus \u00e0 sa mort, Noll est en effet un p\u00e9dagogue et un chercheur r\u00e9put\u00e9, connu pour ses talents de vulgarisateur qu\u2019il exerce \u00e0 l\u2019occasion de conf\u00e9rences, de cours (\u00e0 l\u2019Universit\u00e9 populaire), d\u2019\u00e9missions de radio ou encore\u2026 d\u2019excursions sur le terrain.<\/p>\n<h3>Autres instances cin\u00e9matographiques<\/h3>\n<p style=\"text-align: justify\">Dans la foul\u00e9e de sa nomination \u00e0 la Lehrfilmstelle, Hans Noll int\u00e8gre en 1938 la commission de censure du Canton de B\u00e2le-Ville (Filmzensurkommission, puis Filmkommission), o\u00f9 il si\u00e8gera jusqu\u2019en 1953.<\/p>\n<p style=\"text-align: justify\">D\u2019autre part, il fait partie, d\u00e8s sa fondation et pendant toute sa p\u00e9riode d\u2019activit\u00e9, de la Commission du Schweizerisches Filmarchiv (1943-1948), dont il occupe la vice-pr\u00e9sidence jusqu\u2019en novembre 1946 \u2013 une fonction qu\u2019il c\u00e8de alors \u00e0 <a href=\"https:\/\/wp.unil.ch\/cinematheque-unil\/projets\/une-histoire-de-la-cinematheque-suisse\/portraits\/portrait-demil-vogt\/\">Emil Vogt<\/a>. Sa pr\u00e9sence dans cette instance s\u2019explique par le rattachement des Archives cin\u00e9matographiques \u00e0 la Lehrfilmstelle pour ce qui concerne les aspects logistiques et administratifs de son activit\u00e9 \u2013 un rattachement voulu par le D\u00e9partement de l\u2019instruction publique, leur tutelle commune.<\/p>\n<p style=\"text-align: justify\">Alessia Bottani<\/p>\n<h3>Notes<\/h3>\n<p style=\"text-align: justify;font-size: small\"><a name=\"note1\"><\/a>1. G.A.W., N\u00e9crologie, <em>Basler Nachrichten<\/em>, 16.07.1969, p.3.<a href=\"#retour au texte1\">?<\/a><\/p>\n<p style=\"text-align: justify;font-size: small\"><a name=\"note2\"><\/a>2. Voir Anita Gertiser, \u00ab\u00a0Schul- und Lehrfilme\u00bb, in Yvonne Zimmermann (Hg.), <em>Schaufenster Schweiz. Dokumentarische Gebrauchsfilme 1896-1964<\/em>, Z\u00fcrich\u00a0: Limmat Verlag, 2011, pp.457-460.<a href=\"#retour au texte2\">?<\/a><\/p>\n<p style=\"text-align: justify;font-size: small\"><a name=\"note3\"><\/a>3. Noll succ\u00e8de \u00e0 Gottlieb Imhof, fondateur de la Lehrfilmstelle en 1922, qui est \u00e9cart\u00e9, apr\u00e8s quinze ann\u00e9es pass\u00e9es \u00e0 sa t\u00eate, pour une affaire d\u2019irr\u00e9gularit\u00e9s fiscales.<a href=\"#retour au texte3\">?<\/a><\/p>\n<h3>Sources<\/h3>\n<p><strong>Ouvrages de Hans Noll<\/strong><\/p>\n<p style=\"text-align: justify;font-size: small\">&#8211;<em>Sumpfvogelleben : Eine Studie \u00fcber die Vogelwelt des Linthriedes, Schweiz<\/em>, Wien ; Leipzig ; New-York : Deutscher Verlag f\u00fcr Jugend und Volk, 1924.<\/p>\n<p style=\"text-align: justify;font-size: small\">&#8211;<em>Die Vogelwelt der Stadt Basel<\/em>, Basel : Helbing &amp; Lichtenhahn, 1940.<\/p>\n<p style=\"text-align: justify;font-size: small\">&#8211;<em>Schweizer Vogelleben. Teil 1\u00a0: Das Vogelleben im Jahresverlauf. Teil 2\u00a0: Die Brutv\u00f6gel in ihren Lebensgebieten<\/em>, Basel : Gaiser &amp; Haldimann, 1941\/1942 [nouvelle \u00e9dition : Basel : Wepf, 1958-1965\u00a0; traduction fran\u00e7aise du vol.1\u00a0: <em>Oiseaux de mon pays\u00a0: Chronique saisonni\u00e8re de la vie des oiseaux<\/em>, Neuch\u00e2tel ; Paris : Delachaux &amp; Niestl\u00e9 S.A., 1942]<\/p>\n<p style=\"text-align: justify;font-size: small\">&#8211;<em>Bestimmungstabelle f\u00fcr Nester und Eier einheimischer V\u00f6gel<\/em>, Basel : Wepf, 1956 [r\u00e9\u00e9ditions\u00a0: 1959, 1968]?.<\/p>\n<p style=\"text-align: justify;font-size: small\">&#8211;<em>Die Vogelwelt des Untersees<\/em>, Schaffhausen\u00a0: Mitt Naturf Ges Schaffhausen 25, 1956.<\/p>\n<p><strong>Documents d\u2019archive<\/strong><\/p>\n<p style=\"text-align: justify;font-size: small\">StABS = Staatsarchiv Basel-Stadt<\/p>\n<p style=\"text-align: justify;font-size: small\">-[H. M.-R.], \u00ab\u00a0Chronique b\u00e2loise\u00a0\u00bb, <em>Journal de Gen\u00e8ve<\/em>, 17.11.1925, p.4 (doctorat honoris causae).<\/p>\n<p style=\"text-align: justify;font-size: small\">-Peter B\u00e4chlin, \u00ab\u00a0Vorschl\u00e4ge betreffend die personelle Zusammensetzung der Archiv-Kommission\u00a0\u00bb, 30.07.1943, StABS, ED-REG 1 359-9 1, Chemise 2 \u00ab\u00a0Organisations-Statut\u00a0\u00bb.<\/p>\n<p style=\"text-align: justify;font-size: small\">-A.W., \u00ab\u00a0Dr. h.c. Noll zum 60. Geburtstag\u00a0\u00bb, <em>Der Ornithologischer Beobachter \/ L\u2019Ornithologiste<\/em>, 42<sup>\u00e8me<\/sup> ann\u00e9e, f\u00e9vrier 1945, fascicule 2.<\/p>\n<p style=\"text-align: justify;font-size: small\">-\u00ab\u00a0Protokoll der Sitzung der Schweiz. Filmarchivkommission von 20. November 1946 im Sitzungszimmer des Erziehungsdepartements\u00a0\u00bb, StABS, ED REG 1 359-9-1, Chemise 8 \u00ab\u00a0Protokolle und deren Begleitschreiben\u00a0\u00bb [d\u00e9mission de la vice-pr\u00e9sidence des Archives].<\/p>\n<p style=\"text-align: justify;font-size: small\">-M. Sz., \u00ab\u00a0Dr. h. c. Hans Noll zum 80. Geburtstag\u00a0\u00bb, <em>National Zeitung<\/em>, 30.01.1965, p.25.<\/p>\n<p style=\"text-align: justify;font-size: small\">-M. Sz., \u00ab\u00a0Dr. h.c. Hans Noll wird achtzig\u00a0\u00bb, <em>Basler Nachrichten<\/em>, 29.01.1965, p.5.<\/p>\n<p style=\"text-align: justify;font-size: small\">-N\u00e9crologie, <em>Der Bund<\/em>, 18.07.1969, p.6.<\/p>\n<p style=\"text-align: justify;font-size: small\">-G.A.W., N\u00e9crologie, <em>Basler Nachrichten<\/em>, 16.07.1969, p.3.<\/p>\n<p style=\"text-align: justify;font-size: small\">-tt., \u00ab\u00a0Dr. h. c. Hans Noll zum Gedenken\u00a0\u00bb, <em>National Zeitung<\/em>, 16.07.1969, p.6.<\/p>\n<p style=\"text-align: justify;font-size: small\">-E. Weitnauer, \u00ab\u00a0Dr. Hans Noll zum Gedenken\u00a0\u00bb, <em>Der Ornithologischer Beobachter \/ L\u2019Ornithologiste<\/em>, vol. 66, fascicule 5\/6, d\u00e9cembre 1969, pp.153-155.<\/p>\n<p><strong>Litt\u00e9rature secondaire<\/strong><\/p>\n<p style=\"text-align: justify;font-size: small\">-Christian Hilzinger, <em>Institutionalisierte Bildzerst\u00f6rung. Die Basler Filmkommission und die Erwachsenenzensur in den 1950er Jahren : Organisation, Funktion und Praxis<\/em>, Lizentiatsarbeit phil. I Universit\u00e4t Basel, sous la direction de Georg Kreis et de Guy P. Marchal, Basel : Historisches Seminar der Universit\u00e4t, 1994.<\/p>\n<p style=\"text-align: justify;font-size: small\">-Anita Gertiser, \u00ab\u00a0Schul- und Lehrfilme\u00bb, in Yvonne Zimmermann (Hg.), <em>Schaufenster Schweiz. Dokumentarische Gebrauchsfilme 1896-1964<\/em>, Z\u00fcrich\u00a0: Limmat Verlag, 2011.<\/p>\n<p style=\"text-align: justify;font-size: small\">-\u00ab\u00a0Dr. h.c. Hans Noll und seine Tiere\u00a0\u00bb, Site comm\u00e9moratif <a href=\"https:\/\/www.hofoberkirch.ch\/H-Noll.85.0.html\">\u00ab\u00a0100 Jahre Schule auf Hof Oberkirch\u00a0\u00bb<\/a>, [consult\u00e9 le 17.08.2017].<\/p>\n<p style=\"text-align: justify;font-size: small\">-Site de <a href=\"https:\/\/www.pronatura-sg.ch\/schutzgebiet_kaltbrunner_riet\">Pro Natura<\/a> [consult\u00e9 le 17.08.2017].<\/p>\n<h3>Illustrations<\/h3>\n<p style=\"text-align: justify;font-size: small\">-Hans Noll, sd., photographe inconnu, <a href=\"https:\/\/www.hofoberkirch.ch\/H-Noll.85.0.html\">source\u00a0Web<\/a>.<\/p>\n<p style=\"text-align: justify;font-size: small\">-Couverture du livre <em>Oiseaux de mon pays<\/em>, 1942, <a href=\"https:\/\/www.livre-rare-book.com\/displayImage\/TOP\/lio0819_1.jpg\">source web<\/a>.<\/p>\n<h3><a name=\"reference\"><\/a>R\u00e9f\u00e9rence<\/h3>\n<p style=\"text-align: justify;font-size: small\">Alessia Bottani, \u00ab Portrait de Hans Noll \u00bb, in Fr\u00e9d\u00e9ric Maire et Maria Tortajada (dir.), site Web <em>La Collaboration UNIL + Cin\u00e9math\u00e8que suisse<\/em>, www.unil-cinematheque.ch, juin 2018.<\/p>\n<h3>Droits d\u2019auteur<\/h3>\n<p style=\"text-align: justify;font-size: small\">\u00a9 Alessia Bottani\/Collaboration UNIL + Cin\u00e9math\u00e8que suisse.<\/p>\n","protected":false},"excerpt":{"rendered":"<p>Projets Histoire de la Cin\u00e9math\u00e8que suisse Portraits Hans Noll Hans Noll, \u00b01885 &#8211; \u20201969 N\u00e9 dans le Canton Berne, Hans Noll \u00e9tudie \u00e0 Zurich, B\u00e2le et Gen\u00e8ve avant de se lancer dans une longue carri\u00e8re d\u2019enseignant, obtenant son premier poste<\/p>\n","protected":false},"author":1469,"featured_media":0,"parent":1923,"menu_order":0,"comment_status":"closed","ping_status":"closed","template":"","meta":{"_seopress_robots_primary_cat":"","_seopress_titles_title":"","_seopress_titles_desc":"","_seopress_robots_index":"","footnotes":""},"class_list":["post-5213","page","type-page","status-publish"],"_links":{"self":[{"href":"https:\/\/wp.unil.ch\/cinematheque-unil\/wp-json\/wp\/v2\/pages\/5213","targetHints":{"allow":["GET"]}}],"collection":[{"href":"https:\/\/wp.unil.ch\/cinematheque-unil\/wp-json\/wp\/v2\/pages"}],"about":[{"href":"https:\/\/wp.unil.ch\/cinematheque-unil\/wp-json\/wp\/v2\/types\/page"}],"author":[{"embeddable":true,"href":"https:\/\/wp.unil.ch\/cinematheque-unil\/wp-json\/wp\/v2\/users\/1469"}],"replies":[{"embeddable":true,"href":"https:\/\/wp.unil.ch\/cinematheque-unil\/wp-json\/wp\/v2\/comments?post=5213"}],"version-history":[{"count":0,"href":"https:\/\/wp.unil.ch\/cinematheque-unil\/wp-json\/wp\/v2\/pages\/5213\/revisions"}],"up":[{"embeddable":true,"href":"https:\/\/wp.unil.ch\/cinematheque-unil\/wp-json\/wp\/v2\/pages\/1923"}],"wp:attachment":[{"href":"https:\/\/wp.unil.ch\/cinematheque-unil\/wp-json\/wp\/v2\/media?parent=5213"}],"curies":[{"name":"wp","href":"https:\/\/api.w.org\/{rel}","templated":true}]}}