{"id":5190,"date":"2018-06-21T14:18:22","date_gmt":"2018-06-21T12:18:22","guid":{"rendered":"http:\/\/wp.unil.ch\/cinematheque-unil\/?page_id=5190"},"modified":"2018-06-21T14:44:41","modified_gmt":"2018-06-21T12:44:41","slug":"portrait-deduard-weckerle","status":"publish","type":"page","link":"https:\/\/wp.unil.ch\/cinematheque-unil\/projets\/une-histoire-de-la-cinematheque-suisse\/portraits\/portrait-deduard-weckerle\/","title":{"rendered":"Portrait d\u2019Eduard Weckerle"},"content":{"rendered":"<ol class=\"breadcrumb\">\n<li><a href=\"https:\/\/wp.unil.ch\/cinematheque-unil\/projets\/\">Projets<\/a><\/li>\n<li><a href=\"https:\/\/wp.unil.ch\/cinematheque-unil\/projets\/une-histoire-de-la-cinematheque-suisse\/\">Histoire de la Cin\u00e9math\u00e8que suisse<\/a><\/li>\n<li><a href=\"https:\/\/wp.unil.ch\/cinematheque-unil\/projets\/une-histoire-de-la-cinematheque-suisse\/portraits\/\">Portraits<\/a><\/li>\n<li class=\"current\"><a href=\"https:\/\/wp.unil.ch\/cinematheque-unil\/projets\/une-histoire-de-la-cinematheque-suisse\/portraits\/portrait-deduard-weckerle\/\">Eduard Weckerle<\/a><\/li>\n<\/ol>\n<h3 style=\"color: #993366\">Eduard Weckerle<sup><a href=\"#note1\" name=\"retour au texte1\">1<\/a><\/sup><\/h3>\n<p style=\"text-align: justify\">Les informations sur cet employ\u00e9 du D\u00e9partement de Police du Canton de B\u00e2le-Ville sont tr\u00e8s lacunaires.<\/p>\n<p style=\"text-align: justify\">Le fonctionnaire de police (\u00ab\u00a0Polizeibeamter\u00a0\u00bb) Eduard Weckerle est choisi pour repr\u00e9senter son D\u00e9partement au sein de la Commission du Schweizerisches Filmarchiv lors de sa cr\u00e9ation, en ao\u00fbt 1943. En effet, dans l\u2019administration cantonale, les questions cin\u00e9matographiques (\u00ab\u00a0Filmwesen\u00a0\u00bb) sont plac\u00e9es sous le contr\u00f4le de l\u2019Inspectorat de la Police, et ledit D\u00e9partement a naturellement sa place dans les instances de la nouvelle institution.<\/p>\n<p style=\"text-align: justify\">Pourtant, le nom de Weckerle n\u2019\u00e9mane pas de la Police, mais des acteurs int\u00e9ress\u00e9s par le dossier des futures Archives\u00a0: l\u2019homme fait manifestement partie des r\u00e9seaux cin\u00e9philes de la ville, comme l\u2019\u00e9crit Carl Miville, chef du D\u00e9partement de l\u2019Instruction publique, \u00e0 son homologue de la Police :\u00a0\u00ab\u00a0il s\u2019int\u00e9resse beaucoup au cin\u00e9ma, dispose des connaissances n\u00e9cessaires dans ce domaine et collectionne et archive lui-m\u00eame depuis des ann\u00e9es du mat\u00e9riel cin\u00e9matographique pour son propre compte \u00bb<sup><a href=\"#note2\" name=\"retour au texte2\">2<\/a><\/sup>.<\/p>\n<p style=\"text-align: justify\">C\u2019est ainsi que Weckerle met \u00e0 la disposition d\u2019Hermann Kienzle, premier pr\u00e9sident des Archives, des pi\u00e8ces de sa collection pour l\u2019exposition \u00ab\u00a0Der Film gestern und heute\u00a0\u00bb qui se pr\u00e9pare dans le cadre de la premi\u00e8re Semaine du film b\u00e2loise (\u00ab\u00a010 Tage des Filmes in Basel\u00a0\u00bb).<\/p>\n<p style=\"text-align: justify\">Pour le reste, ses interventions au sein de la Commission sont limit\u00e9es. En juin 1944, il fait part de ses inqui\u00e9tudes au sujet de la s\u00e9curit\u00e9 du d\u00e9p\u00f4t de films de la rue Stapfelberg \u2013 par ailleurs d\u00e9j\u00e0 bient\u00f4t plein, note-t-on. Il est alors charg\u00e9 d\u2019\u00e9crire au chef du D\u00e9partement de Police pour l\u2019alerter sur les risques de bombardement et sur l\u2019opportunit\u00e9 de chercher un magasin plus s\u00fbr jusqu\u2019\u00e0 la fin de la guerre, une pr\u00e9caution qui semble \u00eatre rest\u00e9e sans suites.<\/p>\n<p style=\"text-align: justify\">Son d\u00e9part de la Police, pour des motifs qui nous sont inconnus, met la hi\u00e9rarchie dans l\u2019embarras. Du c\u00f4t\u00e9 de l\u2019Instruction publique, cette vacance am\u00e8ne \u00e0 s\u2019interroger sur l\u2019utilit\u00e9 de continuer \u00e0 attribuer un si\u00e8ge \u00e0 la Police, et l\u2019on envisage m\u00eame de garder Weckerle dans la Commission des Archives \u00e0 titre personnel. Si ses sup\u00e9rieurs directs n\u2019y voient pas d\u2019inconv\u00e9nient, le secr\u00e9taire du D\u00e9partement de Police exclut cette option \u00ab\u00a0pour les m\u00eames raisons que celles qui ont conduit \u00e0 son licenciement\u00a0\u00bb et n\u2019est pas pr\u00eat \u00e0 renoncer \u00e0 son si\u00e8ge. Weckerle d\u00e9missionne finalement de la Commission en janvier 1945, et est remplac\u00e9 deux mois plus tard par l\u2019Oberlieutenant <a href=\"https:\/\/wp.unil.ch\/cinematheque-unil\/projets\/une-histoire-de-la-cinematheque-suisse\/portraits\/portrait-de-peter-flisch\/\">Peter Flisch<\/a>.<\/p>\n<p style=\"text-align: justify\">On perd ensuite toute trace du policier cin\u00e9phile. Les archives font \u00e9tat d\u2019un homonyme allemand, r\u00e9fugi\u00e9 politique, qui se distingue dans le mouvement syndical suisse, tandis qu\u2019un Eduard Weckerle est actif \u00e0 Zurich au d\u00e9but des ann\u00e9es 1950 avec une soci\u00e9t\u00e9 de distribution de films \u00ab\u00a0culturels\u00a0\u00bb, la Exotikfilm \u2013 Kulturfilmverleih\u00a0: homonyme l\u00e0-aussi\u00a0?<\/p>\n<p style=\"text-align: justify\">Alessia Bottani<\/p>\n<h3>Notes<\/h3>\n<p style=\"text-align: justify;font-size: small\"><a name=\"note1\"><\/a>1. Nous n\u2019avons pu retrouver les dates de naissance et de mort.<a href=\"#retour au texte1\">?<\/a><\/p>\n<p style=\"text-align: justify;font-size: small\"><a name=\"note2\"><\/a>2. \u00ab\u00a0In der gestrigen Konferenz wurde aus dem Kreise der Anwesenden der Antrag gestellt, mit diesem Mandat Ihren Beamten Herrn Eduard Weckerle zu betrauen in Hinblick darauf, dass er sich f\u00fcr den Film sehr interessiert, \u00fcber die n\u00f6tigen Fachkenntnisse verf\u00fcgt und seit Jahren schon f\u00fcr sich Filmmaterial gesammelt und archiviert hat\u00a0\u00bb. Lettre de Carl Miville, chef du D\u00e9partement d\u2019instruction publique du Canton de B\u00e2le-Ville \u00e0 F. Brechb\u00fchl, Chef du D\u00e9partement de Police, 26.08.1943, StABS, PD-REG 4a 11.01.04. <a href=\"#retour au texte2\">?<\/a><\/p>\n<h3>Sources<\/h3>\n<p style=\"text-align: justify;font-size: small\">[Staatsarchiv Basel-Stadt : StABS]<\/p>\n<p style=\"text-align: justify;font-size: small\">-StABS, dossier PD-REG 4a 11.01.04 [nomination, d\u00e9mission et remplacement].<\/p>\n<p style=\"text-align: justify;font-size: small\">-Lettre d\u2019Eduard Weckerle \u00e0 la direction de l\u2019exposition \u00ab\u00a0Der Film gestern und heute\u00a0\u00bb, 22.09.1943, StABS, ED-REG 24a 6-1-1 16 Der Film gestern und heute 1943 (Teil 2).<\/p>\n<p style=\"text-align: justify;font-size: small\">-\u00ab\u00a0Protokoll der Sitzung der Schweiz. Filmarchivkommission vom 20. Juni 1944 [\u2026]\u00a0\u00bb, StABS, ED-REG 1 359-9-1, Chemise 8 \u00ab\u00a0Protokolle und deren Begleitschreiben\u00a0\u00bb.<\/p>\n<p style=\"text-align: justify;font-size: small\">-\u00ab\u00a0Protokoll der Sitzung der Schweiz. Filmarchivkommission vom 17. Januar 1945 [\u2026]\u00a0\u00bb, ibid. [annonce d\u00e9mission Weckerle].<\/p>\n<p style=\"text-align: justify;font-size: small\">-Note d\u2019Emil Vogt \u00e0 Carl Miville, 14.02.1945, ibid.<\/p>\n<p style=\"text-align: justify;font-size: small\">-Annuaire de la cin\u00e9matographie suisse 1951 [publicit\u00e9 Exotikfilms].<\/p>\n<p style=\"text-align: justify;font-size: small\">-Fiche sur Eduard Weckerle [homonyme] dans le <a href=\"https:\/\/www.hls-dhs-dss.ch\/textes\/f\/F28009.php\">Dictionnaire historique de la Suisse<\/a> [consult\u00e9e le 05.08.2017].<\/p>\n<h3><a name=\"reference\"><\/a>R\u00e9f\u00e9rence<\/h3>\n<p style=\"text-align: justify;font-size: small\">Alessia Bottani, \u00ab Portrait d\u2019Eduard Weckerle \u00bb, in Fr\u00e9d\u00e9ric Maire et Maria Tortajada (dir.), site Web <em>La Collaboration UNIL + Cin\u00e9math\u00e8que suisse<\/em>, www.unil-cinematheque.ch, juin 2018.<\/p>\n<h3>Droits d\u2019auteur<\/h3>\n<p style=\"text-align: justify;font-size: small\">\u00a9 Alessia Bottani\/Collaboration UNIL + Cin\u00e9math\u00e8que suisse.<\/p>\n","protected":false},"excerpt":{"rendered":"<p>Projets Histoire de la Cin\u00e9math\u00e8que suisse Portraits Eduard Weckerle Eduard Weckerle1 Les informations sur cet employ\u00e9 du D\u00e9partement de Police du Canton de B\u00e2le-Ville sont tr\u00e8s lacunaires. Le fonctionnaire de police (\u00ab\u00a0Polizeibeamter\u00a0\u00bb) Eduard Weckerle est choisi pour repr\u00e9senter son D\u00e9partement<\/p>\n","protected":false},"author":1469,"featured_media":0,"parent":1923,"menu_order":0,"comment_status":"closed","ping_status":"closed","template":"","meta":{"_seopress_robots_primary_cat":"","_seopress_titles_title":"","_seopress_titles_desc":"","_seopress_robots_index":"","footnotes":""},"class_list":["post-5190","page","type-page","status-publish"],"_links":{"self":[{"href":"https:\/\/wp.unil.ch\/cinematheque-unil\/wp-json\/wp\/v2\/pages\/5190","targetHints":{"allow":["GET"]}}],"collection":[{"href":"https:\/\/wp.unil.ch\/cinematheque-unil\/wp-json\/wp\/v2\/pages"}],"about":[{"href":"https:\/\/wp.unil.ch\/cinematheque-unil\/wp-json\/wp\/v2\/types\/page"}],"author":[{"embeddable":true,"href":"https:\/\/wp.unil.ch\/cinematheque-unil\/wp-json\/wp\/v2\/users\/1469"}],"replies":[{"embeddable":true,"href":"https:\/\/wp.unil.ch\/cinematheque-unil\/wp-json\/wp\/v2\/comments?post=5190"}],"version-history":[{"count":0,"href":"https:\/\/wp.unil.ch\/cinematheque-unil\/wp-json\/wp\/v2\/pages\/5190\/revisions"}],"up":[{"embeddable":true,"href":"https:\/\/wp.unil.ch\/cinematheque-unil\/wp-json\/wp\/v2\/pages\/1923"}],"wp:attachment":[{"href":"https:\/\/wp.unil.ch\/cinematheque-unil\/wp-json\/wp\/v2\/media?parent=5190"}],"curies":[{"name":"wp","href":"https:\/\/api.w.org\/{rel}","templated":true}]}}