{"id":4784,"date":"2018-04-26T14:43:55","date_gmt":"2018-04-26T12:43:55","guid":{"rendered":"http:\/\/wp.unil.ch\/cinematheque-unil\/?page_id=4784"},"modified":"2018-10-12T10:52:11","modified_gmt":"2018-10-12T08:52:11","slug":"journee-detude-nag-et-gisele-ansorge-2","status":"publish","type":"page","link":"https:\/\/wp.unil.ch\/cinematheque-unil\/evenements\/journee-detude-nag-et-gisele-ansorge-2\/","title":{"rendered":"Journ\u00e9e d\u2019\u00e9tude \u00ab Nag et Gis\u00e8le Ansorge \u00bb"},"content":{"rendered":"<ol class=\"breadcrumb\">\n<li><a href=\"https:\/\/wp.unil.ch\/cinematheque-unil\/evenements\/\">\u00c9v\u00e9nements<\/a><\/li>\n<li class=\"current\"><a href=\"https:\/\/wp.unil.ch\/cinematheque-unil\/evenements\/journee-detude-nag-et-gisele-ansorge-2\/\">Nag et Gis\u00e8le Ansorge<\/a><\/li>\n<\/ol>\n<h6 style=\"text-align: center\">Journ\u00e9e d\u2019\u00e9tude<\/h6>\n<h5 style=\"text-align: center\">\u00ab Nag et Gis\u00e8le Ansorge \u00bb<\/h5>\n<h6 style=\"text-align: center\">sous la direction de Maria Tortajada et Pierre-Emmanuel Jaques<\/h6>\n<p style=\"text-align: center\">8 mai 2018<\/p>\n<p><img alt=\"\" loading=\"lazy\" decoding=\"async\" class=\"aligncenter size-full wp-image-4796\" src=\"https:\/\/wp.unil.ch\/cinematheque-unil\/files\/2018\/04\/AFFICHE_ANSORGE_2.jpg\" alt=\"\" width=\"853\" height=\"1200\" \/><br \/>\nLa journ\u00e9e d\u2019\u00e9tude \u00ab Nag et Gis\u00e8le Ansorge \u00bb se d\u00e9roulera le <strong>8 mai 2018<\/strong> dans la salle \u00ab Cubotron 2 \u00bb de l&rsquo;UNIL. Organis\u00e9e par Maria Tortajada et Pierre-Emmanuel Jaques dans le cadre du projet \u00ab Le cin\u00e9ma de Nag et Gis\u00e8le Ansorge : institutions, pratiques et formes \u00bb, cette journ\u00e9e est financ\u00e9e par le Fonds National Suisse de la recherche scientifique et a pour sujet les questions techniques d\u2019animation et l\u2019activit\u00e9 de cr\u00e9ation du groupe cin\u00e9matographique de l\u2019h\u00f4pital de Cery, qui \u00e9t\u00e9 cr\u00e9\u00e9 et anim\u00e9 par Nag Ansorge. Les films de cet atelier sont exceptionnels du point de vue artistique comme psychiatrique, raison pour laquelle le programme se cl\u00f4turera par une projection de films \u00e0 la Cin\u00e9math\u00e8que suisse \u00e0 18h30.<\/p>\n<p style=\"text-align: center\"><strong>Flyer<\/strong><\/p>\n<p style=\"text-align: center\"><a href=\"https:\/\/wp.unil.ch\/cinematheque-unil\/files\/2018\/04\/FLYER_ANSORGE_2.pdf\">T\u00e9l\u00e9charger.<\/a><\/p>\n","protected":false},"excerpt":{"rendered":"<p>\u00c9v\u00e9nements Nag et Gis\u00e8le Ansorge Journ\u00e9e d\u2019\u00e9tude \u00ab Nag et Gis\u00e8le Ansorge \u00bb sous la direction de Maria Tortajada et Pierre-Emmanuel Jaques 8 mai 2018 La journ\u00e9e d\u2019\u00e9tude \u00ab Nag et Gis\u00e8le Ansorge \u00bb se d\u00e9roulera le 8 mai 2018<\/p>\n","protected":false},"author":1469,"featured_media":0,"parent":1226,"menu_order":8,"comment_status":"closed","ping_status":"closed","template":"","meta":{"_seopress_robots_primary_cat":"","_seopress_titles_title":"","_seopress_titles_desc":"","_seopress_robots_index":"","footnotes":""},"class_list":["post-4784","page","type-page","status-publish"],"_links":{"self":[{"href":"https:\/\/wp.unil.ch\/cinematheque-unil\/wp-json\/wp\/v2\/pages\/4784","targetHints":{"allow":["GET"]}}],"collection":[{"href":"https:\/\/wp.unil.ch\/cinematheque-unil\/wp-json\/wp\/v2\/pages"}],"about":[{"href":"https:\/\/wp.unil.ch\/cinematheque-unil\/wp-json\/wp\/v2\/types\/page"}],"author":[{"embeddable":true,"href":"https:\/\/wp.unil.ch\/cinematheque-unil\/wp-json\/wp\/v2\/users\/1469"}],"replies":[{"embeddable":true,"href":"https:\/\/wp.unil.ch\/cinematheque-unil\/wp-json\/wp\/v2\/comments?post=4784"}],"version-history":[{"count":0,"href":"https:\/\/wp.unil.ch\/cinematheque-unil\/wp-json\/wp\/v2\/pages\/4784\/revisions"}],"up":[{"embeddable":true,"href":"https:\/\/wp.unil.ch\/cinematheque-unil\/wp-json\/wp\/v2\/pages\/1226"}],"wp:attachment":[{"href":"https:\/\/wp.unil.ch\/cinematheque-unil\/wp-json\/wp\/v2\/media?parent=4784"}],"curies":[{"name":"wp","href":"https:\/\/api.w.org\/{rel}","templated":true}]}}

Journée d’étude « Nag et Gisèle Ansorge »

<ol class="breadcrumb">
<li><a href="https://wp.unil.ch/cinematheque-unil/evenements/">Événements</a></li>
<li class="current"><a href="https://wp.unil.ch/cinematheque-unil/evenements/journee-detude-nag-et-gisele-ansorge-2/">Nag et Gisèle Ansorge</a></li>
</ol>
<h6 style="text-align: center">Journée d’étude</h6>
<h5 style="text-align: center">« Nag et Gisèle Ansorge »</h5>
<h6 style="text-align: center">sous la direction de Maria Tortajada et Pierre-Emmanuel Jaques</h6>
<p style="text-align: center">8 mai 2018</p>
<p><img alt="" loading="lazy" decoding="async" class="aligncenter size-full wp-image-4796" src="https://wp.unil.ch/cinematheque-unil/files/2018/04/AFFICHE_ANSORGE_2.jpg" alt="" width="853" height="1200" /><br />
La journée d’étude « Nag et Gisèle Ansorge » se déroulera le <strong>8 mai 2018</strong> dans la salle « Cubotron 2 » de l&rsquo;UNIL. Organisée par Maria Tortajada et Pierre-Emmanuel Jaques dans le cadre du projet « Le cinéma de Nag et Gisèle Ansorge : institutions, pratiques et formes », cette journée est financée par le Fonds National Suisse de la recherche scientifique et a pour sujet les questions techniques d’animation et l’activité de création du groupe cinématographique de l’hôpital de Cery, qui été créé et animé par Nag Ansorge. Les films de cet atelier sont exceptionnels du point de vue artistique comme psychiatrique, raison pour laquelle le programme se clôturera par une projection de films à la Cinémathèque suisse à 18h30.</p>
<p style="text-align: center"><strong>Flyer</strong></p>
<p style="text-align: center"><a href="https://wp.unil.ch/cinematheque-unil/files/2018/04/FLYER_ANSORGE_2.pdf">Télécharger.</a></p>

<p>Événements Nag et Gisèle Ansorge Journée d’étude « Nag et Gisèle Ansorge » sous la direction de Maria Tortajada et Pierre-Emmanuel Jaques 8 mai 2018 La journée d’étude « Nag et Gisèle Ansorge » se déroulera le 8 mai 2018</p>
