{"id":4308,"date":"2017-10-18T21:33:51","date_gmt":"2017-10-18T19:33:51","guid":{"rendered":"http:\/\/wp.unil.ch\/cinematheque-unil\/?page_id=4308"},"modified":"2022-09-08T13:05:55","modified_gmt":"2022-09-08T11:05:55","slug":"journees-detude-et-colloque","status":"publish","type":"page","link":"https:\/\/wp.unil.ch\/cinematheque-unil\/projets\/le-cinema-de-nag-et-gisele-ansorge\/journees-detude-et-colloque\/","title":{"rendered":"Journ\u00e9es d&rsquo;\u00e9tude et colloque"},"content":{"rendered":"<ol class=\"breadcrumb\">\n<li><a href=\"https:\/\/wp.unil.ch\/cinematheque-unil\/projets\/\">Projets<\/a><\/li>\n<li><a href=\"https:\/\/wp.unil.ch\/cinematheque-unil\/projets\/le-cinema-de-nag-et-gisele-ansorge\/\">Le cin\u00e9ma de Nag et Gis\u00e8le Ansorge<\/a><\/li>\n<li class=\"current\"><a href=\"https:\/\/wp.unil.ch\/cinematheque-unil\/projets\/le-cinema-de-nag-et-gisele-ansorge\/journees-detude-et-colloque\/\">Journ\u00e9es d&rsquo;\u00e9tude et colloque<\/a><\/li>\n<\/ol>\n<div style=\"background-color: #f5f5f5\">\n<h3 style=\"text-align: center\">Journ\u00e9es d&rsquo;\u00e9tude et colloques<\/h3>\n<p style=\"text-align: center;font-size: medium\"><a href=\"https:\/\/wp.unil.ch\/cinematheque-unil\/files\/2022\/09\/Affiche-8-mai.pdf\" target=\"_blank\" rel=\"noopener\">Nag et Gis\u00e8le Ansorge, journ\u00e9e d\u2019\u00e9tude,\u00a08 mai 2018<\/a><\/p>\n<p style=\"text-align: center;font-size: medium\"><a href=\"https:\/\/wp.unil.ch\/cinematheque-unil\/evenements\/conferences-aux-frontieres-du-film\/\">Aux fronti\u00e8res du film, conf\u00e9rences,\u00a09 novembre 2017<\/a><\/p>\n<p style=\"text-align: center;font-size: medium\"><a href=\"https:\/\/wp.unil.ch\/cinematheque-unil\/evenements\/journee-detude-nag-et-gisele-ansorge\/\">Nag et Gis\u00e8le Ansorge, journ\u00e9e d&rsquo;\u00e9tude,\u00a014 mai 2014<\/a><\/p>\n<\/div>\n","protected":false},"excerpt":{"rendered":"<p>Projets Le cin\u00e9ma de Nag et Gis\u00e8le Ansorge Journ\u00e9es d&rsquo;\u00e9tude et colloque Journ\u00e9es d&rsquo;\u00e9tude et colloques Nag et Gis\u00e8le Ansorge, journ\u00e9e d\u2019\u00e9tude,\u00a08 mai 2018 Aux fronti\u00e8res du film, conf\u00e9rences,\u00a09 novembre 2017 Nag et Gis\u00e8le Ansorge, journ\u00e9e d&rsquo;\u00e9tude,\u00a014 mai 2014<\/p>\n","protected":false},"author":1469,"featured_media":0,"parent":740,"menu_order":23,"comment_status":"closed","ping_status":"closed","template":"","meta":{"_seopress_robots_primary_cat":"","_seopress_titles_title":"","_seopress_titles_desc":"","_seopress_robots_index":"","footnotes":""},"class_list":["post-4308","page","type-page","status-publish"],"_links":{"self":[{"href":"https:\/\/wp.unil.ch\/cinematheque-unil\/wp-json\/wp\/v2\/pages\/4308","targetHints":{"allow":["GET"]}}],"collection":[{"href":"https:\/\/wp.unil.ch\/cinematheque-unil\/wp-json\/wp\/v2\/pages"}],"about":[{"href":"https:\/\/wp.unil.ch\/cinematheque-unil\/wp-json\/wp\/v2\/types\/page"}],"author":[{"embeddable":true,"href":"https:\/\/wp.unil.ch\/cinematheque-unil\/wp-json\/wp\/v2\/users\/1469"}],"replies":[{"embeddable":true,"href":"https:\/\/wp.unil.ch\/cinematheque-unil\/wp-json\/wp\/v2\/comments?post=4308"}],"version-history":[{"count":0,"href":"https:\/\/wp.unil.ch\/cinematheque-unil\/wp-json\/wp\/v2\/pages\/4308\/revisions"}],"up":[{"embeddable":true,"href":"https:\/\/wp.unil.ch\/cinematheque-unil\/wp-json\/wp\/v2\/pages\/740"}],"wp:attachment":[{"href":"https:\/\/wp.unil.ch\/cinematheque-unil\/wp-json\/wp\/v2\/media?parent=4308"}],"curies":[{"name":"wp","href":"https:\/\/api.w.org\/{rel}","templated":true}]}}