{"id":4298,"date":"2017-10-17T14:52:35","date_gmt":"2017-10-17T12:52:35","guid":{"rendered":"http:\/\/wp.unil.ch\/cinematheque-unil\/?page_id=4298"},"modified":"2018-10-12T10:56:12","modified_gmt":"2018-10-12T08:56:12","slug":"conferences-aux-frontieres-du-film","status":"publish","type":"page","link":"https:\/\/wp.unil.ch\/cinematheque-unil\/evenements\/conferences-aux-frontieres-du-film\/","title":{"rendered":"Conf\u00e9rences \u00ab Aux fronti\u00e8res du film \u00bb"},"content":{"rendered":"<ol class=\"breadcrumb\">\n<li><a href=\"https:\/\/wp.unil.ch\/cinematheque-unil\/evenements\/\">\u00c9v\u00e9nements<\/a><\/li>\n<li class=\"current\"><a href=\"https:\/\/wp.unil.ch\/cinematheque-unil\/evenements\/conferences-aux-frontieres-du-film\/\">Aux fronti\u00e8res du film<\/a><\/li>\n<\/ol>\n<h6 style=\"text-align: center\">Conf\u00e9rences publiques et projections<\/h6>\n<h5 style=\"text-align: center\">\u00ab Aux fronti\u00e8res du film \u00bb<\/h5>\n<h6 style=\"text-align: center\">sous la direction de Maria Tortajada<\/h6>\n<p style=\"text-align: center\">9 novembre 2017<\/p>\n<p><img alt=\"\" loading=\"lazy\" decoding=\"async\" class=\"aligncenter size-large wp-image-4296\" src=\"https:\/\/wp.unil.ch\/cinematheque-unil\/files\/2014\/12\/FRONTIERES_AFFICHE-724x1024.jpg\" alt=\"\" width=\"724\" height=\"1024\" srcset=\"https:\/\/wp.unil.ch\/cinematheque-unil\/files\/2014\/12\/FRONTIERES_AFFICHE-724x1024.jpg 724w, https:\/\/wp.unil.ch\/cinematheque-unil\/files\/2014\/12\/FRONTIERES_AFFICHE-212x300.jpg 212w, https:\/\/wp.unil.ch\/cinematheque-unil\/files\/2014\/12\/FRONTIERES_AFFICHE-768x1087.jpg 768w, https:\/\/wp.unil.ch\/cinematheque-unil\/files\/2014\/12\/FRONTIERES_AFFICHE.jpg 848w\" sizes=\"auto, (max-width: 724px) 100vw, 724px\" \/><\/p>\n<p style=\"font-size: small;text-align: center\"><strong>Programme<\/strong><\/p>\n<p style=\"font-size: small;text-align: center\"><a href=\"https:\/\/wp.unil.ch\/cinematheque-unil\/files\/2014\/12\/FRONTIERES_FLYER.pdf\">T\u00e9l\u00e9charger.<\/a><\/p>\n<p style=\"font-size: small;text-align: center\"><em>Voir aussi la\u00a0<a href=\"https:\/\/agenda.unil.ch\/display\/1507883629481\">page<\/a> de la Section d\u2019histoire et esth\u00e9tique du cin\u00e9ma.<\/em><\/p>\n","protected":false},"excerpt":{"rendered":"<p>\u00c9v\u00e9nements Aux fronti\u00e8res du film Conf\u00e9rences publiques et projections \u00ab Aux fronti\u00e8res du film \u00bb sous la direction de Maria Tortajada 9 novembre 2017 Programme T\u00e9l\u00e9charger. Voir aussi la\u00a0page de la Section d\u2019histoire et esth\u00e9tique du cin\u00e9ma.<\/p>\n","protected":false},"author":1469,"featured_media":0,"parent":1226,"menu_order":12,"comment_status":"closed","ping_status":"closed","template":"","meta":{"_seopress_robots_primary_cat":"","_seopress_titles_title":"","_seopress_titles_desc":"","_seopress_robots_index":"","footnotes":""},"class_list":["post-4298","page","type-page","status-publish"],"_links":{"self":[{"href":"https:\/\/wp.unil.ch\/cinematheque-unil\/wp-json\/wp\/v2\/pages\/4298","targetHints":{"allow":["GET"]}}],"collection":[{"href":"https:\/\/wp.unil.ch\/cinematheque-unil\/wp-json\/wp\/v2\/pages"}],"about":[{"href":"https:\/\/wp.unil.ch\/cinematheque-unil\/wp-json\/wp\/v2\/types\/page"}],"author":[{"embeddable":true,"href":"https:\/\/wp.unil.ch\/cinematheque-unil\/wp-json\/wp\/v2\/users\/1469"}],"replies":[{"embeddable":true,"href":"https:\/\/wp.unil.ch\/cinematheque-unil\/wp-json\/wp\/v2\/comments?post=4298"}],"version-history":[{"count":0,"href":"https:\/\/wp.unil.ch\/cinematheque-unil\/wp-json\/wp\/v2\/pages\/4298\/revisions"}],"up":[{"embeddable":true,"href":"https:\/\/wp.unil.ch\/cinematheque-unil\/wp-json\/wp\/v2\/pages\/1226"}],"wp:attachment":[{"href":"https:\/\/wp.unil.ch\/cinematheque-unil\/wp-json\/wp\/v2\/media?parent=4298"}],"curies":[{"name":"wp","href":"https:\/\/api.w.org\/{rel}","templated":true}]}}