{"id":4263,"date":"2017-09-20T13:36:34","date_gmt":"2017-09-20T11:36:34","guid":{"rendered":"http:\/\/wp.unil.ch\/cinematheque-unil\/?page_id=4263"},"modified":"2019-05-23T17:01:17","modified_gmt":"2019-05-23T15:01:17","slug":"communications","status":"publish","type":"page","link":"https:\/\/wp.unil.ch\/cinematheque-unil\/projets\/bolex-et-le-cinema-amateur\/communications\/","title":{"rendered":"Communications"},"content":{"rendered":"<ol class=\"breadcrumb\">\n<li><a href=\"https:\/\/wp.unil.ch\/cinematheque-unil\/projets\/\">Projets<\/a><\/li>\n<li><a href=\"https:\/\/wp.unil.ch\/cinematheque-unil\/projets\/bolex-et-le-cinema-amateur\/\">Bolex et le cin\u00e9ma amateur en Suisse<\/a><\/li>\n<li class=\"current\"><a href=\"https:\/\/wp.unil.ch\/cinematheque-unil\/projets\/bolex-et-le-cinema-amateur\/communications\/\">Communications<\/a><\/li>\n<\/ol>\n<div style=\"background-color: #f5f5f5\">\n<h3 style=\"text-align: center\">Communications<\/h3>\n<p style=\"text-align: justify;font-size: medium;margin-left: 138px;text-indent: -34px\">Vincent Sorrel, \u00ab Comment la Bolex H16 est-elle devenue une cam\u00e9ra si expressive\u00a0? \u00bb, <em>Week-end Bolex<\/em>, organis\u00e9 par l&rsquo;association Braquage, Espace en Cours, Paris, France, 25-27 mai 2019.<\/p>\n<p style=\"text-align: justify;font-size: medium;margin-left: 138px;text-indent: -34px\">Vincent Sorrel, \u00ab Filmer avec doigt\u00e9. Griffes et gestes. Du cin\u00e9graphe BOL \u00e0 la Bolex H 16, \u00e0 travers la collection Lemai\u00a0\u00bb, colloque international <em>Mat\u00e9rialit\u00e9, esth\u00e9tique et histoire des techniques : la collection Fran\u00e7ois Lemai comme laboratoire<\/em>, sous la direction d\u2019Anne Gourdet-Mar\u00e8s, Andr\u00e9 Habib, Louis Pelletier et Jean-Pierre Sirois-Trahan, en collaboration avec Beno\u00eet Turquety, Universit\u00e9 Laval, Qu\u00e9bec, Canada, 13-17 mai 2019.<\/p>\n<p style=\"text-align: justify;font-size: medium;margin-left: 138px;text-indent: -34px\">Nicolas Dulac, \u00ab\u00a0Les archives techniques de Marc Renaud et la conception de la Bolex mod\u00e8le H\u00a0\u00bb, colloque international <em>Techniques du cin\u00e9ma amateur : probl\u00e8mes d\u2019archives, probl\u00e8mes d&rsquo;histoire<\/em>, sous la direction de Beno\u00eet Turquety et St\u00e9phane Tralongo, Universit\u00e9 de Lausanne, Suisse, 28-30 novembre 2018.<\/p>\n<p style=\"text-align: justify;font-size: medium;margin-left: 138px;text-indent: -34px\">Vincent Sorrel, \u00ab\u00a0Comment faire de la cam\u00e9ra un bon outil ? Du mythe de l\u2019inventeur au paysage de l\u2019invention de la Bolex H16\u00a0\u00bb, colloque international <em>Techniques du cin\u00e9ma amateur : probl\u00e8mes d\u2019archives, probl\u00e8mes d&rsquo;histoire<\/em>, sous la direction de Beno\u00eet Turquety et St\u00e9phane Tralongo, Universit\u00e9 de Lausanne, Suisse, 28-30 novembre 2018.<\/p>\n<p style=\"text-align: justify;font-size: medium;margin-left: 138px;text-indent: -34px\">St\u00e9phane Tralongo, \u00ab\u00a0\u201cUne anticipation \u00e0 la Wells\u201d. Jacques Boolsky et les possibles du cin\u00e9ma amateur en Suisse\u00a0\u00bb, colloque international <em>Techniques du cin\u00e9ma amateur : probl\u00e8mes d\u2019archives, probl\u00e8mes d&rsquo;histoire<\/em>, sous la direction de Beno\u00eet Turquety et St\u00e9phane Tralongo, Universit\u00e9 de Lausanne, Suisse, 28-30 novembre 2018.<\/p>\n<p style=\"text-align: justify;font-size: medium;margin-left: 138px;text-indent: -34px\">Vincent Sorrel, \u00ab La cam\u00e9ra Bolex H 16, bo\u00eete \u00e0 rythmes des improvisations de Johan van der Keuken \u00bb, colloque international <em>Documenter une pr\u00e9sence au monde : le cin\u00e9ma de Johan van der Keuken<\/em>, Universit\u00e9 Rennes 2, Rennes, France, 28-30 mars 2018.<\/p>\n<p style=\"text-align: justify;font-size: medium;margin-left: 138px;text-indent: -34px\">Vincent Sorrel, \u00ab Improvisation \u00e0 la cam\u00e9ra et musicalit\u00e9s de la Bolex H16 \u00bb, Journ\u00e9e mondiale du patrimoine audiovisuel, Cin\u00e9math\u00e8que des Pays de Savoie et de l\u2019Ain, Veyrier-du-Lac, France, 27 octobre 2017.<\/p>\n<p style=\"text-align: justify;font-size: medium;margin-left: 138px;text-indent: -34px\">Nicolas Dulac, \u00ab Les films d\u2019exploration des fr\u00e8res Omidvar et la professionnalisation du cin\u00e9aste amateur \u00bb, Home Movie Day, Cin\u00e9math\u00e8que des Pays de Savoie et de l\u2019Ain, Veyrier-du-Lac, France, 21 octobre 2017.<\/p>\n<p style=\"text-align: justify;font-size: medium;margin-left: 138px;text-indent: -34px\">St\u00e9phane Tralongo, \u00ab Le \u201cspectacle complet chez soi\u201d selon Bolex. Cin\u00e9ma, machines parlantes et techniques du synchronisme autour de 1930 \u00bb, Home Movie Day, Cin\u00e9math\u00e8que des Pays de Savoie et de l\u2019Ain, Veyrier-du-Lac, France, 21 octobre 2017.<\/p>\n<p style=\"text-align: justify;font-size: medium;margin-left: 138px;text-indent: -34px\">Nicolas Dulac, \u00ab Iconographie machinique et repr\u00e9sentation du cin\u00e9aste amateur chez Paillard-Bolex\u00a0\u00bb, colloque doctoral international <em>Cin\u00e9ma et machines<\/em>, sous la direction d\u2019Andr\u00e9 Gaudreault, Laurent Le Forestier et Gilles Mou\u00ebllic, Universit\u00e9 Rennes 2, Rennes, France, 10 octobre 2017.<\/p>\n<p style=\"text-align: justify;font-size: medium;margin-left: 138px;text-indent: -34px\">Vincent Sorrel, \u00ab Quand l\u2019esprit vient aux machines. Esth\u00e9tique de la technique (\u00e0 partir des cam\u00e9ras Bolex)\u00a0\u00bb, colloque doctoral international <em>Cin\u00e9ma et machines<\/em>, sous la direction d\u2019Andr\u00e9 Gaudreault, Laurent Le Forestier et Gilles Mou\u00ebllic, Universit\u00e9 Rennes 2, Rennes, France, 9 octobre 2017.<\/p>\n<p style=\"text-align: justify;font-size: medium;margin-left: 138px;text-indent: -34px\">Vincent Sorrel, \u00ab L\u2019id\u00e9el et le mat\u00e9riel. Les archives d\u2019un designer de cam\u00e9ra \u00bb, XV MAGIS \u2013 Gorizia International Film Studies Spring School, Gorizia, Italie, 2 avril 2017.<\/p>\n<p style=\"text-align: justify;font-size: medium;margin-left: 138px;text-indent: -34px\">Nicolas Dulac et Vincent Sorrel, \u00ab Les Bolex H16 : une cam\u00e9ra paradoxale \u00bb, colloque international <em>Voyage au centre de la machine cin\u00e9ma<\/em>, sous la direction d\u2019Andr\u00e9 Gaudreault, Laurent Mannoni, Gilles Mou\u00ebllic et Beno\u00eet Turquety, Cin\u00e9math\u00e8que fran\u00e7aise, Paris, France, 2 d\u00e9cembre 2016.<\/p>\n<p style=\"text-align: justify;font-size: medium;margin-left: 138px;text-indent: -34px\">Nicolas Dulac, \u00ab Le dispositif-Bolex. Documentation technique, discours promotionnel et invention du cin\u00e9aste \u201cprofessionnel-amateur\u201d\u00a0\u00bb, Conf\u00e9rence annuelle de l\u2019Association canadienne d\u2019\u00e9tudes cin\u00e9matographiques, Universit\u00e9 de Calgary, Calgary, Canada, 31 mai 2016.<\/p>\n<p style=\"text-align: justify;font-size: medium;margin-left: 138px;text-indent: -34px\">Beno\u00eet Turquety, \u00ab La question du style en histoire des techniques : le cin\u00e9ma amateur et la beaut\u00e9 sans nom \u00bb, XXIII Udine International Film Studies Conference, Udine, Italie, 10 mars 2016.<\/p>\n<p style=\"text-align: justify;font-size: medium;margin-left: 138px;text-indent: -34px\">Beno\u00eet Turquety, \u00ab Histoire des machines\/histoire des techniques : \u00e0 partir de Bolex \u00bb, colloque international <em>M\u00e9tiers et techniques du cin\u00e9ma et de l\u2019audiovisuel : approches plurielles (objets, m\u00e9thodes, limites)<\/em>, sous la direction d\u2019H\u00e9l\u00e8ne Fleckinger, Kira Kitsopanidou et S\u00e9bastien Layerle, Institut national d\u2019histoire de l\u2019art, Paris, France, 13 f\u00e9vrier 2016.<\/p>\n<p style=\"text-align: justify;font-size: medium;margin-left: 138px;text-indent: -34px\">St\u00e9phane Tralongo, \u00ab La production Bolex. La \u201cpr\u00e9cision suisse\u201d \u00e0 l\u2019\u00e9preuve de l\u2019automaticit\u00e9 \u00bb, journ\u00e9e d\u2019\u00e9tude <em>Histoire des techniques cin\u00e9matographiques : o\u00f9 en sommes-nous ?<\/em>, sous la direction de Laurent Mannoni, Cin\u00e9math\u00e8que fran\u00e7aise, Paris, France, 17 octobre 2014.<\/p>\n<\/div>\n","protected":false},"excerpt":{"rendered":"<p>Projets Bolex et le cin\u00e9ma amateur en Suisse Communications Communications Vincent Sorrel, \u00ab Comment la Bolex H16 est-elle devenue une cam\u00e9ra si expressive\u00a0? \u00bb, Week-end Bolex, organis\u00e9 par l&rsquo;association Braquage, Espace en Cours, Paris, France, 25-27 mai 2019. Vincent Sorrel,<\/p>\n","protected":false},"author":1469,"featured_media":0,"parent":1413,"menu_order":27,"comment_status":"closed","ping_status":"closed","template":"","meta":{"_seopress_robots_primary_cat":"","_seopress_titles_title":"","_seopress_titles_desc":"","_seopress_robots_index":"","footnotes":""},"class_list":["post-4263","page","type-page","status-publish"],"_links":{"self":[{"href":"https:\/\/wp.unil.ch\/cinematheque-unil\/wp-json\/wp\/v2\/pages\/4263","targetHints":{"allow":["GET"]}}],"collection":[{"href":"https:\/\/wp.unil.ch\/cinematheque-unil\/wp-json\/wp\/v2\/pages"}],"about":[{"href":"https:\/\/wp.unil.ch\/cinematheque-unil\/wp-json\/wp\/v2\/types\/page"}],"author":[{"embeddable":true,"href":"https:\/\/wp.unil.ch\/cinematheque-unil\/wp-json\/wp\/v2\/users\/1469"}],"replies":[{"embeddable":true,"href":"https:\/\/wp.unil.ch\/cinematheque-unil\/wp-json\/wp\/v2\/comments?post=4263"}],"version-history":[{"count":0,"href":"https:\/\/wp.unil.ch\/cinematheque-unil\/wp-json\/wp\/v2\/pages\/4263\/revisions"}],"up":[{"embeddable":true,"href":"https:\/\/wp.unil.ch\/cinematheque-unil\/wp-json\/wp\/v2\/pages\/1413"}],"wp:attachment":[{"href":"https:\/\/wp.unil.ch\/cinematheque-unil\/wp-json\/wp\/v2\/media?parent=4263"}],"curies":[{"name":"wp","href":"https:\/\/api.w.org\/{rel}","templated":true}]}}