{"id":3270,"date":"2016-01-12T15:33:37","date_gmt":"2016-01-12T14:33:37","guid":{"rendered":"http:\/\/wp.unil.ch\/cinematheque-unil\/?page_id=3270"},"modified":"2018-06-10T11:11:15","modified_gmt":"2018-06-10T09:11:15","slug":"hans-erni-et-linauguration-de-la-cinematheque-suisse","status":"publish","type":"page","link":"https:\/\/wp.unil.ch\/cinematheque-unil\/vitrine\/zooms-sur-les-projets\/hans-erni-et-linauguration-de-la-cinematheque-suisse\/","title":{"rendered":"Hans Erni et l\u2019inauguration de la Cin\u00e9math\u00e8que suisse"},"content":{"rendered":"<ol class=\"breadcrumb\">\n<li><a href=\"https:\/\/wp.unil.ch\/cinematheque-unil\/vitrine\/\">Vitrine<\/a><\/li>\n<li><a href=\"https:\/\/wp.unil.ch\/cinematheque-unil\/vitrine\/zooms-sur-les-projets\/\">Zooms sur les projets<\/a><\/li>\n<li class=\"current\"><a href=\"https:\/\/wp.unil.ch\/cinematheque-unil\/vitrine\/zooms-sur-les-projets\/hans-erni-et-linauguration-de-la-cinematheque-suisse\/\">Hans Erni et l\u2019inauguration de la Cin\u00e9math\u00e8que suisse<\/a><\/li>\n<\/ol>\n<figure id=\"attachment_3271\" aria-describedby=\"caption-attachment-3271\" style=\"width: 427px\" class=\"wp-caption aligncenter\"><img loading=\"lazy\" decoding=\"async\" class=\"wp-image-3271 size-full\" src=\"https:\/\/wp.unil.ch\/cinematheque-unil\/files\/2016\/01\/Erni_affiche.jpeg\" alt=\"\u00a9 Hans Erni\/Cin\u00e9math\u00e8que suisse\" width=\"427\" height=\"640\" srcset=\"https:\/\/wp.unil.ch\/cinematheque-unil\/files\/2016\/01\/Erni_affiche.jpeg 427w, https:\/\/wp.unil.ch\/cinematheque-unil\/files\/2016\/01\/Erni_affiche-200x300.jpeg 200w\" sizes=\"auto, (max-width: 427px) 100vw, 427px\" \/><figcaption id=\"caption-attachment-3271\" class=\"wp-caption-text\">Affiche de l\u2019inauguration de la Cin\u00e9math\u00e8que suisse, 1950.<br \/> \u00a9 Hans Erni\/Cin\u00e9math\u00e8que suisse<\/figcaption><\/figure>\n<p style=\"text-align: justify\">Parmi l\u2019\u0153uvre immense du peintre lucernois Hans Erni, d\u00e9c\u00e9d\u00e9 le 21 mars 2015 \u00e0 l\u2019\u00e2ge de 106 ans, c\u00e9l\u00e8bre entre autres pour ses compositions monumentales, il est pour nous une affiche de grande port\u00e9e symbolique : celle de l\u2019inauguration de la Cin\u00e9math\u00e8que suisse \u00e0 Lausanne, en 1950. Fond\u00e9e en novembre 1948, la Cin\u00e9math\u00e8que est officiellement inaugur\u00e9e deux ans plus tard jour pour jour, apr\u00e8s avoir obtenu le transfert des collections du Schweizerisches Filmarchiv de B\u00e2le, ainsi que des locaux et une subvention de la Municipalit\u00e9 de Lausanne. Pour f\u00eater l\u2019\u00e9v\u00e9nement, une Semaine du cin\u00e9ma est organis\u00e9e du 30 octobre au 4 novembre 1950, couronn\u00e9e par un grand Bal au Lausanne Palace, avec force vedettes venues de Paris.<\/p>\n<p style=\"text-align: justify\">A l\u2019\u00e9t\u00e9 1950, le Conseil de Direction de la Cin\u00e9math\u00e8que examine deux maquettes d\u2019affiches en vue de la manifestation, command\u00e9es respectivement \u00e0 L\u00e9vy et \u00e0 Geiser. Mais les esquisses ne convainquent pas. On reproche au premier de \u00ab fragmenter le mot Cin\u00e9math\u00e8que, ce substantif \u00e9tant d\u00e9j\u00e0 r\u00e9barbatif pour la majorit\u00e9 des gens \u00bb, et au second de recourir au motif de l\u2019\u0153il, qui \u00ab n\u2019est pas forc\u00e9ment un signe repr\u00e9sentatif du cin\u00e9ma \u00bb. C\u2019est alors qu\u2019<a title=\"Albert Mermoud\" href=\"https:\/\/wp.unil.ch\/cinematheque-unil\/projets\/une-histoire-de-la-cinematheque-suisse\/portraits\/portrait-dalbert-mermoud\/\" target=\"_blank\">Albert Mermoud<\/a>, Pr\u00e9sident de la Guilde du livre et membre fondateur de la Cin\u00e9math\u00e8que, se propose de demander \u00ab \u00e0 Hans Erni s\u2019il a dans ses esquisses un projet \u201ccin\u00e9ma\u201d \u00bb. Erni avait d\u00e9j\u00e0 sign\u00e9, en 1948, une affiche promotionnelle pour la Guilde du Livre, avec pour slogan \u00ab Le livre pour tous \u00bb.<\/p>\n<p style=\"text-align: justify\">Proche avant la guerre des courants cubistes et abstraits (il est membre du groupe \u00ab Abstraction\/Cr\u00e9ation \u00bb), Erni est alors un artiste \u00e0 la fois affirm\u00e9 et controvers\u00e9. Auteur d\u2019une fresque remarqu\u00e9e lors de l\u2019Exposition nationale de 1939 \u00e0 Zurich, il fait l\u2019objet d\u2019une importante exposition monographique au Kunsthaus de Lucerne en 1944. Peintre engag\u00e9, proche du Parti du Travail, il remporte pendant la guerre un concours pour la r\u00e9alisation de nouveaux billets\u2026 que la Banque Nationale Suisse renonce finalement \u00e0 mettre en circulation face aux protestations des milieux politiques anticommunistes, en 1949. L\u2019affaire, marqu\u00e9e par le contexte de la \u00ab guerre froide \u00bb, fait grand bruit et \u00e9carte durablement le peintre de toute commande f\u00e9d\u00e9rale (ce boycott sera toutefois lev\u00e9 par la suite).<\/p>\n<p style=\"text-align: center\"><div id=\"metaslider-id-3285\" style=\"width: 100%;\" class=\"ml-slider-3-107-0 metaslider metaslider-flex metaslider-3285 ml-slider has-carousel-mode ms-theme-default nav-hidden\" role=\"region\" aria-label=\"Zoom Hans Erni\" data-height=\"500\" data-width=\"1200\">\n    <div id=\"metaslider_container_3285\">\n        <div id=\"metaslider_3285\" class=\"flexslider\">\n            <ul class='slides'>\n                <li style=\"display: none; width: 100%;\" class=\"slide-3279 ms-image \" aria-roledescription=\"slide\" data-date=\"2016-01-12 14:52:43\" data-filename=\"Erni1.jpg\" data-slide-type=\"image\"><img loading=\"lazy\" decoding=\"async\" width=\"566\" height=\"800\" src=\"https:\/\/wp.unil.ch\/cinematheque-unil\/files\/2016\/01\/Erni1.jpg\" class=\"slider-3285 slide-3279 msDefaultImage\" alt=\"\" rel=\"\" title=\"\" style=\"margin: 0 auto; width: 29.479166666667%\" srcset=\"https:\/\/wp.unil.ch\/cinematheque-unil\/files\/2016\/01\/Erni1.jpg 566w, https:\/\/wp.unil.ch\/cinematheque-unil\/files\/2016\/01\/Erni1-212x300.jpg 212w\" sizes=\"auto, (max-width: 566px) 100vw, 566px\" \/><\/li>\n                <li style=\"display: none; width: 100%;\" class=\"slide-3281 ms-image \" aria-roledescription=\"slide\" data-date=\"2016-01-12 14:53:04\" data-filename=\"Erni2.jpg\" data-slide-type=\"image\"><img loading=\"lazy\" decoding=\"async\" width=\"566\" height=\"800\" src=\"https:\/\/wp.unil.ch\/cinematheque-unil\/files\/2016\/01\/Erni2.jpg\" class=\"slider-3285 slide-3281 msDefaultImage\" alt=\"\" rel=\"\" title=\"\" style=\"margin: 0 auto; width: 29.479166666667%\" srcset=\"https:\/\/wp.unil.ch\/cinematheque-unil\/files\/2016\/01\/Erni2.jpg 566w, https:\/\/wp.unil.ch\/cinematheque-unil\/files\/2016\/01\/Erni2-212x300.jpg 212w\" sizes=\"auto, (max-width: 566px) 100vw, 566px\" \/><\/li>\n                <li style=\"display: none; width: 100%;\" class=\"slide-3282 ms-image \" aria-roledescription=\"slide\" data-date=\"2016-01-12 14:53:14\" data-filename=\"Erni3.jpg\" data-slide-type=\"image\"><img loading=\"lazy\" decoding=\"async\" width=\"566\" height=\"800\" src=\"https:\/\/wp.unil.ch\/cinematheque-unil\/files\/2016\/01\/Erni3.jpg\" class=\"slider-3285 slide-3282 msDefaultImage\" alt=\"\" rel=\"\" title=\"\" style=\"margin: 0 auto; width: 29.479166666667%\" srcset=\"https:\/\/wp.unil.ch\/cinematheque-unil\/files\/2016\/01\/Erni3.jpg 566w, https:\/\/wp.unil.ch\/cinematheque-unil\/files\/2016\/01\/Erni3-212x300.jpg 212w\" sizes=\"auto, (max-width: 566px) 100vw, 566px\" \/><\/li>\n            <\/ul>\n        <\/div>\n        \n    <\/div>\n<\/div><\/p>\n<p style=\"text-align: center;font-size: 10px\">Lettres de Hans Erni \u00e0 Albert Mermoud, 05-07.09.1950.<br \/>\nCin\u00e9math\u00e8que suisse, Fonds Freddy Buache [CSL 38], Classeur 3.<\/p>\n<p style=\"text-align: justify\">En septembre 1950, Hans Erni s\u2019attelle donc \u00e0 la r\u00e9alisation de la premi\u00e8re affiche officielle de la Cin\u00e9math\u00e8que suisse et s\u2019emploie \u00e0 fournir une cr\u00e9ation originale. \u00ab Je m\u2019arrache les cheveux pour l\u2019affiche Cin\u00e9math\u00e8que \u00bb, \u00e9crit-il \u00e0 Mermoud le 5 septembre. Et deux jours plus tard : \u00ab Depuis ma visite chez vous, je n\u2019ai fait que travailler \u00e0 cette affiche. Mon id\u00e9e pour cela est de r\u00e9unir simultan\u00e9ment la fabrication du film, la cam\u00e9ra, la prise de vue et le spectateur \u00bb. Il soumet alors deux variantes d\u2019un m\u00eame dessin, l\u2019un en pleine page, l\u2019autre encadr\u00e9 par des bords blancs imitant un \u00e9cran de cin\u00e9ma. C\u2019est le premier qui sera retenu, lithographie couleurs d\u2019un dessin en noir et blanc, qui fera \u00e9galement la couverture du programme accompagnant l\u2019inauguration.<\/p>\n<p style=\"text-align: justify\">Ironie du sort, alors m\u00eame que le nom d\u2019Erni est jug\u00e9 inappropri\u00e9 par les fonctionnaires de la Banque Nationale, l\u2019affiche qu\u2019il r\u00e9alise pour la toute nouvelle Cin\u00e9math\u00e8que sera prim\u00e9e par le D\u00e9partement f\u00e9d\u00e9ral de l\u2019int\u00e9rieur, procurant un regain de respectabilit\u00e9 \u00e0 la jeune institution.<\/p>\n<p style=\"text-align: justify\">Par ailleurs, Albert Mermoud et Hans Erni poursuivront une longue et fructueuse collaboration, dont on retiendra la cr\u00e9ation, par Erni, de l\u2019embl\u00e8me de La Petite Ourse, la collection \u00ab de poche \u00bb de la Guilde du livre (1953), la publication d\u2019une monographie sur l\u2019artiste sign\u00e9e Claude Roy (1964) et plusieurs albums de dessins et de peintures \u00e9dit\u00e9s par la Guilde.<\/p>\n<p style=\"text-align: justify\">Alessia Bottani<\/p>\n<h3><a name=\"reference\"><\/a>R\u00e9f\u00e9rence<\/h3>\n<p style=\"text-align: justify;font-size: small\">Alessia Bottani, \u00ab Hans Erni et l&rsquo;inauguration de la Cin\u00e9math\u00e8que suisse \u00bb, in Fr\u00e9d\u00e9ric Maire et Maria Tortajada (dir.), site Web <em>La Collaboration UNIL + Cin\u00e9math\u00e8que suisse<\/em>, www.unil-cinematheque.ch, mars 2015.<\/p>\n<h3>Droits d\u2019auteur<\/h3>\n<p style=\"text-align: justify;font-size: small\">\u00a9 Alessia Bottani\/Collaboration UNIL + Cin\u00e9math\u00e8que suisse.<\/p>\n","protected":false},"excerpt":{"rendered":"<p>Vitrine Zooms sur les projets Hans Erni et l\u2019inauguration de la Cin\u00e9math\u00e8que suisse Parmi l\u2019\u0153uvre immense du peintre lucernois Hans Erni, d\u00e9c\u00e9d\u00e9 le 21 mars 2015 \u00e0 l\u2019\u00e2ge de 106 ans, c\u00e9l\u00e8bre entre autres pour ses compositions monumentales, il est<\/p>\n","protected":false},"author":1469,"featured_media":0,"parent":1698,"menu_order":15,"comment_status":"closed","ping_status":"closed","template":"","meta":{"_seopress_robots_primary_cat":"","_seopress_titles_title":"","_seopress_titles_desc":"","_seopress_robots_index":"","footnotes":""},"class_list":["post-3270","page","type-page","status-publish"],"_links":{"self":[{"href":"https:\/\/wp.unil.ch\/cinematheque-unil\/wp-json\/wp\/v2\/pages\/3270","targetHints":{"allow":["GET"]}}],"collection":[{"href":"https:\/\/wp.unil.ch\/cinematheque-unil\/wp-json\/wp\/v2\/pages"}],"about":[{"href":"https:\/\/wp.unil.ch\/cinematheque-unil\/wp-json\/wp\/v2\/types\/page"}],"author":[{"embeddable":true,"href":"https:\/\/wp.unil.ch\/cinematheque-unil\/wp-json\/wp\/v2\/users\/1469"}],"replies":[{"embeddable":true,"href":"https:\/\/wp.unil.ch\/cinematheque-unil\/wp-json\/wp\/v2\/comments?post=3270"}],"version-history":[{"count":0,"href":"https:\/\/wp.unil.ch\/cinematheque-unil\/wp-json\/wp\/v2\/pages\/3270\/revisions"}],"up":[{"embeddable":true,"href":"https:\/\/wp.unil.ch\/cinematheque-unil\/wp-json\/wp\/v2\/pages\/1698"}],"wp:attachment":[{"href":"https:\/\/wp.unil.ch\/cinematheque-unil\/wp-json\/wp\/v2\/media?parent=3270"}],"curies":[{"name":"wp","href":"https:\/\/api.w.org\/{rel}","templated":true}]}}