{"id":2882,"date":"2015-04-28T15:08:41","date_gmt":"2015-04-28T13:08:41","guid":{"rendered":"http:\/\/wp.unil.ch\/cinematheque-unil\/?page_id=2882"},"modified":"2018-05-16T16:13:54","modified_gmt":"2018-05-16T14:13:54","slug":"le-scenario-comme-pre-textethe-scenario-as-pre-text-23-24-avril-2015","status":"publish","type":"page","link":"https:\/\/wp.unil.ch\/cinematheque-unil\/projets\/discours-du-scenario-etude-historique-et-genetique-des-adaptations-cinematographiques-de-stendhal\/journees-detude\/le-scenario-comme-pre-textethe-scenario-as-pre-text-23-24-avril-2015\/","title":{"rendered":"Le \u00ab sc\u00e9nario \u00bb comme pr\u00e9-texte\/The \u201cscenario\u201d as pre-text, 23-24 avril 2015"},"content":{"rendered":"<ol class=\"breadcrumb\">\n<li><a href=\"https:\/\/wp.unil.ch\/cinematheque-unil\/projets\/\">Projets<\/a><\/li>\n<li><a href=\"https:\/\/wp.unil.ch\/cinematheque-unil\/projets\/discours-du-scenario-etude-historique-et-genetique-des-adaptations-cinematographiques-de-stendhal\/\">Discours du sc\u00e9nario<\/a><\/li>\n<li><a href=\"https:\/\/wp.unil.ch\/cinematheque-unil\/projets\/discours-du-scenario-etude-historique-et-genetique-des-adaptations-cinematographiques-de-stendhal\/journees-detude\/\">Journ\u00e9es d&rsquo;\u00e9tude et colloques<\/a><\/li>\n<li class=\"current\"><a href=\"https:\/\/wp.unil.ch\/cinematheque-unil\/projets\/discours-du-scenario-etude-historique-et-genetique-des-adaptations-cinematographiques-de-stendhal\/journees-detude\/le-scenario-comme-pre-textethe-scenario-as-pre-text-23-24-avril-2015\/\">Le \u00ab\u00a0sc\u00e9nario\u00a0\u00bb comme pr\u00e9-texte \/ The \u00ab\u00a0scenario\u00a0\u00bb as pre-text, 23-24 avril 2015<\/a><\/li>\n<\/ol>\n<h5>Le \u00ab\u00a0sc\u00e9nario\u00a0\u00bb comme pr\u00e9-texte \/ The \u00ab\u00a0sc\u00e9nario\u00a0\u00bb as pre-text, 23-24 avril 2015<\/h5>\n<p style=\"text-align: justify\">Universit\u00e9s de Leuven et Louvain-la-Neuve<br \/>\nColloque international organis\u00e9 sous la direction de Jan Baetens, Alain Boillat et Philippe Marion<\/p>\n<p style=\"text-align: justify\"><a href=\"https:\/\/wp.unil.ch\/cinematheque-unil\/files\/2015\/04\/PROGRAMME_PRETEXTE.jpg\"><img loading=\"lazy\" decoding=\"async\" class=\"aligncenter wp-image-2898 size-large\" src=\"https:\/\/wp.unil.ch\/cinematheque-unil\/files\/2015\/04\/PROGRAMME_PRETEXTE-1024x722.jpg\" alt=\"PROGRAMME_PRETEXTE\" width=\"940\" height=\"663\" srcset=\"https:\/\/wp.unil.ch\/cinematheque-unil\/files\/2015\/04\/PROGRAMME_PRETEXTE-1024x722.jpg 1024w, https:\/\/wp.unil.ch\/cinematheque-unil\/files\/2015\/04\/PROGRAMME_PRETEXTE-300x211.jpg 300w, https:\/\/wp.unil.ch\/cinematheque-unil\/files\/2015\/04\/PROGRAMME_PRETEXTE-426x300.jpg 426w, https:\/\/wp.unil.ch\/cinematheque-unil\/files\/2015\/04\/PROGRAMME_PRETEXTE.jpg 1135w\" sizes=\"auto, (max-width: 940px) 100vw, 940px\" \/><\/a><\/p>\n<p style=\"text-align: justify\">L\u2019\u00e9criture est toujours \u00e9criture en vue d\u2019autre chose : une nouvelle \u00e9tape de l\u2019\u0153uvre en cours ; une nouvelle version d\u2019un projet ; un moyen d\u2019expression diff\u00e9rent, par exemple lorsqu\u2019un texte s\u2019inscrit dans la gen\u00e8se d\u2019une production visuelle, ou contribue \u00e0 d\u00e9terminer certains param\u00e8tres techniques d\u2019un dispositif donn\u00e9. Au cours de ces journ\u00e9es d\u2019\u00e9tude, nous nous proposons d\u2019examiner diverses facettes et \u00e9tapes d\u2019un processus cr\u00e9ateur, dont le sc\u00e9nario au sens classique du terme n\u2019est que l\u2019une des manifestations. Aussi, il se peut inversement que l\u2019image (photographique, dessin\u00e9e, anim\u00e9e) pr\u00e9c\u00e8de le texte, que des images servent \u00e0 en concevoir d\u2019autres qui les recouvrent tel un palimpseste ou que l\u2019\u00e9criture n\u2019intervienne que dans un second temps pour prolonger ou remplacer le r\u00e9cit audiovisuel. Dans tous les cas, les repr\u00e9sentations premi\u00e8res sont \u00e0 la fois contenues dans l\u2019\u0153uvre \u00ab finale \u00bb qu\u2019elles ont nourrie et ni\u00e9es par celle-ci, \u00e0 laquelle elles n\u2019ont parfois servi que de pr\u00e9texte. La notion m\u00eame d\u2019 \u00ab \u0153uvre finale \u00bb m\u00e9ritera d\u2019\u00eatre, elle aussi, interrog\u00e9e dans le contexte actuel de notre culture m\u00e9diatique, notamment en lien avec l\u2019essor consid\u00e9rable que conna\u00eet aujourd\u2019hui une logique s\u00e9rielle permettant aux \u0153uvres de se m\u00e9nager la possibilit\u00e9 d\u2019autres destin\u00e9es expressives \u00e0 travers des d\u00e9clinaisons g\u00e9n\u00e9riques ou m\u00e9diatiques. Dans un tel contexte de diffusion, chaque production peut conna\u00eetre l\u2019opportunit\u00e9 de servir, \u00e0 son tour, de \u00ab sc\u00e9nario \u00bb \u00e0 une autre.<\/p>\n<p style=\"text-align: justify\">Nous nous int\u00e9resserons principalement \u00e0 la complexit\u00e9 des m\u00e9canismes ou motivations qui pr\u00e9c\u00e8dent l\u2019\u0153uvre achev\u00e9e et se situent sur diff\u00e9rents plans (stylistique, g\u00e9n\u00e9rique, m\u00e9diatique, institutionnel, etc.) en examinant les normes qui r\u00e9gissent la r\u00e9alisation d\u2019un \u00ab sc\u00e9nario \u00bb \u2013 terme que nous entendrons dans le sens large d\u2019une planification d\u2019une \u0153uvre \u00e0 venir, et qu\u2019il s\u2019agira de d\u00e9finir \u00e0 travers la diversit\u00e9 des objets trait\u00e9s. Dans une optique r\u00e9solument transversale et transm\u00e9diatique (productions cin\u00e9matographiques ou t\u00e9l\u00e9visuelles, bandes dessin\u00e9es, jeux vid\u00e9o, \u0153uvres litt\u00e9raires, etc.), nous aborderons aussi bien ces pratiques dans leur dimension prescriptive que dans une perspective historique, combinant \u00e9tudes de cas et vis\u00e9e th\u00e9orique. Enfin, nous \u00e9tablirons des passerelles entre deux niveaux d\u2019analyse : celui des objets (la gen\u00e8se des repr\u00e9sentations) et celui des discours tenus sur ces objets dans l\u2019espace de leur r\u00e9ception \u2013 discours qui parfois en viennent \u00e0 \u00ab sc\u00e9nariser \u00bb l\u2019\u0153uvre \u00e0 venir. L\u2019\u00e9tude de tels discours permettra en particulier de d\u00e9gager certains aspects d\u2019un savoir partag\u00e9 sur l\u2019\u00e9criture avant-textuelle (notamment dans les manuels d\u2019\u00e9criture romanesque ou sc\u00e9naristique) et d\u2019\u00e9tudier la place accord\u00e9e au \u00ab sc\u00e9nario \u00bb (ou \u00e0 ce que l\u2019on suppose relever de cette phase) par les commentateurs d\u2019une \u0153uvre ou d\u2019une production m\u00e9diatique donn\u00e9e.<\/p>\n<p style=\"text-align: center\"><strong>Communications des doctorants du projet \u00ab Discours du sc\u00e9nario \u00bb<\/strong><\/p>\n<div style=\"background-color: #b0c4de\">\n<p style=\"text-align: justify;font-size: small\"><strong>Laure Cordonier, \u00ab Analyse d\u2019un projet rest\u00e9 \u00e0 l\u2019\u00e9tat de \u201cpr\u00e9-textes\u201d : <em>La Chartreuse de Parme<\/em> par Claude Autant-Lara\u00a0\u00bb.<\/strong><\/p>\n<\/div>\n<div style=\"background-color: #b0c4de\">\n<p style=\"text-align: justify;font-size: small\"><strong>Julien Meyer et Adrien Gaillard, \u00ab Art et \u00e9conomie dans la gen\u00e8se de <em>La Travers\u00e9e de Paris<\/em> (1947-1956) : sur quelques enjeux de l\u2019\u00e9criture sc\u00e9naristique\u00a0\u00bb.<\/strong><\/p>\n<\/div>\n<p style=\"font-size: small;text-align: center\"><strong>Programme<\/strong><\/p>\n<p style=\"font-size: small;text-align: center\"><a href=\"https:\/\/wp.unil.ch\/cinematheque-unil\/files\/2015\/04\/PROGRAMME_PRE_TEXTE02.pdf\">T\u00e9l\u00e9charger.<\/a><\/p>\n","protected":false},"excerpt":{"rendered":"<p>Projets Discours du sc\u00e9nario Journ\u00e9es d&rsquo;\u00e9tude et colloques Le \u00ab\u00a0sc\u00e9nario\u00a0\u00bb comme pr\u00e9-texte \/ The \u00ab\u00a0scenario\u00a0\u00bb as pre-text, 23-24 avril 2015 Le \u00ab\u00a0sc\u00e9nario\u00a0\u00bb comme pr\u00e9-texte \/ The \u00ab\u00a0sc\u00e9nario\u00a0\u00bb as pre-text, 23-24 avril 2015 Universit\u00e9s de Leuven et Louvain-la-Neuve Colloque international organis\u00e9<\/p>\n","protected":false},"author":1469,"featured_media":0,"parent":434,"menu_order":39,"comment_status":"closed","ping_status":"closed","template":"","meta":{"_seopress_robots_primary_cat":"","_seopress_titles_title":"","_seopress_titles_desc":"","_seopress_robots_index":"","footnotes":""},"class_list":["post-2882","page","type-page","status-publish"],"_links":{"self":[{"href":"https:\/\/wp.unil.ch\/cinematheque-unil\/wp-json\/wp\/v2\/pages\/2882","targetHints":{"allow":["GET"]}}],"collection":[{"href":"https:\/\/wp.unil.ch\/cinematheque-unil\/wp-json\/wp\/v2\/pages"}],"about":[{"href":"https:\/\/wp.unil.ch\/cinematheque-unil\/wp-json\/wp\/v2\/types\/page"}],"author":[{"embeddable":true,"href":"https:\/\/wp.unil.ch\/cinematheque-unil\/wp-json\/wp\/v2\/users\/1469"}],"replies":[{"embeddable":true,"href":"https:\/\/wp.unil.ch\/cinematheque-unil\/wp-json\/wp\/v2\/comments?post=2882"}],"version-history":[{"count":0,"href":"https:\/\/wp.unil.ch\/cinematheque-unil\/wp-json\/wp\/v2\/pages\/2882\/revisions"}],"up":[{"embeddable":true,"href":"https:\/\/wp.unil.ch\/cinematheque-unil\/wp-json\/wp\/v2\/pages\/434"}],"wp:attachment":[{"href":"https:\/\/wp.unil.ch\/cinematheque-unil\/wp-json\/wp\/v2\/media?parent=2882"}],"curies":[{"name":"wp","href":"https:\/\/api.w.org\/{rel}","templated":true}]}}