{"id":2824,"date":"2015-04-02T18:55:30","date_gmt":"2015-04-02T16:55:30","guid":{"rendered":"http:\/\/wp.unil.ch\/cinematheque-unil\/?page_id=2824"},"modified":"2018-05-16T16:30:48","modified_gmt":"2018-05-16T14:30:48","slug":"conferences","status":"publish","type":"page","link":"https:\/\/wp.unil.ch\/cinematheque-unil\/projets\/discours-du-scenario-etude-historique-et-genetique-des-adaptations-cinematographiques-de-stendhal\/conferences\/","title":{"rendered":"Conf\u00e9rences"},"content":{"rendered":"<ol class=\"breadcrumb\">\n<li><a href=\"https:\/\/wp.unil.ch\/cinematheque-unil\/projets\/\">Projets<\/a><\/li>\n<li><a href=\"https:\/\/wp.unil.ch\/cinematheque-unil\/projets\/discours-du-scenario-etude-historique-et-genetique-des-adaptations-cinematographiques-de-stendhal\/\">Discours du sc\u00e9nario<\/a><\/li>\n<li class=\"current\"><a href=\"https:\/\/wp.unil.ch\/cinematheque-unil\/projets\/discours-du-scenario-etude-historique-et-genetique-des-adaptations-cinematographiques-de-stendhal\/conferences\/\">Conf\u00e9rences<\/a><\/li>\n<\/ol>\n<div style=\"background-color: #f5f5f5\">\n<p style=\"text-align: center\"><b>Conf\u00e9rences<\/b><\/p>\n<p style=\"text-align: justify;font-size: small;margin-left: 138px;text-indent: -34px\"><a href=\"https:\/\/www.unil.ch\/doc-digitalstudies\/home\/menuinst\/activites-du-programme\/pratiques-de-recherche-en-histoire.html\">Alain Boillat et Marion Rivoal, \u00ab Enjeux de l\u2019exploitation scientifique d\u2019archives sc\u00e9naristiques (fonds Claude Autant-Lara, Cin\u00e9math\u00e8que suisse) \u00bb, journ\u00e9e d\u2019\u00e9tude internationale <em>Pratiques de la recherche historique \u00e0 l\u2019\u00e8re num\u00e9rique<\/em>, sous la direction de Laurent Le Forestier, Universit\u00e9 de Lausanne, 23 mai 2017.<\/a><\/p>\n<p style=\"text-align: justify;font-size: small;margin-left: 138px;text-indent: -34px\">Adrien Gaillard, \u00ab Enjeux discursifs du m\u00e9tatexte dans la gen\u00e8se collaborative du sc\u00e9nario filmique \u00bb, cycle de conf\u00e9rences \u00ab\u00a0Discours sur le M\u00e9ta\u00a0\u00bb, organis\u00e9 par Laura Delaloye Saillen et Gilles Merminod, Universit\u00e9 de Lausanne, 17 novembre 2016.<\/p>\n<p style=\"text-align: justify;font-size: small;margin-left: 138px;text-indent: -34px\">Alain Boillat, \u00ab Construction des personnages f\u00e9minins dans la gen\u00e8se d\u2019<em>En cas de malheur<\/em> (1958)\u00a0\u00bb, colloque <em>Des livres aux sc\u00e9narios. Approches interdisciplinaires des archives du cin\u00e9ma fran\u00e7ais (1930-1960)<\/em>, sous la direction d\u2019Alain Boillat et Gilles Philippe, Universit\u00e9 de Lausanne, 11 octobre 2016.<\/p>\n<p style=\"text-align: justify;font-size: small;margin-left: 138px;text-indent: -34px\">Laure Cordonier, \u00ab La \u201cqualit\u00e9 fran\u00e7aise\u201d du sc\u00e9nario : qualification d\u2019une pratique chez Autant-Lara, Aurenche et Bost\u00a0\u00bb, colloque <em>Des livres aux sc\u00e9narios. Approches interdisciplinaires des archives du cin\u00e9ma fran\u00e7ais (1930-1960)<\/em>, sous la direction d\u2019Alain Boillat et Gilles Philippe, Universit\u00e9 de Lausanne, 10 octobre 2016.<\/p>\n<p style=\"text-align: justify;font-size: small;margin-left: 138px;text-indent: -34px\">Adrien Gaillard, \u00ab Litt\u00e9rarit\u00e9 du sc\u00e9nario et gen\u00e8se du film : autour du <em>Rouge et le Noir<\/em> (1954) et d\u2019autres adaptations\u00a0\u00bb, colloque <em>Des livres aux sc\u00e9narios. Approches interdisciplinaires des archives du cin\u00e9ma fran\u00e7ais (1930-1960)<\/em>, sous la direction d\u2019Alain Boillat et Gilles Philippe, Universit\u00e9 de Lausanne, 10 octobre 2016.<\/p>\n<p style=\"text-align: justify;font-size: small;margin-left: 138px;text-indent: -34px\">Adrien Gaillard, \u00ab Le style indirect libre dans l\u2019\u00e9crit de sc\u00e9nario : un paradoxe didascalique \u00bb, journ\u00e9es CUSO \u00ab\u00a0Marges et contraintes du style\/discours indirect libre\u00a0\u00bb, 5 novembre 2015.<\/p>\n<p style=\"text-align: justify;font-size: small;margin-left: 138px;text-indent: -34px\">Laure Cordonier, \u00ab\u00a0La correspondance du fonds Autant-Lara\u00a0comme chambre d\u2019\u00e9chos des d\u00e9bats critiques autour de l\u2019adaptation\u00a0\u00bb, colloque <em>Usages des archives\u00a0: des sources aux pratiques<\/em>, sous la direction de Beno\u00eet Turquety, Universit\u00e9 de Lausanne, 14 octobre 2015.<\/p>\n<p style=\"text-align: justify;font-size: small;margin-left: 138px;text-indent: -34px\">Alain Boillat, \u00ab La \u201cPetite Biblioth\u00e8que\u201d des Cahiers du cin\u00e9ma : essai de cartographie d\u2019une pratique \u00e9ditoriale \u00bb, colloque international <em>Des sc\u00e9narios et des livres<\/em>, Universit\u00e9 Paris XIII\/Universit\u00e9 de Rouen \u2013 CEREdI, France, 13 octobre 2015.<\/p>\n<p style=\"text-align: justify;font-size: small;margin-left: 138px;text-indent: -34px\">Adrien Meyer, \u00ab\u00a0Le sc\u00e9nario filmique : perspectives g\u00e9n\u00e9tiques sur un processus d\u2019\u00e9criture collaborative\u00a0\u00bb, s\u00e9minaire \u00ab Gen\u00e8se \u00e9ditoriale\/Approches linguistiques \u00bb de l\u2019\u00e9quipe \u00ab Manuscrit-Linguistique-Cognition \u00bb donn\u00e9 par Rudolf Mahrer et B\u00e9n\u00e9dicte Vauthier, Institut des textes et manuscrits modernes (ENS\/CNRS), France, 22 mai 2015.<\/p>\n<p style=\"text-align: justify;font-size: small;margin-left: 138px;text-indent: -34px\">Laure Cordonier, \u00ab Analyse d\u2019un projet rest\u00e9 \u00e0 l\u2019\u00e9tat de \u201cpr\u00e9-textes\u201d : <em>La Chartreuse de Parme<\/em> par Claude Autant-Lara\u00a0\u00bb, colloque <em>Le \u00ab&nbsp;sc\u00e9nario&nbsp;\u00bb comme pr\u00e9-texte\/The \u201cscenario\u201d as pre-text<\/em>, sous la direction de Jan Baetens, Alain Boillat et Philippe Marion, Universit\u00e9s de Leven et Louvain-la-Neuve, Belgique, 24 avril 2015.<\/p>\n<p style=\"text-align: justify;font-size: small;margin-left: 138px;text-indent: -34px\">Adrien Gaillard et Julien Meyer, \u00ab Art et \u00e9conomie dans la gen\u00e8se de <em>La Travers\u00e9e de Paris<\/em> (1947-1956) : sur quelques enjeux de l\u2019\u00e9criture sc\u00e9naristique\u00a0\u00bb, colloque <em>Le \u00ab sc\u00e9nario \u00bb comme pr\u00e9-texte\/The \u201cscenario\u201d as pre-text<\/em>, sous la direction de Jan Baetens, Alain Boillat et Philippe Marion, Universit\u00e9s de Leven et Louvain-la-Neuve, Belgique, 24 avril 2015.<\/p>\n<p style=\"text-align: justify;font-size: small;margin-left: 138px;text-indent: -34px\"><a href=\"https:\/\/wp.unil.ch\/cinematheque-unil\/2015\/04\/01\/soiree-dinauguration-de-la-collaboration-unil-cinematheque-suisse\/\">Laure Cordonier, \u00ab\u00a0Pr\u00e9sentation du film <em>La Travers\u00e9e de Paris<\/em>\u00a0\u00bb, soir\u00e9e d\u2019inauguration de la Collaboration UNIL+Cin\u00e9math\u00e8que suisse, cin\u00e9ma Capitole, Lausanne, 24 mars 2015.<\/a><\/p>\n<p style=\"text-align: justify;font-size: small;margin-left: 138px;text-indent: -34px\">Laure Cordonier, \u00ab\u00a0<em>Le Rouge et le Noir<\/em> par Claude Autant-Lara\u00a0: approcher une adaptation \u201ccanonique\u201d par l\u2019\u00e9tude de ses sc\u00e9narios\u00a0\u00bb, journ\u00e9e d\u2019\u00e9tude de la formation continue \u00ab\u00a0La th\u00e9orie du cin\u00e9ma au service de l\u2019enseignement\u00a0\u00bb organis\u00e9e par l\u2019Universit\u00e9 de Lausanne et la HEP Vaud, 30 janvier 2015.<\/p>\n<p style=\"text-align: justify;font-size: small;margin-left: 138px;text-indent: -34px\"><a title=\"Le sc\u00e9nario dans tous ses \u00e9tats\" href=\"https:\/\/wp.unil.ch\/cinematheque-unil\/files\/2015\/04\/CONFERENCE_SCENARIO_15_12_2014.pdf\">Alain Boillat,\u00a0\u00ab Le sc\u00e9nario dans tous ses \u00e9tats\u00a0\u00bb, No\u00ebl de l&rsquo;UNIL, 15 d\u00e9cembre\u00a02014.<\/a><\/p>\n<p style=\"text-align: justify;font-size: small;margin-left: 138px;text-indent: -34px\">Alain Boillat, \u00ab\u00a0Edwige Feuill\u00e8re, amante puis \u00e9pouse chez Claude Autant-Lara (1954\/1958)\u00a0\u00bb, colloque <em>Cin\u00e9mas et cin\u00e9philies populaires dans la France d&rsquo;apr\u00e8s-guerre<\/em>, sous la direction de Gw\u00e9na\u00eblle Legras et Genevi\u00e8ve Sellier, Universit\u00e9 Bordeaux Montaigne, France, 11 d\u00e9cembre 2014.<\/p>\n<p style=\"text-align: justify;font-size: small;margin-left: 138px;text-indent: -34px\">Adrien Gaillard et Julien Meyer, \u00ab\u00a0Claude Autant-Lara et le tandem Aurenche et Bost : la cr\u00e9ation collaborative du sc\u00e9nario dans le cin\u00e9ma fran\u00e7ais d&rsquo;apr\u00e8s-guerre\u00a0\u00bb, s\u00e9minaire de Daniel Ferrer (Item\/CNRS) et Fran\u00e7ois Thomas (Sorbonne Nouvelle) \u00ab Gen\u00e8ses cin\u00e9matographiques : onzi\u00e8me ann\u00e9e \u00bb, \u00c9cole normale sup\u00e9rieure de la rue d&rsquo;Ulm, France, 3 d\u00e9cembre 2014.<\/p>\n<p style=\"text-align: justify;font-size: small;margin-left: 138px;text-indent: -34px\">Adrien Gaillard, \u00ab\u00a0Le sc\u00e9nario de film, entre \u00e9crire et projeter : \u00e9tude linguistique des adaptations de la \u201cQualit\u00e9 fran\u00e7aise\u201d, s\u00e9minaire postgrade de l\u2019unit\u00e9 de linguistique fran\u00e7aise, Universit\u00e9 de Lausanne, 22 octobre 2014.<\/p>\n<p style=\"text-align: justify;font-size: small;margin-left: 138px;text-indent: -34px\">Laure Cordonier, pr\u00e9sentation du sujet de th\u00e8se \u00ab Gen\u00e8ses sc\u00e9naristiques du\u00a0<em>Rouge et le Noir<\/em> et de\u00a0<em>La Chartreuse de Parme<\/em> par Jean Aurenche et Pierre Bost dans le contexte de la r\u00e9flexion sur l\u2019adaptation cin\u00e9matographique des ann\u00e9es d\u2019apr\u00e8s-guerre (1945-1960)\u00a0\u00bb, journ\u00e9e d\u2019\u00e9tude sur le sc\u00e9nario, sous la direction d\u2019Alain Boillat, Universit\u00e9 de Lausanne, 14 mars 2014.<\/p>\n<p style=\"text-align: justify;font-size: small;margin-left: 138px;text-indent: -34px\">Adrien Gaillard, pr\u00e9sentation du sujet de th\u00e8se \u00ab Le sc\u00e9nario de film, entre \u00e9crire et projeter : \u00e9tude linguistique des adaptations de la \u201cQualit\u00e9 fran\u00e7aise\u201d \u00bb, journ\u00e9e d\u2019\u00e9tude sur le sc\u00e9nario, sous la direction d\u2019Alain Boillat, Universit\u00e9 de Lausanne, 14 mars 2014.<\/p>\n<p style=\"text-align: justify;font-size: small;margin-left: 138px;text-indent: -34px\">Julien Meyer, pr\u00e9sentation du sujet de th\u00e8se \u00ab Une histoire du statut professionnel, social et culturel des sc\u00e9naristes, adaptateurs et dialoguistes au cours des ann\u00e9es 1940-1950 \u00bb, journ\u00e9e d\u2019\u00e9tude sur le sc\u00e9nario, sous la direction d\u2019Alain Boillat, Universit\u00e9 de Lausanne, 14 mars 2014.<\/p>\n<\/div>\n","protected":false},"excerpt":{"rendered":"<p>Projets Discours du sc\u00e9nario Conf\u00e9rences Conf\u00e9rences Alain Boillat et Marion Rivoal, \u00ab Enjeux de l\u2019exploitation scientifique d\u2019archives sc\u00e9naristiques (fonds Claude Autant-Lara, Cin\u00e9math\u00e8que suisse) \u00bb, journ\u00e9e d\u2019\u00e9tude internationale Pratiques de la recherche historique \u00e0 l\u2019\u00e8re num\u00e9rique, sous la direction de Laurent<\/p>\n","protected":false},"author":1469,"featured_media":0,"parent":123,"menu_order":49,"comment_status":"closed","ping_status":"closed","template":"","meta":{"_seopress_robots_primary_cat":"","_seopress_titles_title":"","_seopress_titles_desc":"","_seopress_robots_index":"","footnotes":""},"class_list":["post-2824","page","type-page","status-publish"],"_links":{"self":[{"href":"https:\/\/wp.unil.ch\/cinematheque-unil\/wp-json\/wp\/v2\/pages\/2824","targetHints":{"allow":["GET"]}}],"collection":[{"href":"https:\/\/wp.unil.ch\/cinematheque-unil\/wp-json\/wp\/v2\/pages"}],"about":[{"href":"https:\/\/wp.unil.ch\/cinematheque-unil\/wp-json\/wp\/v2\/types\/page"}],"author":[{"embeddable":true,"href":"https:\/\/wp.unil.ch\/cinematheque-unil\/wp-json\/wp\/v2\/users\/1469"}],"replies":[{"embeddable":true,"href":"https:\/\/wp.unil.ch\/cinematheque-unil\/wp-json\/wp\/v2\/comments?post=2824"}],"version-history":[{"count":0,"href":"https:\/\/wp.unil.ch\/cinematheque-unil\/wp-json\/wp\/v2\/pages\/2824\/revisions"}],"up":[{"embeddable":true,"href":"https:\/\/wp.unil.ch\/cinematheque-unil\/wp-json\/wp\/v2\/pages\/123"}],"wp:attachment":[{"href":"https:\/\/wp.unil.ch\/cinematheque-unil\/wp-json\/wp\/v2\/media?parent=2824"}],"curies":[{"name":"wp","href":"https:\/\/api.w.org\/{rel}","templated":true}]}}