{"id":2284,"date":"2015-03-09T14:57:20","date_gmt":"2015-03-09T13:57:20","guid":{"rendered":"http:\/\/wp.unil.ch\/cinematheque-unil\/?page_id=2284"},"modified":"2018-10-12T11:14:49","modified_gmt":"2018-10-12T09:14:49","slug":"soiree-dinauguration-de-la-collaboration","status":"publish","type":"page","link":"https:\/\/wp.unil.ch\/cinematheque-unil\/evenements\/soiree-dinauguration-de-la-collaboration\/","title":{"rendered":"Soir\u00e9e d\u2019inauguration de la Collaboration"},"content":{"rendered":"<ol class=\"breadcrumb\">\n<li><a href=\"https:\/\/wp.unil.ch\/cinematheque-unil\/evenements\/\">\u00c9v\u00e9nements<\/a><\/li>\n<li class=\"current\"><a href=\"https:\/\/wp.unil.ch\/cinematheque-unil\/evenements\/soiree-dinauguration-de-la-collaboration\/\">La Collaboration UNIL+Cin\u00e9math\u00e8que suisse<\/a><\/li>\n<\/ol>\n<h6 style=\"text-align: center\">Soir\u00e9e d\u2019inauguration<\/h6>\n<h5 style=\"text-align: center\">La Collaboration UNIL + Cin\u00e9math\u00e8que suisse<\/h5>\n<p style=\"text-align: center\">24 mars\u00a02015<\/p>\n<p style=\"text-align: center;font-size: medium\"><a href=\"https:\/\/wp.unil.ch\/cinematheque-unil\/files\/2015\/03\/SOIREE_INAUGURATION.jpg\"><img loading=\"lazy\" decoding=\"async\" class=\"alignnone size-full wp-image-2305\" src=\"https:\/\/wp.unil.ch\/cinematheque-unil\/files\/2015\/03\/SOIREE_INAUGURATION.jpg\" alt=\"SOIREE_INAUGURATION\" width=\"800\" height=\"564\" srcset=\"https:\/\/wp.unil.ch\/cinematheque-unil\/files\/2015\/03\/SOIREE_INAUGURATION.jpg 800w, https:\/\/wp.unil.ch\/cinematheque-unil\/files\/2015\/03\/SOIREE_INAUGURATION-300x212.jpg 300w, https:\/\/wp.unil.ch\/cinematheque-unil\/files\/2015\/03\/SOIREE_INAUGURATION-426x300.jpg 426w\" sizes=\"auto, (max-width: 800px) 100vw, 800px\" \/><\/a><\/p>\n<p style=\"text-align: center\"><strong>R\u00e9sum\u00e9 de pr\u00e9sentation<\/strong><\/p>\n<p style=\"text-align: justify\">Depuis 2010, le partenariat entre l\u2019Universit\u00e9 de Lausanne et la Cin\u00e9math\u00e8que suisse a permis de d\u00e9velopper, avec le soutien du Fonds national suisse de la recherche scientifique, plusieurs projets de recherche en prise directe avec les archives de la Cin\u00e9math\u00e8que. Pour int\u00e9resser tant les chercheurs que le public, ces projets explorent des territoires encore m\u00e9connus, en envisageant ces fonds d\u2019archives \u00e0 l\u2019aune des domaines de sp\u00e9cialit\u00e9 de la Section d\u2019histoire et esth\u00e9tique du cin\u00e9ma. L\u2019inauguration officielle de la Collaboration UNIL+Cin\u00e9math\u00e8que suisse sera l\u2019occasion de pr\u00e9senter au public ces projets de recherche.<\/p>\n<p style=\"text-align: justify\">La premi\u00e8re recherche qui s\u2019est impos\u00e9e concerne l\u2019histoire de la Cin\u00e9math\u00e8que elle-m\u00eame, institution centrale dans le paysage culturel suisse, mais dont les origines et l\u2019\u00e9volution restent \u00e0 retracer comme le r\u00f4le qui a \u00e9t\u00e9 le sien dans l\u2019\u00e9mergence du nouveau cin\u00e9ma suisse. C\u2019est une perspective plus litt\u00e9raire qu\u2019adopte le deuxi\u00e8me projet, qui exploite quant \u00e0 lui le fonds Claude Autant-Lara afin d\u2019\u00e9tudier l\u2019\u00e9criture sc\u00e9naristique des \u00ab\u00a0adaptateurs\u00a0\u00bb Aurenche et Bost. Alliant esth\u00e9tique et histoire, la troisi\u00e8me recherche est consacr\u00e9e \u00e0 l\u2019\u0153uvre de Nag et Gis\u00e8le Ansorge, dont les films d\u2019animation au sable sont connus, mais qui comporte aussi un corpus issu d\u2019ateliers men\u00e9s \u00e0 l\u2019h\u00f4pital psychiatrique de Cery. Un quatri\u00e8me projet vise enfin \u00e0 articuler le d\u00e9veloppement des fameux appareils suisses de la marque Bolex avec l\u2019histoire des pratiques de cin\u00e9ma amateur qui leur sont associ\u00e9es.<\/p>\n<p style=\"text-align: justify\">Cette pr\u00e9sentation sera suivie d\u2019un vin d\u2019honneur offert par la Ville et d\u2019un buffet offert par la l\u2019UNIL et le Canton de Vaud, puis de la projection de <em>La Travers\u00e9e de Paris<\/em>\u00a0(Claude Autant-Lara, 1956), dans la version restaur\u00e9e par Gaumont.<\/p>\n<p style=\"font-size: small;text-align: center\"><strong>Programme<\/strong><\/p>\n<p style=\"font-size: small;text-align: center\"><a href=\"https:\/\/wp.unil.ch\/cinematheque-unil\/files\/2015\/03\/PROGRAMME_INAUGURATION.pdf\">T\u00e9l\u00e9charger.<\/a><\/p>\n<p style=\"font-size: small;text-align: center\"><em>Voir aussi la\u00a0<a title=\"Cin\u00e9math\u00e8que suisse\" href=\"https:\/\/live.cinematheque.ch\/editorial\/1070-focus-sur-la-collaboration-avec-lunil\" target=\"_blank\">page<\/a> de la Cin\u00e9math\u00e8que suisse et les <a href=\"https:\/\/wp.unil.ch\/cinematheque-unil\/2015\/04\/01\/soiree-dinauguration-de-la-collaboration-unil-cinematheque-suisse\/\">vid\u00e9os<\/a> de la soir\u00e9e sur ce site.<\/em><\/p>\n","protected":false},"excerpt":{"rendered":"<p>\u00c9v\u00e9nements La Collaboration UNIL+Cin\u00e9math\u00e8que suisse Soir\u00e9e d\u2019inauguration La Collaboration UNIL + Cin\u00e9math\u00e8que suisse 24 mars\u00a02015 R\u00e9sum\u00e9 de pr\u00e9sentation Depuis 2010, le partenariat entre l\u2019Universit\u00e9 de Lausanne et la Cin\u00e9math\u00e8que suisse a permis de d\u00e9velopper, avec le soutien du Fonds national<\/p>\n","protected":false},"author":1469,"featured_media":0,"parent":1226,"menu_order":29,"comment_status":"closed","ping_status":"closed","template":"","meta":{"_seopress_robots_primary_cat":"","_seopress_titles_title":"","_seopress_titles_desc":"","_seopress_robots_index":"","footnotes":""},"class_list":["post-2284","page","type-page","status-publish"],"_links":{"self":[{"href":"https:\/\/wp.unil.ch\/cinematheque-unil\/wp-json\/wp\/v2\/pages\/2284","targetHints":{"allow":["GET"]}}],"collection":[{"href":"https:\/\/wp.unil.ch\/cinematheque-unil\/wp-json\/wp\/v2\/pages"}],"about":[{"href":"https:\/\/wp.unil.ch\/cinematheque-unil\/wp-json\/wp\/v2\/types\/page"}],"author":[{"embeddable":true,"href":"https:\/\/wp.unil.ch\/cinematheque-unil\/wp-json\/wp\/v2\/users\/1469"}],"replies":[{"embeddable":true,"href":"https:\/\/wp.unil.ch\/cinematheque-unil\/wp-json\/wp\/v2\/comments?post=2284"}],"version-history":[{"count":0,"href":"https:\/\/wp.unil.ch\/cinematheque-unil\/wp-json\/wp\/v2\/pages\/2284\/revisions"}],"up":[{"embeddable":true,"href":"https:\/\/wp.unil.ch\/cinematheque-unil\/wp-json\/wp\/v2\/pages\/1226"}],"wp:attachment":[{"href":"https:\/\/wp.unil.ch\/cinematheque-unil\/wp-json\/wp\/v2\/media?parent=2284"}],"curies":[{"name":"wp","href":"https:\/\/api.w.org\/{rel}","templated":true}]}}