{"id":1947,"date":"2015-02-19T11:57:08","date_gmt":"2015-02-19T10:57:08","guid":{"rendered":"http:\/\/wp.unil.ch\/cinematheque-unil\/?page_id=1947"},"modified":"2018-06-10T01:32:45","modified_gmt":"2018-06-09T23:32:45","slug":"portrait-de-jean-borel","status":"publish","type":"page","link":"https:\/\/wp.unil.ch\/cinematheque-unil\/projets\/une-histoire-de-la-cinematheque-suisse\/portraits\/portrait-de-jean-borel\/","title":{"rendered":"Portrait de Jean Borel"},"content":{"rendered":"<ol class=\"breadcrumb\">\n<li><a href=\"https:\/\/wp.unil.ch\/cinematheque-unil\/projets\/\">Projets<\/a><\/li>\n<li><a href=\"https:\/\/wp.unil.ch\/cinematheque-unil\/projets\/une-histoire-de-la-cinematheque-suisse\/\">Histoire de la Cin\u00e9math\u00e8que suisse<\/a><\/li>\n<li><a href=\"https:\/\/wp.unil.ch\/cinematheque-unil\/projets\/une-histoire-de-la-cinematheque-suisse\/portraits\/\">Portraits<\/a><\/li>\n<li class=\"current\"><a href=\"https:\/\/wp.unil.ch\/cinematheque-unil\/projets\/une-histoire-de-la-cinematheque-suisse\/portraits\/portrait-de-jean-borel\/\">Jean Borel<\/a><\/li>\n<\/ol>\n<p><img loading=\"lazy\" decoding=\"async\" class=\"alignnone size-medium wp-image-1960\" src=\"https:\/\/wp.unil.ch\/cinematheque-unil\/files\/2015\/02\/JEAN_BOREL-220x300.jpg\" alt=\"JEAN_BOREL\" width=\"220\" height=\"300\" srcset=\"https:\/\/wp.unil.ch\/cinematheque-unil\/files\/2015\/02\/JEAN_BOREL-220x300.jpg 220w, https:\/\/wp.unil.ch\/cinematheque-unil\/files\/2015\/02\/JEAN_BOREL.jpg 265w\" sizes=\"auto, (max-width: 220px) 100vw, 220px\" \/><\/p>\n<h3 style=\"color: #993366\">Jean Borel, \u00b01906 &#8211; \u20201994<\/h3>\n<p style=\"text-align: justify\">Neveu d\u2019Antoine Borel (1884-1968), qui fut conseiller aux \u00c9tats neuch\u00e2telois, Pr\u00e9sident de la Chambre suisse du cin\u00e9ma et Secr\u00e9taire de la Conf\u00e9rence des Chefs de d\u00e9partement de l\u2019Instruction publique.<\/p>\n<p style=\"text-align: justify\">Le nom de Jean Borel (dit \u00ab Bozet \u00bb), professeur de grec, latin, fran\u00e7ais et histoire ancienne au Coll\u00e8ge classique de Neuch\u00e2tel de 1929 \u00e0 1971, scande \u00e0 la fois l\u2019histoire des cin\u00e9-clubs en Suisse, celle de la Cin\u00e9math\u00e8que suisse et celle du cin\u00e9ma amateur.<\/p>\n<p style=\"text-align: justify\">Membre du comit\u00e9 du premier cin\u00e9-club neuch\u00e2telois (Ligue du cin\u00e9ma ind\u00e9pendant, 1930-1931), il participe \u00e0 la Guilde du film de Neuch\u00e2tel (\u00b01940), qu\u2019il pr\u00e9side jusqu\u2019en avril 1948. Il succ\u00e8de \u00e0 Max Huggler \u00e0 la t\u00eate de la F\u00e9d\u00e9ration suisse des guildes du film et des cin\u00e9-clubs (FSGFCC) en janvier 1947. \u00c0 ce titre, il s\u2019int\u00e9resse activement au sort des Archives cin\u00e9matographiques suisses. C\u00e9dant la place \u00e0 <a title=\"Portrait de Claude Emery\" href=\"https:\/\/wp.unil.ch\/cinematheque-unil\/projets\/une-histoire-de-la-cinematheque-suisse\/portraits\/portrait-de-claude-emery\/\">Claude Emery<\/a> le 21 f\u00e9vrier 1948, il continue de suivre de pr\u00e8s l\u2019\u00e9volution du dossier, et figure parmi les membres fondateurs de la Cin\u00e9math\u00e8que suisse le 3 novembre 1948. Il participe \u00e0 ce titre aux Assembl\u00e9es g\u00e9n\u00e9rales de la Cin\u00e9math\u00e8que pendant de nombreuses ann\u00e9es.<\/p>\n<p style=\"text-align: justify\">Suite \u00e0 la fusion de la Guilde du film de Neuch\u00e2tel avec le Cercle du Film Documentaire le 30 novembre 1949, Jean Borel redevient pr\u00e9sident du club, anim\u00e9 par Fred Wyss et Maurice Blanc. Jean Borel compte par ailleurs parmi les fondateurs du Club des cin\u00e9astes amateurs de Neuch\u00e2tel (\u00b01939) et du Club des chasseurs de son. Il participe ainsi d\u00e8s les ann\u00e9es 1930 \u00e0 l\u2019Union internationale du cin\u00e9ma amateur (UNICA), dont il r\u00e9dige une histoire en 1950.<\/p>\n<p style=\"text-align: justify\">\u00c0 partir de 1946, il constitue une riche Biblioth\u00e8que de cin\u00e9ma pour l\u2019usage des diff\u00e9rents cin\u00e9-clubs de sa ville et de la r\u00e9gion. L\u2019ensemble, accueilli dans un premier temps par la Biblioth\u00e8que publique de la Ville de Neuch\u00e2tel, est d\u00e9pos\u00e9 \u00e0 la Cin\u00e9math\u00e8que suisse avec plusieurs films de sa collection.<\/p>\n<p style=\"text-align: justify\">Alessia Bottani<\/p>\n<p style=\"text-align: justify\"><strong>Remerciements<\/strong> \u00e0 Roland Cosandey et Aude Joseph.<\/p>\n<h3>Sources<\/h3>\n<p style=\"text-align: justify;font-size: small\">-Aude Joseph, <a title=\"Biblioth\u00e8que de La Chaux-de-Fonds\" href=\"https:\/\/webappli.ne.ch\/Filmographie_neuchateloise\" target=\"_blank\">Filmographie neuch\u00e2teloise en ligne<\/a>, consult\u00e9e le 05.01.2015 (recherche \u00ab\u00a0Jean Borel\u00a0\u00bb).<\/p>\n<p style=\"text-align: justify;font-size: small\">-Lettre d\u2019Andr\u00e9 Bovet et Jean Borel (en t\u00eate de la Biblioth\u00e8que publique de la Ville de Neuch\u00e2tel) \u00e0 Georges Pirou\u00e9\/Guilde du Film de La Chaux-de-Fonds, 29.06.1946, Archives de la Guilde du film de La Chaux-de-Fonds, D\u00e9partement audiovisuel de la Biblioth\u00e8que de la Ville de La Chaux-de-Fonds.<\/p>\n<p style=\"text-align: justify;font-size: small\">-Lettre de Jean Borel aux cin\u00e9-clubs romands, 06.01.1947, Archives de la Guilde du film de La Chaux-de-Fonds, D\u00e9partement audiovisuel de la Biblioth\u00e8que de la Ville de La Chaux-de-Fonds.<\/p>\n<p style=\"text-align: justify;font-size: small\">-Lettre de Jean Borel \u00ab\u00a0pour la Biblioth\u00e8que du cin\u00e9ma\u00a0\u00bb au Cin\u00e9-club de Lausanne, 04.04.1947, CS, Fonds CSL 1, Q 3.1 Lausanne CCL, Chemise E 5.1 CCL 1946-1947.<\/p>\n<p style=\"text-align: justify;font-size: small\">-Proc\u00e8s-verbal de l\u2019Assembl\u00e9e G\u00e9n\u00e9rale de la F\u00e9d\u00e9ration suisse des Guildes du film et des cin\u00e9-clubs, 21.02.1948, CS, Fonds Ren\u00e9 Favre, bo\u00eete 12, chemise 1947-1949.<\/p>\n<p style=\"text-align: justify;font-size: small\">-Lettre de Fred Wyss \u00e0 Claude Emery, 30.11.1949, CS, Fonds Ren\u00e9 Favre &#8211; CSL 19, bo\u00eete 9, chemise Neuch\u00e2tel.<\/p>\n<p style=\"text-align: justify;font-size: small\">-Claude-Pierre Chambet, \u00ab\u00a0Un grand nom cach\u00e9 par un surnom\u00a0\u00bb, <em>L\u2019Express<\/em>, 20.01.1994, p. 12 (n\u00e9crologie).<\/p>\n<h3>Publications et r\u00e9alisations de Jean Borel<\/h3>\n<p style=\"text-align: justify;font-size: small\">-Jean Borel, <em>Histoire de l&rsquo;UNICA<\/em>, Neuch\u00e2tel, 1950\u00a0; 2e \u00e9d. augment\u00e9e, 1951.<\/p>\n<p style=\"text-align: justify;font-size: small\">-Jean Borel, [20 ans de cin\u00e9-club], 8 mm, 1939.<\/p>\n<p style=\"text-align: justify;font-size: small\">-Jean Borel, <em>Neuch\u00e2tel Centenaire 1948 : Premier Mars 1948<\/em>, prod. Club des cin\u00e9astes amateurs de Neuch\u00e2tel, 16 mm, 1948.<\/p>\n<p style=\"text-align: justify;font-size: small\">-Club des cin\u00e9astes amateurs de Neuch\u00e2tel, [Films de la F\u00eate des vendanges], 16 mm, 1948.<\/p>\n<h3>Illustration<\/h3>\n<p style=\"text-align: justify;font-size: small\">Photographie illustrant la n\u00e9crologie de Jean Borel dit \u00ab\u00a0Bozet \u00bb dans\u00a0<i>L\u2019Express<\/i>, 20.01.1994.<br \/>\n\u00a9 Jean-Jacques Luder.<\/p>\n<h3><a name=\"reference\"><\/a>R\u00e9f\u00e9rence<\/h3>\n<p style=\"text-align: justify;font-size: small\">Alessia Bottani, \u00ab Portrait de Jean Borel \u00bb, in Fr\u00e9d\u00e9ric Maire et Maria Tortajada (dir.), site Web <em>La Collaboration UNIL + Cin\u00e9math\u00e8que suisse<\/em>, www.unil-cinematheque.ch, f\u00e9vrier 2015.<\/p>\n<h3>Droits d\u2019auteur<\/h3>\n<p style=\"text-align: justify;font-size: small\">\u00a9 Alessia Bottani\/Collaboration UNIL + Cin\u00e9math\u00e8que suisse.<\/p>\n","protected":false},"excerpt":{"rendered":"<p>Projets Histoire de la Cin\u00e9math\u00e8que suisse Portraits Jean Borel Jean Borel, \u00b01906 &#8211; \u20201994 Neveu d\u2019Antoine Borel (1884-1968), qui fut conseiller aux \u00c9tats neuch\u00e2telois, Pr\u00e9sident de la Chambre suisse du cin\u00e9ma et Secr\u00e9taire de la Conf\u00e9rence des Chefs de d\u00e9partement<\/p>\n","protected":false},"author":1469,"featured_media":0,"parent":1923,"menu_order":28,"comment_status":"closed","ping_status":"closed","template":"","meta":{"_seopress_robots_primary_cat":"","_seopress_titles_title":"","_seopress_titles_desc":"","_seopress_robots_index":"","footnotes":""},"class_list":["post-1947","page","type-page","status-publish"],"_links":{"self":[{"href":"https:\/\/wp.unil.ch\/cinematheque-unil\/wp-json\/wp\/v2\/pages\/1947","targetHints":{"allow":["GET"]}}],"collection":[{"href":"https:\/\/wp.unil.ch\/cinematheque-unil\/wp-json\/wp\/v2\/pages"}],"about":[{"href":"https:\/\/wp.unil.ch\/cinematheque-unil\/wp-json\/wp\/v2\/types\/page"}],"author":[{"embeddable":true,"href":"https:\/\/wp.unil.ch\/cinematheque-unil\/wp-json\/wp\/v2\/users\/1469"}],"replies":[{"embeddable":true,"href":"https:\/\/wp.unil.ch\/cinematheque-unil\/wp-json\/wp\/v2\/comments?post=1947"}],"version-history":[{"count":0,"href":"https:\/\/wp.unil.ch\/cinematheque-unil\/wp-json\/wp\/v2\/pages\/1947\/revisions"}],"up":[{"embeddable":true,"href":"https:\/\/wp.unil.ch\/cinematheque-unil\/wp-json\/wp\/v2\/pages\/1923"}],"wp:attachment":[{"href":"https:\/\/wp.unil.ch\/cinematheque-unil\/wp-json\/wp\/v2\/media?parent=1947"}],"curies":[{"name":"wp","href":"https:\/\/api.w.org\/{rel}","templated":true}]}}