{"id":1867,"date":"2015-02-16T18:27:31","date_gmt":"2015-02-16T17:27:31","guid":{"rendered":"http:\/\/wp.unil.ch\/cinematheque-unil\/?page_id=1867"},"modified":"2018-03-14T16:46:38","modified_gmt":"2018-03-14T15:46:38","slug":"films-entretiens-documents-audiovisuels","status":"publish","type":"page","link":"https:\/\/wp.unil.ch\/cinematheque-unil\/projets\/une-histoire-de-la-cinematheque-suisse\/bibliographie\/films-entretiens-documents-audiovisuels\/","title":{"rendered":"Films, entretiens, documents audiovisuels"},"content":{"rendered":"<ol class=\"breadcrumb\">\n<li><a href=\"https:\/\/wp.unil.ch\/cinematheque-unil\/projets\/\">Projets<\/a><\/li>\n<li><a href=\"https:\/\/wp.unil.ch\/cinematheque-unil\/projets\/une-histoire-de-la-cinematheque-suisse\/\">Histoire de la Cin\u00e9math\u00e8que suisse<\/a><\/li>\n<li><a href=\"https:\/\/wp.unil.ch\/cinematheque-unil\/projets\/une-histoire-de-la-cinematheque-suisse\/bibliographie\/\">Bibliographie s\u00e9lective<\/a><\/li>\n<li class=\"current\"><a href=\"https:\/\/wp.unil.ch\/cinematheque-unil\/projets\/une-histoire-de-la-cinematheque-suisse\/bibliographie\/films-entretiens-documents-audiovisuels\/\">Films, entretiens, documents audiovisuels<\/a><\/li>\n<\/ol>\n<h5>Cin\u00e9-journal suisse<\/h5>\n<div style=\"margin-left: 138px;text-indent: -34px\">\n<p style=\"text-align: justify;font-size: small\">N\u00b01574, 05.10.1973 [titre : <em>Museum im Pferdestall \u2013 Un mus\u00e9e dans les \u00e9curies. La Cin\u00e9math\u00e8que a 25 ans \u2013 probl\u00e8mes d\u2019entreposage pour 40 mio de m\u00e8tres de film<\/em>, r\u00e9al. : Hermann Wetter].<\/p>\n<p style=\"text-align: justify;font-size: small\">N\u00b01492, 21.01.1972 [R\u00f4le de la Cin\u00e9math\u00e8que suisse].<\/p>\n<p style=\"text-align: justify;font-size: small\">N\u00b01062.4, 19.04.1963 [Exposition Georges M\u00e9li\u00e8s de la Cin\u00e9math\u00e8que fran\u00e7aise en Suisse].<\/p>\n<p style=\"text-align: justify;font-size: small\">N\u00b0928.3, 22.07.1960 [R\u00e9trospective Luis Bu\u00f1uel de la Cin\u00e9math\u00e8que suisse au Festival de Locarno].<\/p>\n<p style=\"text-align: justify;font-size: small\">N\u00b0896.1, 11.12.1959 [Semaine du cin\u00e9ma polonais \u00e0 Lausanne].<\/p>\n<p style=\"text-align: justify;font-size: small\">N\u00b0643.3, 22.10.1954 [Congr\u00e8s de la FIAF \u00e0 Lausanne].<\/p>\n<p style=\"text-align: justify;font-size: small\">N\u00b0546.6, 31.10.1952 [Semaine du cin\u00e9ma italien \u00e0 Lausanne].<\/p>\n<p style=\"text-align: justify;font-size: small\">N\u00b0452.4, 10.11.1950 [Semaine du cin\u00e9ma \u00e0 Lausanne, inauguration de la Cin\u00e9math\u00e8que suisse].<\/p>\n<p style=\"text-align: justify;font-size: small\">N\u00b0253.2, 14.09.1945 [Exposition Images du cin\u00e9ma fran\u00e7ais de la Cin\u00e9math\u00e8que fran\u00e7aise \u00e0 Lausanne].<\/p>\n<p style=\"text-align: justify;font-size: small\">N\u00b0252.1, 07.09.1945 [Congr\u00e8s international du film \u00e0 B\u00e2le].<\/p>\n<p style=\"text-align: justify;font-size: small\">N\u00b0161, 15.10.1943 [Les 10 jours du film \u00e0 B\u00e2le, inauguration du Schweizerisches Filmarchiv].<\/p>\n<\/div>\n<h5>Films, entretiens, reportages<\/h5>\n<div style=\"margin-left: 138px;text-indent: -34px\">\n<p style=\"text-align: justify;font-size: small\"><strong>Note\u00a0:<\/strong> les films distingu\u00e9s par un ast\u00e9risque (*) sont contenus dans le coffret <em>Freddy Buache<\/em>, 2 DVD, Cin\u00e9math\u00e8que suisse\/RTS, 2012.<\/p>\n<p style=\"text-align: justify;font-size: small\"><em>Freddy Buache<\/em>, Laure Adler (journaliste), \u00e9mission <em>Hors-Champs<\/em> (1\/2 et 2\/2), France Culture, 2014, 2 x 44\u2019.<\/p>\n<p style=\"text-align: justify;font-size: small\"><em>Freddy Buache, passeur du 7<sup>e<\/sup> art<\/em> (1\/2 et 2\/2), Michel Van Zele, 2007-2012, 53\u2019 et 44\u2019 (*).<\/p>\n<p style=\"text-align: justify;font-size: small\"><em>Freddy Buache, Le Cin\u00e9ma<\/em>, Fabrice Aragno, 2012, 46\u2019\u00a0: montage d\u2019archives de la RTS (*).<\/p>\n<p style=\"text-align: justify;font-size: small\">Entretien avec Andr\u00e9 Chevailler, site Web <a title=\"Cin\u00e9m\u00e9moire.ch\" href=\"https:\/\/wp.unil.ch\/cinememoire\/entretiens-realises\/entretien-avec-andre-chevailler-20-fevrier-2012\/\" target=\"_blank\">Cin\u00e9m\u00e9moire.ch \u2013 Une histoire orale du cin\u00e9ma suisse<\/a>, 2012, 126\u2019.<\/p>\n<p style=\"text-align: justify;font-size: small\">Entretien avec Freddy Buache, site Web <a title=\"Cin\u00e9m\u00e9moire.ch\" href=\"https:\/\/wp.unil.ch\/cinememoire\/entretiens-realises\/entretien-avec-freddy-buache-15-janvier-2011\/\" target=\"_blank\">Cin\u00e9m\u00e9moire.ch \u2013 Une histoire orale du cin\u00e9ma suisse<\/a>, 2011, 124\u2019.<\/p>\n<p style=\"text-align: justify;font-size: small\"><em>Freddy Buache, fondateur de la Cin\u00e9math\u00e8que suisse<\/em>, s\u00e9rie <em>Nous chez vous<\/em>, Serge Moisson, T\u00e9l\u00e9vision de la r\u00e9gion lausannoise, 2001, 55\u2019 [disponible en VHS].<\/p>\n<p style=\"text-align: justify;font-size: small\"><em>50. Jahre Cin\u00e9math\u00e8que suisse<\/em>, Madeleine Hirsiger (journaliste), SF, 11.11.1998, 56\u2019 [inclut un entretien avec Herv\u00e9 Dumont, <a title=\"SRF\" href=\"https:\/\/www.srf.ch\/kultur\/film-serien\/sind-mit-einem-server-absturz-alle-schweizer-filme-geloescht\" target=\"_blank\">visible sur le site de la SRF<\/a>].<\/p>\n<p style=\"text-align: justify;font-size: small\"><em>Freddy Buache, directeur-conservateur de la Cin\u00e9math\u00e8que suisse<\/em>, Bertil Galland, Plan Fixe n\u00b0 1031, Association Plans fixes, Yverdon, 1985, 53\u2019 [disponible en VHS].<\/p>\n<p style=\"text-align: justify;font-size: small\"><em>Lettre \u00e0 Freddy Buache \u00e0 propos d\u2019un court m\u00e9trage sur la ville de Lausanne<\/em>, Jean-Luc Godard, 35 mm, 1981, 11\u2019, [<a title=\"Ville de Lausanne\" href=\"https:\/\/www.lausanne.ch\/lausanne-en-bref\/lausanne-un-portrait\/lausanne-en-images\/videos\/filmer-lausanne.html\" target=\"_blank\">accessible sur le site Web de la Ville de Lausanne<\/a> avec une introduction de Freddy Buache et Fr\u00e9d\u00e9ric Sardet].<\/p>\n<\/div>\n<h5>Archives RTS<sup><a href=\"#note1\" name=\"retour au texte1\">1<\/a><\/sup><\/h5>\n<div style=\"margin-left: 138px;text-indent: -34px\">\n<p style=\"text-align: justify;font-size: small\">\u00c9mission \u00ab\u00a0Presque rien sur presque tout\u00a0\u00bb, Patrick Ferla (journaliste), <em>Entretien avec Freddy Buache, critique de cin\u00e9ma, et Marc Dugain, \u00e9crivain<\/em>, 19.05.2005, RSR, 49\u2019 [en \u00e9coute \u00e0 la BCUL Riponne, Lausanne].<\/p>\n<p style=\"text-align: justify;font-size: small\"><em>Freddy Buache<\/em>, Catherine Unger (journaliste), s\u00e9rie \u00ab\u00a0Les grands entretiens\u00a0\u00bb, TSR, 2002, 40\u2019 [disponible en VHS].<\/p>\n<p style=\"text-align: justify;font-size: small\">\u00c9mission \u00ab\u00a0Ab\u00e9c\u00e9daire\u00a0\u00bb, Michel D\u00e9n\u00e9riaz (journaliste), <em>L&rsquo;ab\u00e9c\u00e9daire de Freddy Buache, directeur de la Cin\u00e9math\u00e8que suisse<\/em>, RSR, 07.05.1989, 60\u2019 [en \u00e9coute \u00e0 la BCUL Riponne, Lausanne].<\/p>\n<p style=\"text-align: justify;font-size: small\"><em>La f\u00eate \u00e0 Freddy<\/em>, \u00ab\u00a0Sp\u00e9cial cin\u00e9ma\u00a0\u00bb, Christian Defaye (journaliste), TSR, 12.09.1988 [\u00e0 l\u2019occasion des 40 ans de la Cin\u00e9math\u00e8que suisse].<\/p>\n<p style=\"text-align: justify;font-size: small\">\u00c9mission \u00ab\u00a0Petit d\u00e9jeuner\u00a0\u00bb, Patrick Ferla (journaliste), <em>Entretien avec Freddy Buache, directeur de la Cin\u00e9math\u00e8que suisse<\/em>, RSR, 24.02.1987, 64\u2019 [en \u00e9coute \u00e0 la BCUL Riponne, Lausanne].<\/p>\n<p style=\"text-align: justify;font-size: small\">\u00c9mission \u00ab\u00a0Un jour, une heure\u00a0\u00bb, Michel Kellenberger (journaliste), TSR, 20.10.1981, extrait 3\u2019 <a title=\"RTS\" href=\"https:\/\/www.rts.ch\/archives\/tv\/information\/un-jour-une-heure\/3656020-cinematheque-suisse.html\" target=\"_blank\">[visible sur le site RTS archives]<\/a>.<\/p>\n<p style=\"text-align: justify;font-size: small\">[Sauvegarde des films], \u00e9mission \u00ab\u00a0Courrier Romand\u00a0\u00bb, TSR, 04.01.1972, extrait 8\u2019 <a title=\"RTS\" href=\"https:\/\/www.rts.ch\/archives\/tv\/information\/courrier-romand\/3440529-sauvegarde-des-films.html\" target=\"_blank\">[visible sur le site RTS archives]<\/a>.<\/p>\n<p style=\"text-align: justify;font-size: small\">[Cin\u00e9ma en t\u00eate\/Une vie pour le cin\u00e9ma], <em>Freddy Buache<\/em>, s\u00e9rie \u00ab\u00a0Personnalit\u00e9s suisses\u00a0\u00bb, Marie-Madeleine Brumagne (journaliste), Krassimira Rad (r\u00e9al.), TSR, 8 avril 1969, 51\u2019 <a title=\"RTS\" href=\"https:\/\/www.rts.ch\/archives\/tv\/culture\/personnalites-suisses\/3438172-cinema-en-tete.html\" target=\"_blank\">[visible sur le site RTS archives]<\/a> (*).<\/p>\n<p style=\"text-align: justify;font-size: small\">[Freddy Buache], \u00e9mission \u00ab\u00a0Le cin\u00e9ma et ses hommes\u00a0\u00bb, TSR, 17.10.1964, extrait 2\u2019 <a title=\"RTS\" href=\"https:\/\/www.rts.ch\/archives\/tv\/culture\/cinema-et-ses-hommes\/3440401-freddy-buache.html\" target=\"_blank\">[visible sur le site RTS archives]<\/a>.<\/p>\n<\/div>\n<div style=\"margin-left: 104px\">\n<p style=\"text-align: justify;font-size: small\"><strong>Notes<\/strong><\/p>\n<p style=\"text-align: justify;font-size: small\"><a name=\"note1\"><\/a>1. Cette br\u00e8ve liste, loin d\u2019\u00eatre exhaustive, est bas\u00e9e sur les documents accessibles sur le site RTS archives et en biblioth\u00e8que. L\u2019indexation syst\u00e9matique des apparitions de Freddy Buache et de la Cin\u00e9math\u00e8que suisse dans les \u00e9missions de la TSR et \u00e0 la radio reste \u00e0 effectuer. Notamment, durant les ann\u00e9es 1980, Freddy Buache est un h\u00f4te r\u00e9gulier de l\u2019\u00e9mission \u00ab\u00a0Sp\u00e9cial Cin\u00e9ma\u00a0\u00bb de Christian Defaye, dont certains extraits sont visibles sur le site RTS archives et dans le montage r\u00e9alis\u00e9 par Fabrice Aragno pour le double DVD <em>Freddy Buache<\/em> \u00e9dit\u00e9 par la Cin\u00e9math\u00e8que et la RTS en 2012 (<em>Freddy Buache, Le Cin\u00e9ma<\/em>). Une autre indexation serait \u00e0 faire pour la t\u00e9l\u00e9vision et radio al\u00e9manique et tessinoise.<br \/>\n-Les \u00e9missions en \u00e9coute \u00e0 la BCUL Riponne (Lausanne) figurent dans le catalogue sous \u00ab\u00a0Patrimoine multim\u00e9dia vaudois\u00a0\u00bb &gt; RTS Archives &gt; Personnalit\u00e9s vaudoises &gt; <a title=\"BCUL\" href=\"https:\/\/dbserv1-bcu.unil.ch\/persovd\/auteurvdnote.php?Mot=tsr&amp;Num=83\" target=\"_blank\">Freddy Buache<\/a>.<br \/>\n-Le titre indiqu\u00e9 entre crochets n\u2019est pas celui du document, mais celui de la page consacr\u00e9e \u00e0 ce document sur le site RTS archives.<a href=\"#retour au texte1\">?<\/a><\/p>\n<\/div>\n","protected":false},"excerpt":{"rendered":"<p>Projets Histoire de la Cin\u00e9math\u00e8que suisse Bibliographie s\u00e9lective Films, entretiens, documents audiovisuels Cin\u00e9-journal suisse N\u00b01574, 05.10.1973 [titre : Museum im Pferdestall \u2013 Un mus\u00e9e dans les \u00e9curies. La Cin\u00e9math\u00e8que a 25 ans \u2013 probl\u00e8mes d\u2019entreposage pour 40 mio de m\u00e8tres<\/p>\n","protected":false},"author":1469,"featured_media":0,"parent":191,"menu_order":38,"comment_status":"closed","ping_status":"closed","template":"","meta":{"_seopress_robots_primary_cat":"","_seopress_titles_title":"","_seopress_titles_desc":"","_seopress_robots_index":"","footnotes":""},"class_list":["post-1867","page","type-page","status-publish"],"_links":{"self":[{"href":"https:\/\/wp.unil.ch\/cinematheque-unil\/wp-json\/wp\/v2\/pages\/1867","targetHints":{"allow":["GET"]}}],"collection":[{"href":"https:\/\/wp.unil.ch\/cinematheque-unil\/wp-json\/wp\/v2\/pages"}],"about":[{"href":"https:\/\/wp.unil.ch\/cinematheque-unil\/wp-json\/wp\/v2\/types\/page"}],"author":[{"embeddable":true,"href":"https:\/\/wp.unil.ch\/cinematheque-unil\/wp-json\/wp\/v2\/users\/1469"}],"replies":[{"embeddable":true,"href":"https:\/\/wp.unil.ch\/cinematheque-unil\/wp-json\/wp\/v2\/comments?post=1867"}],"version-history":[{"count":0,"href":"https:\/\/wp.unil.ch\/cinematheque-unil\/wp-json\/wp\/v2\/pages\/1867\/revisions"}],"up":[{"embeddable":true,"href":"https:\/\/wp.unil.ch\/cinematheque-unil\/wp-json\/wp\/v2\/pages\/191"}],"wp:attachment":[{"href":"https:\/\/wp.unil.ch\/cinematheque-unil\/wp-json\/wp\/v2\/media?parent=1867"}],"curies":[{"name":"wp","href":"https:\/\/api.w.org\/{rel}","templated":true}]}}