{"id":1850,"date":"2015-02-16T17:52:33","date_gmt":"2015-02-16T16:52:33","guid":{"rendered":"http:\/\/wp.unil.ch\/cinematheque-unil\/?page_id=1850"},"modified":"2018-03-14T16:44:33","modified_gmt":"2018-03-14T15:44:33","slug":"cinematheque-suisse","status":"publish","type":"page","link":"https:\/\/wp.unil.ch\/cinematheque-unil\/projets\/une-histoire-de-la-cinematheque-suisse\/bibliographie\/cinematheque-suisse\/","title":{"rendered":"Cin\u00e9math\u00e8que suisse"},"content":{"rendered":"<ol class=\"breadcrumb\">\n<li><a href=\"https:\/\/wp.unil.ch\/cinematheque-unil\/projets\/\">Projets<\/a><\/li>\n<li><a href=\"https:\/\/wp.unil.ch\/cinematheque-unil\/projets\/une-histoire-de-la-cinematheque-suisse\/\">Histoire de la Cin\u00e9math\u00e8que suisse<\/a><\/li>\n<li><a href=\"https:\/\/wp.unil.ch\/cinematheque-unil\/projets\/une-histoire-de-la-cinematheque-suisse\/bibliographie\/\">Bibliographie s\u00e9lective<\/a><\/li>\n<li class=\"current\"><a href=\"https:\/\/wp.unil.ch\/cinematheque-unil\/projets\/une-histoire-de-la-cinematheque-suisse\/bibliographie\/cinematheque-suisse\/\">Cin\u00e9math\u00e8que suisse<\/a><\/li>\n<\/ol>\n<h5>Litt\u00e9rature primaire<\/h5>\n<div style=\"margin-left: 138px;text-indent: -34px\">\n<h5>Schweizerisches Filmarchiv (Archives cin\u00e9matographiques suisses)<\/h5>\n<p style=\"text-align: justify;font-size: small\"><em>Ausstellung Der Film gestern und heute, 01. Oktober &#8211; 07. November 1943<\/em>, Gewerbemuseum Basel [brochure 52 pages].<\/p>\n<p style=\"text-align: justify;font-size: small\">Peter B\u00e4chlin, \u00ab Das Schweizerische Filmarchiv \u00bb, in Basler Studentenschaft, Jubil\u00e4ums-Nummer, Basel, Benno Schwabe &amp; Co Verlag, nr.5, 25. Jahrgang, November 1944.<\/p>\n<p style=\"text-align: justify;font-size: small\">Peter B\u00e4chlin, <em>Der Film als Ware<\/em>, Basel, Burg-Verlag, 1945. \u00c9dition fran\u00e7aise : <em>Histoire \u00e9conomique du cin\u00e9ma<\/em>, introduction et traduction fran\u00e7aise de M\u00fcller-Strauss, Paris, La Nouvelle \u00c9dition, 1947.<\/p>\n<p style=\"text-align: justify;font-size: small\"><em>Cin\u00e9ma d\u2019aujourd\u2019hui. Congr\u00e8s international du cin\u00e9ma \u00e0 B\u00e2le<\/em>, Gen\u00e8ve\/Paris, \u00c9ditions des trois collines, coll. \u00ab\u00a0Cahiers de traits\u00a0\u00bb, n\u00b0 10, 1946.<\/p>\n<p style=\"text-align: justify;font-size: small\">Georg Schmidt, Werner Schmalenbach et Peter B\u00e4chlin, <em>Der Film wirtschaftlich, gesellschaftlich, k\u00fcnstlerisch<\/em>, Basel, Holbein, 1947. \u00c9dition fran\u00e7aise\u00a0: <em>Le Cin\u00e9ma. \u00c9conomie Sociologie Esth\u00e9tique<\/em>, B\u00e2le, Les \u00c9ditions Holbein, 1951, version fran\u00e7aise de Maurice Muller-Strauss.<\/p>\n<h5>\u00c9ditions de la Cin\u00e9math\u00e8que suisse (premi\u00e8re s\u00e9lection)<\/h5>\n<p style=\"text-align: justify;font-size: small\">Bulletin de la Cin\u00e9math\u00e8que suisse, 1954-1958<sup><a href=\"#note1\" name=\"retour au texte1\">1<\/a>.<\/sup><\/p>\n<p style=\"text-align: justify;font-size: small\">\u00ab\u00a0Documents de cin\u00e9ma\u00a0\u00bb, 1959-1980<sup><a href=\"#note2\" name=\"retour au texte2\">2<\/a>.<\/sup><\/p>\n<p style=\"text-align: justify;font-size: small\"><em>Dixi\u00e8me anniversaire de la Cin\u00e9math\u00e8que suisse \u00e0 Lausanne \u2013 Zum 10. Jahrestag der Gr\u00fcndung des schweizerischen Filmarchivs 1948-1958<\/em>, Lausanne, Cin\u00e9math\u00e8que suisse, 1958.<\/p>\n<p style=\"text-align: justify;font-size: small\">Freddy Buache et Hanspeter Manz, <em>Sauvegarde du patrimoine cin\u00e9matographique suisse \u2013 Rettung der Schweizerischen Filmvergangenheit<\/em>, Lausanne, Cin\u00e9math\u00e8que suisse, 1971.<\/p>\n<p style=\"text-align: justify;font-size: small\"><em>Livre d\u2019or de la Cin\u00e9math\u00e8que suisse 1943-1981<\/em>, Lausanne, Cin\u00e9math\u00e8que suisse, octobre 1981.<\/p>\n<p style=\"text-align: justify;font-size: small\"><em>La Cin\u00e9math\u00e8que suisse<\/em>, Lyon, Institut Lumi\u00e8re, 1983.<\/p>\n<p style=\"text-align: justify;font-size: small\"><em>Cin\u00e9math\u00e8que suisse. Le nouveau Centre de recherches et d\u2019archivage de Penthaz. Ouverture en 2015<\/em>, dossier de presse, Lausanne, 2011.<\/p>\n<h5>Publications de Freddy Buache\u00a0(hors presse \u00e9crite)<\/h5>\n<p style=\"text-align: justify;font-size: small\">Nous renvoyons \u00e0 la bibliographie \u00e9tablie par Andrea Rusconi dans <em>\u00ab La cin\u00e9math\u00e8que c\u2019est moi ! \u00bb Freddy Buache e la Cin\u00e9math\u00e8que suisse (1948-1975) : progetti\u00a0culturali e dibattiti ideologici<\/em>, m\u00e9moire de licence, Universit\u00e9 de Fribourg, 2007.<\/p>\n<\/div>\n<h5>Litt\u00e9rature secondaire<\/h5>\n<div style=\"margin-left: 138px;text-indent: -34px\">\n<h5>Histoire et collections<\/h5>\n<p style=\"text-align: justify;font-size: small\">\u00ab\u00a0Peter B\u00e4chlin \u00bb [entretien], <em>Cin\u00e9-Bulletin<\/em>, n\u00b0\u00a073-74, octobre-novembre 1981, pp. 7-11.<\/p>\n<p style=\"text-align: justify;font-size: small\">Fran\u00e7ois Albera, \u00ab Langlois \u00e0 Lausanne ! \u00bb, in Alain Boillat, Philipp Brunner et Barbara Fl\u00fcckiger (dir.), <em>Kino CH. Rezeption, \u00c4sthetik, Geschichte\/Cin\u00e9ma CH. R\u00e9ception, esth\u00e9tique, histoire<\/em>, Marburg, Sch\u00fcren, 2008, pp. 203-220.<\/p>\n<p style=\"text-align: justify;font-size: small\">\u2013, \u00ab L\u2019effarement\u2026 \u00bb, in Dominique Pa\u00efni (dir.), <em>Le Mus\u00e9e imaginaire d\u2019Henri Langlois<\/em>, Paris, Flammarion\/La Cin\u00e9math\u00e8que fran\u00e7aise, 2014, pp. 186-189.<\/p>\n<p style=\"text-align: justify;font-size: small\">Freddy Buache, <em>Derri\u00e8re l\u2019\u00e9cran. Entretiens avec Christophe Gallaz et Jean-Fran\u00e7ois Amiguet<\/em>, Lausanne, L\u2019\u00c2ge d\u2019homme, 1995 [r\u00e9\u00e9dition\u00a0: L\u2019\u00c2ge d\u2019homme, coll. \u00ab\u00a0Poche suisse\u00a0\u00bb, 2009].<\/p>\n<p style=\"text-align: justify;font-size: small\">Roland Cosandey, \u00ab\u00a0La Cin\u00e9math\u00e8que suisse\u00a0\u00bb, <em>Travelling<\/em>, n\u00b0 38, septembre-octobre 1973, pp. 2-15.<\/p>\n<p style=\"text-align: justify;font-size: small\">\u2013, \u00ab\u00a0La m\u00e9moire des origines\u00a0\u00bb, <em>Construire<\/em>, n\u00b0 47, 18 novembre 1981.<\/p>\n<p style=\"text-align: justify;font-size: small\">\u2013, \u00ab\u00a0Un film est un film. Historiographie du cin\u00e9ma et conservation du film\u00a0\u00bb, <em>Revue suisse d\u2019art et d\u2019arch\u00e9ologie<\/em>, vol. 42, cahier 1, 1985, pp. 35-46.<\/p>\n<p style=\"text-align: justify;font-size: small\">\u2013, \u00ab Explorer l\u2019archive. Films nazis : quelle collection ? \u00bb, site Web de la Cin\u00e9math\u00e8que suisse, rubrique \u00ab\u00a0Documents de cin\u00e9ma\u00a0\u00bb, 2012, <a title=\"Cin\u00e9math\u00e8que suisse\" href=\"https:\/\/www.cinematheque.ch\/f\/documents-de-cinema\/documents-de-cinema\/films-nazis\/\" target=\"_blank\">[consulter le document en ligne]<\/a>.<\/p>\n<p style=\"text-align: justify;font-size: small\">Roland Cosandey, Herv\u00e9 Dumont et Marcel Leiser, \u00ab\u00a0La Cin\u00e9math\u00e8que suisse. Entretien avec Freddy Buache\u00a0\u00bb, <em>Travelling<\/em>, n\u00b0 39, novembre-d\u00e9cembre 1973, pp. 18-32.<\/p>\n<p style=\"text-align: justify;font-size: small\">Robert Daudelin, \u00ab\u00a0La Cin\u00e9math\u00e8que suisse &#8211; Entretien avec Freddy Buache\u00a0\u00bb, <em>Journal of Film Preservation<\/em>, n\u00b0 77-78, 2008, pp. 58-72.<\/p>\n<p style=\"text-align: justify;font-size: small\">Christian Dimitriu, \u00ab La Cin\u00e9math\u00e8que suisse et son Centre de recherche et d\u2019archivage de Penthaz \u2013 60 ans d\u2019histoire et nouveau d\u00e9part \u00bb, <em>Journal of Film Preservation<\/em>, n\u00b0 85, octobre 2011, pp. 22-36.<\/p>\n<p style=\"text-align: justify;font-size: small\">Michel Dind, \u00ab Mon aventure au Cin\u00e9-Journal suisse \u00bb, Cin\u00e9-feuilles, 09.09.2016, p.20.<\/p>\n<p style=\"text-align: justify;font-size: small\">Herv\u00e9 Dumont, \u00ab\u00a0Des Archives du Film \u00e0 la Cin\u00e9math\u00e8que\u00a0\u00bb, <em>Histoire du cin\u00e9ma suisse : films de fiction, 1896-1965<\/em>, Lausanne, Cin\u00e9math\u00e8que suisse, 1987, pp. 370-373.<\/p>\n<p style=\"text-align: justify;font-size: small\">Andrea Rusconi,\u00a0<em>\u00ab La cin\u00e9math\u00e8que c\u2019est moi ! \u00bb Freddy Buache e la Cin\u00e9math\u00e8que suisse (1948-1975) : progetti\u00a0culturali e dibattiti ideologici<\/em>, m\u00e9moire de licence, Universit\u00e9 de Fribourg, 2007.<\/p>\n<\/div>\n<div style=\"margin-left: 104px\">\n<p style=\"text-align: justify;font-size: small\"><strong>Notes<\/strong><\/p>\n<p style=\"text-align: justify;font-size: small\"><a name=\"note1\"><\/a>1. Des extraits, introduits par Roland Cosandey, sont accessibles sur le site de la Cin\u00e9math\u00e8que suisse.<a href=\"#retour au texte1\">?<\/a><\/p>\n<p style=\"text-align: justify;font-size: small\"><a name=\"note2\"><\/a>2. Une bibliographie sp\u00e9cifique \u00e9tablie par Roland Cosandey et Tatiana Berseth est disponible sur le site de la Cin\u00e9math\u00e8que suisse.<a href=\"#retour au texte2\">?<\/a><\/p>\n<\/div>\n","protected":false},"excerpt":{"rendered":"<p>Projets Histoire de la Cin\u00e9math\u00e8que suisse Bibliographie s\u00e9lective Cin\u00e9math\u00e8que suisse Litt\u00e9rature primaire Schweizerisches Filmarchiv (Archives cin\u00e9matographiques suisses) Ausstellung Der Film gestern und heute, 01. Oktober &#8211; 07. November 1943, Gewerbemuseum Basel [brochure 52 pages]. Peter B\u00e4chlin, \u00ab Das Schweizerische Filmarchiv<\/p>\n","protected":false},"author":1469,"featured_media":0,"parent":191,"menu_order":37,"comment_status":"closed","ping_status":"closed","template":"","meta":{"_seopress_robots_primary_cat":"","_seopress_titles_title":"","_seopress_titles_desc":"","_seopress_robots_index":"","footnotes":""},"class_list":["post-1850","page","type-page","status-publish"],"_links":{"self":[{"href":"https:\/\/wp.unil.ch\/cinematheque-unil\/wp-json\/wp\/v2\/pages\/1850","targetHints":{"allow":["GET"]}}],"collection":[{"href":"https:\/\/wp.unil.ch\/cinematheque-unil\/wp-json\/wp\/v2\/pages"}],"about":[{"href":"https:\/\/wp.unil.ch\/cinematheque-unil\/wp-json\/wp\/v2\/types\/page"}],"author":[{"embeddable":true,"href":"https:\/\/wp.unil.ch\/cinematheque-unil\/wp-json\/wp\/v2\/users\/1469"}],"replies":[{"embeddable":true,"href":"https:\/\/wp.unil.ch\/cinematheque-unil\/wp-json\/wp\/v2\/comments?post=1850"}],"version-history":[{"count":0,"href":"https:\/\/wp.unil.ch\/cinematheque-unil\/wp-json\/wp\/v2\/pages\/1850\/revisions"}],"up":[{"embeddable":true,"href":"https:\/\/wp.unil.ch\/cinematheque-unil\/wp-json\/wp\/v2\/pages\/191"}],"wp:attachment":[{"href":"https:\/\/wp.unil.ch\/cinematheque-unil\/wp-json\/wp\/v2\/media?parent=1850"}],"curies":[{"name":"wp","href":"https:\/\/api.w.org\/{rel}","templated":true}]}}