{"id":1760,"date":"2015-02-07T14:11:06","date_gmt":"2015-02-07T13:11:06","guid":{"rendered":"http:\/\/wp.unil.ch\/cinematheque-unil\/?page_id=1760"},"modified":"2018-06-10T02:13:08","modified_gmt":"2018-06-10T00:13:08","slug":"cinema-suisse","status":"publish","type":"page","link":"https:\/\/wp.unil.ch\/cinematheque-unil\/projets\/le-cinema-de-nag-et-gisele-ansorge\/bibliographie-selective\/cinema-suisse\/","title":{"rendered":"Cin\u00e9ma suisse"},"content":{"rendered":"<ol class=\"breadcrumb\">\n<li><a href=\"https:\/\/wp.unil.ch\/cinematheque-unil\/projets\/\">Projets<\/a><\/li>\n<li><a href=\"https:\/\/wp.unil.ch\/cinematheque-unil\/projets\/le-cinema-de-nag-et-gisele-ansorge\/\">Le cin\u00e9ma de Nag et Gis\u00e8le Ansorge<\/a><\/li>\n<li><a href=\"https:\/\/wp.unil.ch\/cinematheque-unil\/projets\/le-cinema-de-nag-et-gisele-ansorge\/bibliographie-selective\/\">Bibliographie s\u00e9lective<\/a><\/li>\n<li class=\"current\"><a href=\"https:\/\/wp.unil.ch\/cinematheque-unil\/projets\/le-cinema-de-nag-et-gisele-ansorge\/bibliographie-selective\/cinema-suisse\/\">Cin\u00e9ma suisse<\/a><\/li>\n<\/ol>\n<div style=\"margin-left: 138px;text-indent: -34px\">\n<p style=\"text-align: justify;font-size: small\">Freddy Buache,\u00a0<em>Le cin\u00e9ma suisse 1898-1998<\/em>, Lausanne, L&rsquo;\u00c2ge d\u2019homme, 1998 [\u00e9dition revue et augment\u00e9e. 1\u00e8re \u00e9d. : 1974].<\/p>\n<p style=\"text-align: justify;font-size: small\">Herv\u00e9 Dumont et Maria Tortajada (dir.), <em>Histoire du cin\u00e9ma suisse<\/em>, Lausanne\/Hauterive, Cin\u00e9math\u00e8que suisse\/Attinger, 2007.<\/p>\n<p style=\"text-align: justify;font-size: small\">Olivier Moeschler, <em>Cin\u00e9ma suisse. Une politique culturelle en action : l\u2019\u00c9tat, les professionnels, les publics<\/em>, Lausanne, Presses polytechniques et universitaires romandes, 2011.<\/p>\n<p style=\"text-align: justify;font-size: small\">Catherine Seylaz-Dubuis (dir.), <em>Portraits de face. Regards crois\u00e9s sur la Collection Plans-Fixes<\/em>, Lausanne, Payot, 2002.<\/p>\n<\/div>\n","protected":false},"excerpt":{"rendered":"<p>Projets Le cin\u00e9ma de Nag et Gis\u00e8le Ansorge Bibliographie s\u00e9lective Cin\u00e9ma suisse Freddy Buache,\u00a0Le cin\u00e9ma suisse 1898-1998, Lausanne, L&rsquo;\u00c2ge d\u2019homme, 1998 [\u00e9dition revue et augment\u00e9e. 1\u00e8re \u00e9d. : 1974]. Herv\u00e9 Dumont et Maria Tortajada (dir.), Histoire du cin\u00e9ma suisse, Lausanne\/Hauterive,<\/p>\n","protected":false},"author":1469,"featured_media":0,"parent":1733,"menu_order":31,"comment_status":"closed","ping_status":"closed","template":"","meta":{"_seopress_robots_primary_cat":"","_seopress_titles_title":"","_seopress_titles_desc":"","_seopress_robots_index":"","footnotes":""},"class_list":["post-1760","page","type-page","status-publish"],"_links":{"self":[{"href":"https:\/\/wp.unil.ch\/cinematheque-unil\/wp-json\/wp\/v2\/pages\/1760","targetHints":{"allow":["GET"]}}],"collection":[{"href":"https:\/\/wp.unil.ch\/cinematheque-unil\/wp-json\/wp\/v2\/pages"}],"about":[{"href":"https:\/\/wp.unil.ch\/cinematheque-unil\/wp-json\/wp\/v2\/types\/page"}],"author":[{"embeddable":true,"href":"https:\/\/wp.unil.ch\/cinematheque-unil\/wp-json\/wp\/v2\/users\/1469"}],"replies":[{"embeddable":true,"href":"https:\/\/wp.unil.ch\/cinematheque-unil\/wp-json\/wp\/v2\/comments?post=1760"}],"version-history":[{"count":0,"href":"https:\/\/wp.unil.ch\/cinematheque-unil\/wp-json\/wp\/v2\/pages\/1760\/revisions"}],"up":[{"embeddable":true,"href":"https:\/\/wp.unil.ch\/cinematheque-unil\/wp-json\/wp\/v2\/pages\/1733"}],"wp:attachment":[{"href":"https:\/\/wp.unil.ch\/cinematheque-unil\/wp-json\/wp\/v2\/media?parent=1760"}],"curies":[{"name":"wp","href":"https:\/\/api.w.org\/{rel}","templated":true}]}}