{"id":1327,"date":"2015-01-05T19:32:28","date_gmt":"2015-01-05T18:32:28","guid":{"rendered":"http:\/\/wp.unil.ch\/cinematheque-unil\/?page_id=1327"},"modified":"2018-10-12T12:53:20","modified_gmt":"2018-10-12T10:53:20","slug":"colloque-hors-cadre-le-cinema-experimental-en-suisse-depuis-les-annees-1950","status":"publish","type":"page","link":"https:\/\/wp.unil.ch\/cinematheque-unil\/evenements\/colloque-hors-cadre-le-cinema-experimental-en-suisse-depuis-les-annees-1950\/","title":{"rendered":"Colloque \u00ab Hors-cadre. Le cin\u00e9ma exp\u00e9rimental en Suisse depuis les ann\u00e9es 1950 \u00bb"},"content":{"rendered":"<ol class=\"breadcrumb\">\n<li><a href=\"https:\/\/wp.unil.ch\/cinematheque-unil\/evenements\/\">\u00c9v\u00e9nements<\/a><\/li>\n<li class=\"current\"><a href=\"https:\/\/wp.unil.ch\/cinematheque-unil\/evenements\/colloque-hors-cadre-le-cinema-experimental-en-suisse-depuis-les-annees-1950\/\">Hors-cadre<\/a><\/li>\n<\/ol>\n<h6 style=\"text-align: center\">Colloque<\/h6>\n<h5 style=\"text-align: center\">\u00ab Hors-cadre. Le cin\u00e9ma exp\u00e9rimental en Suisse depuis les ann\u00e9es 1950\u00a0\u00bb<\/h5>\n<h6 style=\"text-align: center\">sous la direction de Fran\u00e7ois Bovier, Adeena Mey, Thomas Sch\u00e4rer et Fred Truniger<\/h6>\n<p style=\"text-align: center\">26-29 janvier 2012<\/p>\n<p style=\"text-align: center;font-size: medium\"><a href=\"https:\/\/wp.unil.ch\/cinematheque-unil\/files\/2015\/01\/AFFICHE_HORS_CADRE.jpg\"><img loading=\"lazy\" decoding=\"async\" class=\"aligncenter size-full wp-image-1331\" src=\"https:\/\/wp.unil.ch\/cinematheque-unil\/files\/2015\/01\/AFFICHE_HORS_CADRE.jpg\" alt=\"AFFICHE_HORS_CADRE\" width=\"460\" height=\"650\" srcset=\"https:\/\/wp.unil.ch\/cinematheque-unil\/files\/2015\/01\/AFFICHE_HORS_CADRE.jpg 460w, https:\/\/wp.unil.ch\/cinematheque-unil\/files\/2015\/01\/AFFICHE_HORS_CADRE-212x300.jpg 212w\" sizes=\"auto, (max-width: 460px) 100vw, 460px\" \/><\/a><\/p>\n<p style=\"text-align: justify\">The international colloquium <em>Hors-Cadre<\/em> and the associated program of Swiss experimental films organised at the Swiss Cin\u00e9math\u00e8que extends and offers a first assessment of the research project <em>Schweizer Film Experimente<\/em> funded by the Swiss National Science Foundation, conducted at the Zurich University of Art and design (ZHdK, Institute for the Performing Arts and Film) and the University of Lausanne (department of Film History and Aesthetics). The event gathers researchers from Switzerland with speakers and respondents from europe and the United States, all specialists in the fields of experimental cinema and contemporary art. At stakes is the articulation of questions of methodology for the historical study of a fragmented, scattered and rather marginal phenomenon, with the analysis of the aesthetic, social and political dimensions of a body of works that precludes all pre-existing categorisation. The aim is to render this field legible by defining several relevant interpretative frames. Thus, the detailed analysis of singular cases embedded in the Swiss context and the resort to frames of reference that exceeds and contests nation-based questions are closely intertwined. Among many possible ways to investigate, we have chosen two main directions so as to offer the most precise survey of a research still in its making: sociological and institutional readings based on studies of critical reception, structures of production and diffusion, as well as aesthetic and methodological perspectives which are confronted with diverse interacting fields, mostly filmic experiments, contemporary art and militant cinema. This distribution is reflected in the structure of the colloquium, which takes place over two days, alternating conferences and discussions that will lead to general debates with the guests around the following questions: <em>How to write a Minor History of a fragmented cinema?<\/em> and <em>On interactions between experimental cinema and contemporary art<\/em>. By so doing, we aim at identifying multiple and non- unified experimental filmic practices at the intersections of amateur cinema, artist film and forms of dIY work by filmmakers that subsequently come to be integrated within the professional sphere. our use of the category of \u201cexperimental cinema\u201d is intended to designate a set of filmic research thought as an autonomous field in the 1960s\u20131970s and the inheritor of the historical avant-gardes, whose nature itself is still open to debate (hence the multiplicity of terms such as: different cinema, independent cinema, marginal cinema, underground cinema, other cinema, young cinema, beatnik cinema, visionary cinema, artists\u2019 film&#8230;). In this regard, it is remarkable that Switzerland did not see the emergence of a scene modelled on the New American Cinema or the British Structural-Materialist filmmakers. Instead, one can observe multiple isolated experimental approaches, which sometimes refer to the two former, or others (abstract cinema, psychedelic cinema, diaristic forms).<\/p>\n<p style=\"text-align: justify\">These questions also traverse the film program of <em>Hors-Cadre<\/em>, taking place over four evenings, respectively entitled: <em>Portraits of an Alternative Community<\/em>; <em>Topographies and Urban Spaces<\/em>; <em>Performativity and Processes of Creation<\/em>; <em>Rhythms and Gestures<\/em>. If the film program does not reproduce the disciplinary boundaries of the conferences, it nevertheless echoes similar issues of heterogeneous practices and of formal strategies by setting artists\u2019 films against the work of locally established filmmakers or evolving outside the traditional systems of production. Most works comprised in the program evoke a forgotten chapter in the history of experimental cinema that stands at the margins of the emergence of the New Swiss Cinema while it reflects enterprises undertaken on an international scale. Made by artists or independent filmmakers, these films are either portraits that make use of discontinuous editing techniques and superimposition, documentation of performances, abstract animation, experiments with elementary formal structures, essays on creative processes, as well as filmic diaries. Yet, limitations in the curatorial process should be stressed since the selection of films was restricted by a contingent limited access to certain pieces of work, nor does it fulfil any theoretical conceptualisation or academic endeavour aiming at reconstructing the emerging modes of alternative representation.<\/p>\n<p style=\"text-align: center;font-size: small\"><strong>Programme<\/strong><\/p>\n<p style=\"text-align: center;font-size: small\"><a href=\"https:\/\/wp.unil.ch\/cinematheque-unil\/files\/2015\/01\/PROGRAMME_HORS_CADRE.pdf\" target=\"_blank\">T\u00e9l\u00e9charger.<\/a><\/p>\n<p style=\"text-align: center;font-size: small\"><em>Voir aussi la <a title=\"Section cin\u00e9ma\" href=\"https:\/\/www.unil.ch\/cin\/home\/menuinst\/les-evenements\/swiss-film-experiments.html\" target=\"_blank\">page<\/a> de la Section d&rsquo;histoire et esth\u00e9tique du cin\u00e9ma.<\/em><\/p>\n","protected":false},"excerpt":{"rendered":"<p>\u00c9v\u00e9nements Hors-cadre Colloque \u00ab Hors-cadre. Le cin\u00e9ma exp\u00e9rimental en Suisse depuis les ann\u00e9es 1950\u00a0\u00bb sous la direction de Fran\u00e7ois Bovier, Adeena Mey, Thomas Sch\u00e4rer et Fred Truniger 26-29 janvier 2012 The international colloquium Hors-Cadre and the associated program of Swiss<\/p>\n","protected":false},"author":1469,"featured_media":0,"parent":1226,"menu_order":56,"comment_status":"closed","ping_status":"closed","template":"","meta":{"_seopress_robots_primary_cat":"","_seopress_titles_title":"","_seopress_titles_desc":"","_seopress_robots_index":"","footnotes":""},"class_list":["post-1327","page","type-page","status-publish"],"_links":{"self":[{"href":"https:\/\/wp.unil.ch\/cinematheque-unil\/wp-json\/wp\/v2\/pages\/1327","targetHints":{"allow":["GET"]}}],"collection":[{"href":"https:\/\/wp.unil.ch\/cinematheque-unil\/wp-json\/wp\/v2\/pages"}],"about":[{"href":"https:\/\/wp.unil.ch\/cinematheque-unil\/wp-json\/wp\/v2\/types\/page"}],"author":[{"embeddable":true,"href":"https:\/\/wp.unil.ch\/cinematheque-unil\/wp-json\/wp\/v2\/users\/1469"}],"replies":[{"embeddable":true,"href":"https:\/\/wp.unil.ch\/cinematheque-unil\/wp-json\/wp\/v2\/comments?post=1327"}],"version-history":[{"count":0,"href":"https:\/\/wp.unil.ch\/cinematheque-unil\/wp-json\/wp\/v2\/pages\/1327\/revisions"}],"up":[{"embeddable":true,"href":"https:\/\/wp.unil.ch\/cinematheque-unil\/wp-json\/wp\/v2\/pages\/1226"}],"wp:attachment":[{"href":"https:\/\/wp.unil.ch\/cinematheque-unil\/wp-json\/wp\/v2\/media?parent=1327"}],"curies":[{"name":"wp","href":"https:\/\/api.w.org\/{rel}","templated":true}]}}