{"id":620,"date":"2024-08-01T19:06:10","date_gmt":"2024-08-01T17:06:10","guid":{"rendered":"https:\/\/wp.unil.ch\/chronozones\/?page_id=620"},"modified":"2024-08-01T19:06:11","modified_gmt":"2024-08-01T17:06:11","slug":"chronozones-29-2024","status":"publish","type":"page","link":"https:\/\/wp.unil.ch\/chronozones\/numeros\/chronozones-29-2024\/","title":{"rendered":"Chronozones 29 (2024)"},"content":{"rendered":"\n<p class=\"has-medium-font-size\">Sommaire<\/p>\n\n\n\n<p>Dossier th\u00e9matique : <em><strong>La t\u00eate dans les \u00e9toiles<\/strong><\/em><\/p>\n\n\n\n<ul class=\"wp-block-list\">\n<li><em>Giacomo Z\u00fcrcher<\/em>, <strong>Certains ont la t\u00eate dans les \u00e9toiles, d\u2019autres juste les cheveux<\/strong><\/li>\n\n\n\n<li><em>Ga\u00ebtan Locher<\/em>, <strong>Auguste et le signe du Capricorne<\/strong><\/li>\n\n\n\n<li><em>Alexy Page<\/em>, <strong>L\u2019ambigu\u00eft\u00e9 des divinit\u00e9s \u00e9gyptiennes : Bastet et Sekhmet<\/strong><\/li>\n\n\n\n<li><em>A.B.T.J.<\/em>, <strong>Vin de Merveille : une recherche de la fin du XIX<sup>e<\/sup> si\u00e8cle<\/strong><\/li>\n<\/ul>\n\n\n\n<p>Materia<\/p>\n\n\n\n<ul class=\"wp-block-list\">\n<li><em>Lara Biethenholz<\/em>, <strong>Quelques viols mythologiques : classification et analyse<\/strong><\/li>\n\n\n\n<li><em>Ga\u00ebtan Locher<\/em>, <strong>L\u2019ancre s\u00e9leucide sur les monnayages grecs et orientaux<\/strong><\/li>\n\n\n\n<li><em>Sarah K\u00e4mpf<\/em>, <strong>Une guerri\u00e8re viking s\u2019invite \u00e0 la bataille ?<\/strong><\/li>\n\n\n\n<li><em>Jo\u00eblle Masson<\/em>, <strong>La prise de parole en public des femmes dans le monde romain<\/strong><\/li>\n<\/ul>\n\n\n\n<p>Antemnae<\/p>\n\n\n\n<ul class=\"wp-block-list\">\n<li><em>Maxime Aubert<\/em>, <strong><em>Escape game <\/em>\u00ab Le dernier secret de Pomp\u00e9i \u00bb : une immersion p\u00e9dagogique en 79 de notre \u00e8re<\/strong><\/li>\n<\/ul>\n\n\n\n<p>\u00c9v\u00e9nement<\/p>\n\n\n\n<ul class=\"wp-block-list\">\n<li><em>Camilla Proto<\/em>, <strong><em>Coming soon<\/em> : \u00e9dition 2024 des Jeux Olympiques de l\u2019ASA<\/strong><\/li>\n<\/ul>\n\n\n\n<p><a href=\"https:\/\/wp.unil.ch\/chronozones\/commander\/\">Commande de num\u00e9ros de Chronozones<\/a> \u2022 Retour \u00e0 la <a href=\"https:\/\/wp.unil.ch\/chronozones\/numeros\/\">liste des num\u00e9ros<\/a><\/p>\n","protected":false},"excerpt":{"rendered":"<p>Sommaire Dossier th\u00e9matique : La t\u00eate dans les \u00e9toiles Materia Antemnae \u00c9v\u00e9nement Commande de num\u00e9ros de Chronozones \u2022 Retour \u00e0 la liste des num\u00e9ros<\/p>\n","protected":false},"author":1002696,"featured_media":0,"parent":9,"menu_order":29,"comment_status":"open","ping_status":"closed","template":"","meta":{"_seopress_robots_primary_cat":"","_seopress_titles_title":"","_seopress_titles_desc":"","_seopress_robots_index":"","footnotes":""},"class_list":["post-620","page","type-page","status-publish"],"_links":{"self":[{"href":"https:\/\/wp.unil.ch\/chronozones\/wp-json\/wp\/v2\/pages\/620","targetHints":{"allow":["GET"]}}],"collection":[{"href":"https:\/\/wp.unil.ch\/chronozones\/wp-json\/wp\/v2\/pages"}],"about":[{"href":"https:\/\/wp.unil.ch\/chronozones\/wp-json\/wp\/v2\/types\/page"}],"author":[{"embeddable":true,"href":"https:\/\/wp.unil.ch\/chronozones\/wp-json\/wp\/v2\/users\/1002696"}],"replies":[{"embeddable":true,"href":"https:\/\/wp.unil.ch\/chronozones\/wp-json\/wp\/v2\/comments?post=620"}],"version-history":[{"count":1,"href":"https:\/\/wp.unil.ch\/chronozones\/wp-json\/wp\/v2\/pages\/620\/revisions"}],"predecessor-version":[{"id":621,"href":"https:\/\/wp.unil.ch\/chronozones\/wp-json\/wp\/v2\/pages\/620\/revisions\/621"}],"up":[{"embeddable":true,"href":"https:\/\/wp.unil.ch\/chronozones\/wp-json\/wp\/v2\/pages\/9"}],"wp:attachment":[{"href":"https:\/\/wp.unil.ch\/chronozones\/wp-json\/wp\/v2\/media?parent=620"}],"curies":[{"name":"wp","href":"https:\/\/api.w.org\/{rel}","templated":true}]}}