{"id":393,"date":"2023-10-19T10:40:00","date_gmt":"2023-10-19T08:40:00","guid":{"rendered":"https:\/\/wp.unil.ch\/chronozones\/?page_id=393"},"modified":"2023-10-19T11:33:22","modified_gmt":"2023-10-19T09:33:22","slug":"chronozones-27-2022","status":"publish","type":"page","link":"https:\/\/wp.unil.ch\/chronozones\/numeros\/chronozones-27-2022\/","title":{"rendered":"Chronozones 27  (2022)"},"content":{"rendered":"\n<p class=\"has-medium-font-size\"><strong>Sommaire<\/strong><\/p>\n\n\n\n<p>Dossier th\u00e9matique : <em><strong>Pour la gloire<\/strong><\/em><\/p>\n\n\n\n<ul class=\"wp-block-list\">\n<li><em>Carla Amaya<\/em>, <strong>Le \u03ba\u03bb\u03ad\u03bf\u03c2 iliadique : un enjeu po\u00e9tique et social<\/strong><\/li>\n\n\n\n<li><em>Daniel Burdet<\/em>, <strong>Les fourreaux de Gemellianus \u00e0 <em>Aquae Helueticae <\/em>: un nom qui s&rsquo;exporte<\/strong><\/li>\n\n\n\n<li><em>Ga\u00ebtan Locher<\/em>, <strong>Alexandre le Grand, l\u00e9gende hom\u00e9rique ou champion du panhell\u00e9nisme ?<\/strong><\/li>\n\n\n\n<li><em>Maude Benoit<\/em>, <strong>Les grandes Panath\u00e9n\u00e9es : des amphores \u00e0 tout prix<\/strong><\/li>\n\n\n\n<li><em>Lucien Raboud et Michael Wagni\u00e8res<\/em>, <strong>Vercing\u00e9torix, le \u00ab\u00a0Premier des Fran\u00e7ais\u00a0\u00bb \u00e0 la conqu\u00eate de l&#8217;empire vid\u00e9oludique<\/strong><\/li>\n<\/ul>\n\n\n\n<p>Materia<\/p>\n\n\n\n<ul class=\"wp-block-list\">\n<li><em>Chlo\u00e9 de Giacometti<\/em>, <strong>Un levier de compr\u00e9hension pour la culture antique au Mus\u00e9e romain de Lausanne-Vidy<\/strong><\/li>\n\n\n\n<li><em>Allison Galimberti<\/em>, <strong>Orph\u00e9e, un roi thrace en Lusitanie<\/strong><\/li>\n\n\n\n<li><em>Ludovic Solioz<\/em>, <strong>La bataille d&rsquo;Azincourt : une histoire d&rsquo;\u00e9quipement<\/strong><\/li>\n\n\n\n<li><em>Ludivine Colombara<\/em>, <strong>Les tr\u00e9sors de Delphes<\/strong><\/li>\n\n\n\n<li><em>Tanguy Desimone<\/em>, <strong>Lucullus, introducteur des cerises \u00e0 Rome ?<\/strong><\/li>\n\n\n\n<li><em>Luca Engeler<\/em>, <strong><em>Vrbs opulentissima <\/em>: Tr\u00e8ves du Haut-Empire \u00e0 Constantin<\/strong><\/li>\n\n\n\n<li><em>Naguy Belkhir<\/em>, <strong>Comment romaniser un culte oriental ? Le cas de <em>Magna Mater<\/em><\/strong><\/li>\n\n\n\n<li><em>Francesca Virgillo<\/em>, <strong>Le m\u00e9tier \u00e0 tisser \u00e0 pesons dans l&rsquo;Antiquit\u00e9 : structure et fonctionnement<\/strong><\/li>\n<\/ul>\n\n\n\n<p>Antemnae<\/p>\n\n\n\n<ul class=\"wp-block-list\">\n<li><em>Lara Bietenholz<\/em>, <strong><em>Sur le meurtre d&rsquo;Eratosth\u00e8ne <\/em>: entre homicide et adult\u00e8re<\/strong><\/li>\n<\/ul>\n\n\n\n<p>\u00c9v\u00e9nement<\/p>\n\n\n\n<ul class=\"wp-block-list\">\n<li><em>No\u00e9mie Favre<\/em>, <em><strong>Coming soon <\/strong><\/em><strong>: JO antiques&#8230; vous avez dit antiques ?<\/strong><\/li>\n<\/ul>\n\n\n\n<p><a href=\"https:\/\/wp.unil.ch\/chronozones\/commander\/\">Commande de num\u00e9ros de Chronozones<\/a> \u2022 Retour \u00e0 la <a href=\"https:\/\/wp.unil.ch\/chronozones\/numeros\/\">liste des num\u00e9ros<\/a><\/p>\n","protected":false},"excerpt":{"rendered":"<p>Sommaire Dossier th\u00e9matique : Pour la gloire Materia Antemnae \u00c9v\u00e9nement Commande de num\u00e9ros de Chronozones \u2022 Retour \u00e0 la liste des num\u00e9ros<\/p>\n","protected":false},"author":1002696,"featured_media":0,"parent":9,"menu_order":27,"comment_status":"closed","ping_status":"closed","template":"","meta":{"_seopress_robots_primary_cat":"","_seopress_titles_title":"","_seopress_titles_desc":"","_seopress_robots_index":"","footnotes":""},"class_list":["post-393","page","type-page","status-publish"],"_links":{"self":[{"href":"https:\/\/wp.unil.ch\/chronozones\/wp-json\/wp\/v2\/pages\/393","targetHints":{"allow":["GET"]}}],"collection":[{"href":"https:\/\/wp.unil.ch\/chronozones\/wp-json\/wp\/v2\/pages"}],"about":[{"href":"https:\/\/wp.unil.ch\/chronozones\/wp-json\/wp\/v2\/types\/page"}],"author":[{"embeddable":true,"href":"https:\/\/wp.unil.ch\/chronozones\/wp-json\/wp\/v2\/users\/1002696"}],"replies":[{"embeddable":true,"href":"https:\/\/wp.unil.ch\/chronozones\/wp-json\/wp\/v2\/comments?post=393"}],"version-history":[{"count":0,"href":"https:\/\/wp.unil.ch\/chronozones\/wp-json\/wp\/v2\/pages\/393\/revisions"}],"up":[{"embeddable":true,"href":"https:\/\/wp.unil.ch\/chronozones\/wp-json\/wp\/v2\/pages\/9"}],"wp:attachment":[{"href":"https:\/\/wp.unil.ch\/chronozones\/wp-json\/wp\/v2\/media?parent=393"}],"curies":[{"name":"wp","href":"https:\/\/api.w.org\/{rel}","templated":true}]}}