{"id":315,"date":"2020-10-03T12:33:45","date_gmt":"2020-10-03T10:33:45","guid":{"rendered":"https:\/\/wp.unil.ch\/chronozones\/?page_id=315"},"modified":"2025-10-22T16:54:21","modified_gmt":"2025-10-22T14:54:21","slug":"contribuer-au-bulletin","status":"publish","type":"page","link":"https:\/\/wp.unil.ch\/chronozones\/contribuer-au-bulletin\/","title":{"rendered":"Contribuer au bulletin"},"content":{"rendered":"\n<p>Tou\u00b7te\u00b7s les membres \u00e9tudiant\u00b7e\u00b7s de l&rsquo;Institut d&rsquo;Arch\u00e9ologie et des Sciences de l&rsquo;Antiquit\u00e9 de l&rsquo;Universit\u00e9 de Lausanne sont les bienvenu\u00b7e\u00b7s pour proposer un article dans le prochain num\u00e9ro de la revue. <\/p>\n\n\n\n<p>Le num\u00e9ro 31 (2026) aura pour titre \u00ab <strong>\u00c0 perte de rues<\/strong>\u00a0\u00bb.<\/p>\n\n\n\n<p>Plus largement, toute proposition de contribution en rapport avec l&rsquo;Antiquit\u00e9 et sa r\u00e9ception peut \u00eatre soumise au comit\u00e9, m\u00eame sans lien avec le th\u00e8me du dossier. <\/p>\n\n\n\n<p>Afin de proposer une contribution, merci de prendre contact avec le comit\u00e9, directement<a href=\"https:\/\/wp.unil.ch\/chronozones\/contact\/\"> sur notre site<\/a>, ou via l&#8217;email <a href=\"mailto:chronozones@unil.ch\">chronozones@unil.ch<\/a>. Les exigences r\u00e9dactionnelles et les d\u00e9lais se trouvent ci-dessous. <\/p>\n\n\n\n<p><\/p>\n\n\n\n<div class=\"wp-block-buttons has-custom-font-size has-small-font-size is-horizontal is-content-justification-left is-layout-flex wp-container-core-buttons-is-layout-7e5fce0a wp-block-buttons-is-layout-flex\">\n<div class=\"wp-block-button\"><a class=\"wp-block-button__link wp-element-button\" href=\"https:\/\/wp.unil.ch\/chronozones\/files\/2025\/10\/exigences-cz31.pdf\">Exigences r\u00e9dactionnelles CZ 31 (2025-2026)<\/a><\/div>\n<\/div>\n\n\n\n<div style=\"height:21px\" aria-hidden=\"true\" class=\"wp-block-spacer\"><\/div>\n\n\n\n<p>Pour les \u00e9tudiant\u00b7e\u00b7s inscrit\u00b7e\u00b7s en cursus de Master, en \u00ab\u00a0Sciences de l&rsquo;Antiquit\u00e9\u00a0\u00bb,  il est aussi possible de faire valider la r\u00e9daction et la mise en page d&rsquo;un article (voir le plan d&rsquo;\u00e9tude, <a rel=\"noreferrer noopener\" href=\"https:\/\/applicationspub.unil.ch\/interpub\/noauth\/php\/Ud\/ficheCours.php?v_enstyid=57151&amp;v_ueid=174&amp;v_langue=37\" target=\"_blank\">module  MA-ASA-3040<\/a>). Il faut alors prendre contact avec le comit\u00e9 et la prof. Mme Anne Bielman, responsable de la validation du module. <\/p>\n\n\n\n<div class=\"wp-block-buttons has-custom-font-size has-small-font-size is-horizontal is-content-justification-left is-layout-flex wp-container-core-buttons-is-layout-7e5fce0a wp-block-buttons-is-layout-flex\">\n<div class=\"wp-block-button\"><a class=\"wp-block-button__link wp-element-button\" href=\"https:\/\/wp.unil.ch\/chronozones\/files\/2025\/10\/protocole-validation_cz31.docx.pdf\">Protocole de validation CZ 31 (2025-2026)<\/a><\/div>\n\n\n\n<div class=\"wp-block-button\"><a class=\"wp-block-button__link wp-element-button\" href=\"https:\/\/wp.unil.ch\/chronozones\/files\/2025\/10\/attestation-relecture-cz_formulaire.pdf\">Attestation de relecture<\/a><\/div>\n<\/div>\n\n\n\n<p><\/p>\n","protected":false},"excerpt":{"rendered":"<p>Tou\u00b7te\u00b7s les membres \u00e9tudiant\u00b7e\u00b7s de l&rsquo;Institut d&rsquo;Arch\u00e9ologie et des Sciences de l&rsquo;Antiquit\u00e9 de l&rsquo;Universit\u00e9 de Lausanne sont les bienvenu\u00b7e\u00b7s pour proposer un article dans le prochain num\u00e9ro de la revue. &hellip; <\/p>\n","protected":false},"author":1001430,"featured_media":0,"parent":0,"menu_order":0,"comment_status":"closed","ping_status":"closed","template":"","meta":{"_seopress_robots_primary_cat":"","_seopress_titles_title":"","_seopress_titles_desc":"","_seopress_robots_index":"","footnotes":""},"class_list":["post-315","page","type-page","status-publish"],"_links":{"self":[{"href":"https:\/\/wp.unil.ch\/chronozones\/wp-json\/wp\/v2\/pages\/315","targetHints":{"allow":["GET"]}}],"collection":[{"href":"https:\/\/wp.unil.ch\/chronozones\/wp-json\/wp\/v2\/pages"}],"about":[{"href":"https:\/\/wp.unil.ch\/chronozones\/wp-json\/wp\/v2\/types\/page"}],"author":[{"embeddable":true,"href":"https:\/\/wp.unil.ch\/chronozones\/wp-json\/wp\/v2\/users\/1001430"}],"replies":[{"embeddable":true,"href":"https:\/\/wp.unil.ch\/chronozones\/wp-json\/wp\/v2\/comments?post=315"}],"version-history":[{"count":4,"href":"https:\/\/wp.unil.ch\/chronozones\/wp-json\/wp\/v2\/pages\/315\/revisions"}],"predecessor-version":[{"id":771,"href":"https:\/\/wp.unil.ch\/chronozones\/wp-json\/wp\/v2\/pages\/315\/revisions\/771"}],"wp:attachment":[{"href":"https:\/\/wp.unil.ch\/chronozones\/wp-json\/wp\/v2\/media?parent=315"}],"curies":[{"name":"wp","href":"https:\/\/api.w.org\/{rel}","templated":true}]}}