{"id":173,"date":"2025-01-28T11:17:05","date_gmt":"2025-01-28T10:17:05","guid":{"rendered":"https:\/\/wp.unil.ch\/chaquevoixcompte\/?page_id=173"},"modified":"2025-09-19T22:14:26","modified_gmt":"2025-09-19T20:14:26","slug":"capsules-video","status":"publish","type":"page","link":"https:\/\/wp.unil.ch\/chaquevoixcompte\/capsules-video\/","title":{"rendered":"Vid\u00e9os en FALC"},"content":{"rendered":"\n<p>D\u00e9couvrez les argumentaires simplifi\u00e9s des six partis politiques repr\u00e9sent\u00e9s au Grand Conseil vaudois, \u00e9labor\u00e9s dans le cadre de notre projet.<\/p>\n\n\n\n<p>Ces vid\u00e9os sont disponibles en FALC (Facile \u00e0 lire et \u00e0 comprendre) pour garantir leur accessibilit\u00e9 \u00e0 toutes et tous. Elles sont pr\u00e9c\u00e9d\u00e9es par une introduction au projet, elle-m\u00eame en FALC.<\/p>\n\n\n\n<p><a href=\"https:\/\/wp.unil.ch\/chaquevoixcompte\/votation-du-9-fevrier-2025\/\" data-type=\"page\" data-id=\"358\">Cliquez ici pour les vid\u00e9os sur la votation du 9 f\u00e9vrier 2025.<\/a><\/p>\n\n\n\n<p><a href=\"https:\/\/wp.unil.ch\/chaquevoixcompte\/votation-du-28-septembre-2025\/\" data-type=\"page\" data-id=\"365\">Cliquez ici pour les vid\u00e9os sur la votation du 28 septembre 2025.<\/a><\/p>\n\n\n\n<hr class=\"wp-block-separator has-text-color has-accent-color has-alpha-channel-opacity has-accent-background-color has-background is-style-default\" \/>\n","protected":false},"excerpt":{"rendered":"<p>D\u00e9couvrez les argumentaires simplifi\u00e9s des six partis politiques repr\u00e9sent\u00e9s au Grand Conseil vaudois, \u00e9labor\u00e9s dans le cadre de notre projet. Ces vid\u00e9os sont disponibles en FALC (Facile \u00e0&hellip;<\/p>\n","protected":false},"author":1002952,"featured_media":0,"parent":0,"menu_order":0,"comment_status":"closed","ping_status":"closed","template":"template-full-width.php","meta":{"_seopress_robots_primary_cat":"","_seopress_titles_title":"","_seopress_titles_desc":"","_seopress_robots_index":"","footnotes":""},"class_list":["post-173","page","type-page","status-publish","has-post-thumbnail"],"_links":{"self":[{"href":"https:\/\/wp.unil.ch\/chaquevoixcompte\/wp-json\/wp\/v2\/pages\/173","targetHints":{"allow":["GET"]}}],"collection":[{"href":"https:\/\/wp.unil.ch\/chaquevoixcompte\/wp-json\/wp\/v2\/pages"}],"about":[{"href":"https:\/\/wp.unil.ch\/chaquevoixcompte\/wp-json\/wp\/v2\/types\/page"}],"author":[{"embeddable":true,"href":"https:\/\/wp.unil.ch\/chaquevoixcompte\/wp-json\/wp\/v2\/users\/1002952"}],"replies":[{"embeddable":true,"href":"https:\/\/wp.unil.ch\/chaquevoixcompte\/wp-json\/wp\/v2\/comments?post=173"}],"version-history":[{"count":5,"href":"https:\/\/wp.unil.ch\/chaquevoixcompte\/wp-json\/wp\/v2\/pages\/173\/revisions"}],"predecessor-version":[{"id":369,"href":"https:\/\/wp.unil.ch\/chaquevoixcompte\/wp-json\/wp\/v2\/pages\/173\/revisions\/369"}],"wp:attachment":[{"href":"https:\/\/wp.unil.ch\/chaquevoixcompte\/wp-json\/wp\/v2\/media?parent=173"}],"curies":[{"name":"wp","href":"https:\/\/api.w.org\/{rel}","templated":true}]}}