{"id":200,"date":"2024-02-28T11:34:28","date_gmt":"2024-02-28T10:34:28","guid":{"rendered":"https:\/\/wp.unil.ch\/cercle-anthropo\/?page_id=200"},"modified":"2025-04-07T15:08:53","modified_gmt":"2025-04-07T13:08:53","slug":"le-cafe-du-cercle","status":"publish","type":"page","link":"https:\/\/wp.unil.ch\/cercle-anthropo\/le-cafe-du-cercle\/","title":{"rendered":"L&rsquo;Atelier du Cercle"},"content":{"rendered":"\n<figure class=\"wp-block-gallery has-nested-images columns-default is-cropped wp-block-gallery-1 is-layout-flex wp-block-gallery-is-layout-flex\">\n<figure class=\"wp-block-image size-large\"><img alt=\"\" loading=\"lazy\" decoding=\"async\" width=\"1024\" height=\"641\" data-id=\"315\" src=\"https:\/\/wp.unil.ch\/cercle-anthropo\/files\/2024\/09\/WhatsApp-Image-2023-04-22-at-15.44.52-1024x641.jpeg\" alt=\"\" class=\"wp-image-315\" srcset=\"https:\/\/wp.unil.ch\/cercle-anthropo\/files\/2024\/09\/WhatsApp-Image-2023-04-22-at-15.44.52-1024x641.jpeg 1024w, https:\/\/wp.unil.ch\/cercle-anthropo\/files\/2024\/09\/WhatsApp-Image-2023-04-22-at-15.44.52-300x188.jpeg 300w, https:\/\/wp.unil.ch\/cercle-anthropo\/files\/2024\/09\/WhatsApp-Image-2023-04-22-at-15.44.52-768x481.jpeg 768w, https:\/\/wp.unil.ch\/cercle-anthropo\/files\/2024\/09\/WhatsApp-Image-2023-04-22-at-15.44.52-1536x962.jpeg 1536w, https:\/\/wp.unil.ch\/cercle-anthropo\/files\/2024\/09\/WhatsApp-Image-2023-04-22-at-15.44.52-540x338.jpeg 540w, https:\/\/wp.unil.ch\/cercle-anthropo\/files\/2024\/09\/WhatsApp-Image-2023-04-22-at-15.44.52-1080x676.jpeg 1080w, https:\/\/wp.unil.ch\/cercle-anthropo\/files\/2024\/09\/WhatsApp-Image-2023-04-22-at-15.44.52.jpeg 1868w\" sizes=\"auto, (max-width: 1024px) 100vw, 1024px\" \/><\/figure>\n<\/figure>\n\n\n\n<p class=\"has-text-align-right\" style=\"font-size:14px\">\u00a9 Paola Juan<\/p>\n\n\n\n<p>L\u2019Atelier du Cercle est un espace de discussion interfacultaire o\u00f9 des anthropologues de l\u2019UNIL en doctorat et d\u00e9but de carri\u00e8re viennent pr\u00e9senter leurs travaux et \u00e9changer sur leurs trajectoires de recherche.<\/p>\n\n\n\n<p><\/p>\n\n\n\n<h2 class=\"wp-block-heading has-large-font-size\">Programme (Automne 2024)<\/h2>\n\n\n\n<p><\/p>\n\n\n\n<p><strong>2 octobre<\/strong>, 12:30-14:00, salle <strong>5313<\/strong>, G\u00e9opolis. <em>\u00catre engag\u00e9.e, impliqu\u00e9.e, concern\u00e9.e. Comment traverser le parcours de th\u00e8se avec nos affects et vuln\u00e9rabilit\u00e9s?<\/em><\/p>\n\n\n\n<p><strong>16 octobre<\/strong>, 12:30-14:00, salle <strong>5313<\/strong>, G\u00e9opolis. Pr\u00e9sentation de <strong>David Schr\u00f6ter<\/strong>. <em>\u00ab\u00a0Mining for the Future? Confronting Risk and Uncertainty in R\u00edo Grande, Bolivia\u00a0\u00bb.<\/em> Discutant: Lucas Gatignol.<\/p>\n\n\n\n<p><strong>30 octobre<\/strong>, 12:30-14:00, salle <strong>5313<\/strong>, G\u00e9opolis. Pr\u00e9sentation d&rsquo;<strong>Amelia Veitch<\/strong>. <em>\u00ab\u00a0Environmentalism and the redistribution of Power around farmland in Brittany, France\u00a0\u00bb<\/em>. Discutante: Mathilde Kr\u00e4henb\u00fchl.<\/p>\n\n\n\n<p><strong>13 novembre<\/strong>, 12:30-14:00, salle <strong>5313<\/strong>, G\u00e9opolis. Pr\u00e9sentation de <strong>Paola Juan<\/strong>. <em>\u00ab\u00a0The arts centre of a psychiatric hospital as a &lsquo;space of freedom&rsquo;. On artistic relations, interdependence, and ecologies of care\u00a0\u00bb.&nbsp;<\/em>Discutante: M\u00e9lisande Nicolet.<\/p>\n\n\n\n<p><strong>27 novembre<\/strong>, 12:30-14:00, salle <strong>5313<\/strong>, G\u00e9opolis. Pr\u00e9sentation de <strong>Mathilde Kr\u00e4henb\u00fchl<\/strong>. <em>\u00ab\u00a0Quels arrangements pour enfanter&nbsp;malgr\u00e9 les futurs environnementaux&nbsp;? Mobilit\u00e9s vers la campagne et &lsquo;coparentalit\u00e9s'\u00a0\u00bb.<\/em> Discutante: Amelia Veitch.<\/p>\n\n\n\n<p><\/p>\n\n\n\n<p><\/p>\n\n\n\n<h2 class=\"wp-block-heading has-large-font-size\"><strong>\u00c9quipe d&rsquo;organisation (Automne 2024)<\/strong><\/h2>\n\n\n\n<p>Paola Juan, assistante dipl\u00f4m\u00e9e, ISSR, FTSR, et doctorante SSP. paola.juan@unil.ch<\/p>\n\n\n\n<p>M\u00e9lisande Nicolet, assistante dipl\u00f4m\u00e9e et doctorante, ISS, SSP. melisande.nicolet@unil.ch<\/p>\n\n\n\n<figure class=\"wp-block-image size-full\"><img alt=\"\" loading=\"lazy\" decoding=\"async\" width=\"849\" height=\"1200\" src=\"https:\/\/wp.unil.ch\/cercle-anthropo\/files\/2024\/10\/affiche_cercleAnthropo_beige-1_page-0001-1.jpg\" alt=\"\" class=\"wp-image-355\" srcset=\"https:\/\/wp.unil.ch\/cercle-anthropo\/files\/2024\/10\/affiche_cercleAnthropo_beige-1_page-0001-1.jpg 849w, https:\/\/wp.unil.ch\/cercle-anthropo\/files\/2024\/10\/affiche_cercleAnthropo_beige-1_page-0001-1-212x300.jpg 212w, https:\/\/wp.unil.ch\/cercle-anthropo\/files\/2024\/10\/affiche_cercleAnthropo_beige-1_page-0001-1-724x1024.jpg 724w, https:\/\/wp.unil.ch\/cercle-anthropo\/files\/2024\/10\/affiche_cercleAnthropo_beige-1_page-0001-1-768x1086.jpg 768w, https:\/\/wp.unil.ch\/cercle-anthropo\/files\/2024\/10\/affiche_cercleAnthropo_beige-1_page-0001-1-540x763.jpg 540w\" sizes=\"auto, (max-width: 849px) 100vw, 849px\" \/><\/figure>\n\n\n\n<p><\/p>\n","protected":false},"excerpt":{"rendered":"<p>\u00a9 Paola Juan L\u2019Atelier du Cercle est un espace de discussion interfacultaire o\u00f9 des anthropologues de l\u2019UNIL en doctorat et d\u00e9but de carri\u00e8re viennent pr\u00e9senter leurs travaux et&hellip;<\/p>\n","protected":false},"author":1002950,"featured_media":0,"parent":0,"menu_order":2,"comment_status":"closed","ping_status":"closed","template":"","meta":{"_seopress_robots_primary_cat":"","_seopress_titles_title":"","_seopress_titles_desc":"","_seopress_robots_index":"","footnotes":""},"class_list":["post-200","page","type-page","status-publish","has-post-thumbnail"],"_links":{"self":[{"href":"https:\/\/wp.unil.ch\/cercle-anthropo\/wp-json\/wp\/v2\/pages\/200","targetHints":{"allow":["GET"]}}],"collection":[{"href":"https:\/\/wp.unil.ch\/cercle-anthropo\/wp-json\/wp\/v2\/pages"}],"about":[{"href":"https:\/\/wp.unil.ch\/cercle-anthropo\/wp-json\/wp\/v2\/types\/page"}],"author":[{"embeddable":true,"href":"https:\/\/wp.unil.ch\/cercle-anthropo\/wp-json\/wp\/v2\/users\/1002950"}],"replies":[{"embeddable":true,"href":"https:\/\/wp.unil.ch\/cercle-anthropo\/wp-json\/wp\/v2\/comments?post=200"}],"version-history":[{"count":5,"href":"https:\/\/wp.unil.ch\/cercle-anthropo\/wp-json\/wp\/v2\/pages\/200\/revisions"}],"predecessor-version":[{"id":356,"href":"https:\/\/wp.unil.ch\/cercle-anthropo\/wp-json\/wp\/v2\/pages\/200\/revisions\/356"}],"wp:attachment":[{"href":"https:\/\/wp.unil.ch\/cercle-anthropo\/wp-json\/wp\/v2\/media?parent=200"}],"curies":[{"name":"wp","href":"https:\/\/api.w.org\/{rel}","templated":true}]}}

<figure class="wp-block-gallery has-nested-images columns-default is-cropped wp-block-gallery-1 is-layout-flex wp-block-gallery-is-layout-flex">
<figure class="wp-block-image size-large"><img alt="" loading="lazy" decoding="async" width="1024" height="641" data-id="315" src="https://wp.unil.ch/cercle-anthropo/files/2024/09/WhatsApp-Image-2023-04-22-at-15.44.52-1024x641.jpeg" alt="" class="wp-image-315" srcset="https://wp.unil.ch/cercle-anthropo/files/2024/09/WhatsApp-Image-2023-04-22-at-15.44.52-1024x641.jpeg 1024w, https://wp.unil.ch/cercle-anthropo/files/2024/09/WhatsApp-Image-2023-04-22-at-15.44.52-300x188.jpeg 300w, https://wp.unil.ch/cercle-anthropo/files/2024/09/WhatsApp-Image-2023-04-22-at-15.44.52-768x481.jpeg 768w, https://wp.unil.ch/cercle-anthropo/files/2024/09/WhatsApp-Image-2023-04-22-at-15.44.52-1536x962.jpeg 1536w, https://wp.unil.ch/cercle-anthropo/files/2024/09/WhatsApp-Image-2023-04-22-at-15.44.52-540x338.jpeg 540w, https://wp.unil.ch/cercle-anthropo/files/2024/09/WhatsApp-Image-2023-04-22-at-15.44.52-1080x676.jpeg 1080w, https://wp.unil.ch/cercle-anthropo/files/2024/09/WhatsApp-Image-2023-04-22-at-15.44.52.jpeg 1868w" sizes="auto, (max-width: 1024px) 100vw, 1024px" /></figure>
</figure>



<p class="has-text-align-right" style="font-size:14px">© Paola Juan</p>



<p>L’Atelier du Cercle est un espace de discussion interfacultaire où des anthropologues de l’UNIL en doctorat et début de carrière viennent présenter leurs travaux et échanger sur leurs trajectoires de recherche.</p>



<p></p>



<h2 class="wp-block-heading has-large-font-size">Programme (Automne 2024)</h2>



<p></p>



<p><strong>2 octobre</strong>, 12:30-14:00, salle <strong>5313</strong>, Géopolis. <em>Être engagé.e, impliqué.e, concerné.e. Comment traverser le parcours de thèse avec nos affects et vulnérabilités?</em></p>



<p><strong>16 octobre</strong>, 12:30-14:00, salle <strong>5313</strong>, Géopolis. Présentation de <strong>David Schröter</strong>. <em>« Mining for the Future? Confronting Risk and Uncertainty in Río Grande, Bolivia ».</em> Discutant: Lucas Gatignol.</p>



<p><strong>30 octobre</strong>, 12:30-14:00, salle <strong>5313</strong>, Géopolis. Présentation d&rsquo;<strong>Amelia Veitch</strong>. <em>« Environmentalism and the redistribution of Power around farmland in Brittany, France »</em>. Discutante: Mathilde Krähenbühl.</p>



<p><strong>13 novembre</strong>, 12:30-14:00, salle <strong>5313</strong>, Géopolis. Présentation de <strong>Paola Juan</strong>. <em>« The arts centre of a psychiatric hospital as a &lsquo;space of freedom&rsquo;. On artistic relations, interdependence, and ecologies of care ».&nbsp;</em>Discutante: Mélisande Nicolet.</p>



<p><strong>27 novembre</strong>, 12:30-14:00, salle <strong>5313</strong>, Géopolis. Présentation de <strong>Mathilde Krähenbühl</strong>. <em>« Quels arrangements pour enfanter&nbsp;malgré les futurs environnementaux&nbsp;? Mobilités vers la campagne et &lsquo;coparentalités' ».</em> Discutante: Amelia Veitch.</p>



<p></p>



<p></p>



<h2 class="wp-block-heading has-large-font-size"><strong>Équipe d&rsquo;organisation (Automne 2024)</strong></h2>



<p>Paola Juan, assistante diplômée, ISSR, FTSR, et doctorante SSP. paola.juan@unil.ch</p>



<p>Mélisande Nicolet, assistante diplômée et doctorante, ISS, SSP. melisande.nicolet@unil.ch</p>



<figure class="wp-block-image size-full"><img alt="" loading="lazy" decoding="async" width="849" height="1200" src="https://wp.unil.ch/cercle-anthropo/files/2024/10/affiche_cercleAnthropo_beige-1_page-0001-1.jpg" alt="" class="wp-image-355" srcset="https://wp.unil.ch/cercle-anthropo/files/2024/10/affiche_cercleAnthropo_beige-1_page-0001-1.jpg 849w, https://wp.unil.ch/cercle-anthropo/files/2024/10/affiche_cercleAnthropo_beige-1_page-0001-1-212x300.jpg 212w, https://wp.unil.ch/cercle-anthropo/files/2024/10/affiche_cercleAnthropo_beige-1_page-0001-1-724x1024.jpg 724w, https://wp.unil.ch/cercle-anthropo/files/2024/10/affiche_cercleAnthropo_beige-1_page-0001-1-768x1086.jpg 768w, https://wp.unil.ch/cercle-anthropo/files/2024/10/affiche_cercleAnthropo_beige-1_page-0001-1-540x763.jpg 540w" sizes="auto, (max-width: 849px) 100vw, 849px" /></figure>



<p></p>

<p>© Paola Juan L’Atelier du Cercle est un espace de discussion interfacultaire où des anthropologues de l’UNIL en doctorat et début de carrière viennent présenter leurs travaux et&hellip;</p>
