{"id":66,"date":"2013-10-07T15:45:15","date_gmt":"2013-10-07T13:45:15","guid":{"rendered":"http:\/\/wp.unil.ch\/cavousestegal\/?page_id=66"},"modified":"2024-05-28T16:17:13","modified_gmt":"2024-05-28T14:17:13","slug":"accueil-2","status":"publish","type":"page","link":"https:\/\/wp.unil.ch\/cavousestegal\/","title":{"rendered":"L&rsquo;actualit\u00e9 du Bureau de l&rsquo;\u00e9galit\u00e9"},"content":{"rendered":"\n<p><br \/><\/p>\n\n\n\n<p class=\"has-text-align-center\"><strong>L&rsquo;infolettre EDI  est un outil au service de notre communaut\u00e9 UNIL et au-del\u00e0. Une fois par trimestre, elle vous permet d&rsquo;\u00eatre au courant des actualit\u00e9s du Bureau de l&rsquo;\u00e9galit\u00e9, de recevoir des informations sur les prochains \u00e9v\u00e9nements et formations, ainsi que des outils et ressources sur les th\u00e9matiques EDI. <\/strong><\/p>\n\n\n\n<p class=\"has-normal-font-size\"><br \/><br \/>Vous \u00eates plus de 1200 abonn\u00e9\u00b7es \u00e0 recevoir cette infolettre. Merci pour votre fid\u00e9lit\u00e9 &#8211; bienvenue aux nouvelles et aux nouveaux!<br \/>Pas encore abonn\u00e9\u00b7es ?<\/p>\n\n\n  \n  \n  <div class=\"\n    mailpoet_form_popup_overlay\n      \"><\/div>\n  <div\n    id=\"mailpoet_form_1\"\n    class=\"\n      mailpoet_form\n      mailpoet_form_html\n      mailpoet_form_position_\n      mailpoet_form_animation_\n    \"\n      >\n\n    <style type=\"text\/css\">\n     #mailpoet_form_1 .mailpoet_form {  }\n#mailpoet_form_1 .mailpoet_paragraph { line-height: 20px; }\n#mailpoet_form_1 .mailpoet_segment_label, #mailpoet_form_1 .mailpoet_text_label, #mailpoet_form_1 .mailpoet_textarea_label, #mailpoet_form_1 .mailpoet_select_label, #mailpoet_form_1 .mailpoet_radio_label, #mailpoet_form_1 .mailpoet_checkbox_label, #mailpoet_form_1 .mailpoet_list_label, #mailpoet_form_1 .mailpoet_date_label { display: block; }\n#mailpoet_form_1 .mailpoet_text, #mailpoet_form_1 .mailpoet_textarea, #mailpoet_form_1 .mailpoet_select, #mailpoet_form_1 .mailpoet_date_month, #mailpoet_form_1 .mailpoet_date_day, #mailpoet_form_1 .mailpoet_date_year, #mailpoet_form_1 .mailpoet_date { display: block; }\n#mailpoet_form_1 .mailpoet_text, #mailpoet_form_1 .mailpoet_textarea { width: 200px; }\n#mailpoet_form_1 .mailpoet_checkbox {  }\n#mailpoet_form_1 .mailpoet_submit input {  }\n#mailpoet_form_1 .mailpoet_divider {  }\n#mailpoet_form_1 .mailpoet_message {  }\n#mailpoet_form_1 .mailpoet_validate_success { color: #468847; }\n#mailpoet_form_1 .mailpoet_validate_error { color: #b94a48; }#mailpoet_form_1{border-radius: 0px;text-align: left;}#mailpoet_form_1 form.mailpoet_form {padding: 25px;}#mailpoet_form_1{width: 100%;}#mailpoet_form_1 .mailpoet_message {margin: 0; padding: 0 20px;}\n        #mailpoet_form_1 .mailpoet_validate_success {color: #000000}\n        #mailpoet_form_1 input.parsley-success {color: #000000}\n        #mailpoet_form_1 select.parsley-success {color: #000000}\n        #mailpoet_form_1 textarea.parsley-success {color: #000000}\n      \n        #mailpoet_form_1 .mailpoet_validate_error {color: #cf2e2e}\n        #mailpoet_form_1 input.parsley-error {color: #cf2e2e}\n        #mailpoet_form_1 select.parsley-error {color: #cf2e2e}\n        #mailpoet_form_1 textarea.textarea.parsley-error {color: #cf2e2e}\n        #mailpoet_form_1 .parsley-errors-list {color: #cf2e2e}\n        #mailpoet_form_1 .parsley-required {color: #cf2e2e}\n        #mailpoet_form_1 .parsley-custom-error-message {color: #cf2e2e}\n      #mailpoet_form_1 .mailpoet_paragraph.last {margin-bottom: 0} @media (max-width: 500px) {#mailpoet_form_1 {background-image: none;}} @media (min-width: 500px) {#mailpoet_form_1 .last .mailpoet_paragraph:last-child {margin-bottom: 0}}  @media (max-width: 500px) {#mailpoet_form_1 .mailpoet_form_column:last-child .mailpoet_paragraph:last-child {margin-bottom: 0}} \n    <\/style>\n\n    <form\n      target=\"_self\"\n      method=\"post\"\n      action=\"https:\/\/wp.unil.ch\/cavousestegal\/wp-admin\/admin-post.php?action=mailpoet_subscription_form\"\n      class=\"mailpoet_form mailpoet_form_form mailpoet_form_html\"\n      novalidate\n      data-delay=\"\"\n      data-exit-intent-enabled=\"\"\n      data-font-family=\"\"\n      data-cookie-expiration-time=\"\"\n    >\n      <input type=\"hidden\" name=\"data[form_id]\" value=\"1\" \/>\n      <input type=\"hidden\" name=\"token\" value=\"2473f8f523\" \/>\n      <input type=\"hidden\" name=\"api_version\" value=\"v1\" \/>\n      <input type=\"hidden\" name=\"endpoint\" value=\"subscribers\" \/>\n      <input type=\"hidden\" name=\"mailpoet_method\" value=\"subscribe\" \/>\n\n      <label class=\"mailpoet_hp_email_label\" style=\"display: none !important;\">Veuillez laisser ce champ vide<input type=\"email\" name=\"data[email]\"\/><\/label><div class=\"mailpoet_paragraph \"><label for=\"form_last_name_1\" class=\"mailpoet_text_label\" style=\"font-size: 14px;line-height: 1.2;\" data-automation-id=\"form_last_name_label\" >Nom de famille&nbsp;<span class=\"mailpoet_required\" aria-hidden=\"true\">*<\/span><\/label><input type=\"text\" autocomplete=\"family-name\" class=\"mailpoet_text\" id=\"form_last_name_1\" name=\"data[form_field_OGYyYzlmMDU5ODQ4X2xhc3RfbmFtZQ==]\" title=\"Nom de famille\" value=\"\" style=\"background-color:#ffffff;border-style:solid;border-radius:0px !important;border-width:1px;border-color:#313131;padding:14px;margin: 0 auto 0 0;font-size:14px;line-height:1.5;height:auto;\" data-automation-id=\"form_last_name\" data-parsley-errors-container=\".mailpoet_error_ojidj\" data-parsley-names='[&quot;Veuillez sp\u00e9cifier un nom valide.&quot;,&quot;Les adresses dans les noms ne sont pas autoris\u00e9es, veuillez ajouter votre nom \u00e0 la place.&quot;]' data-parsley-required=\"true\" required aria-required=\"true\" data-parsley-required-message=\"Ce champ est n\u00e9cessaire.\"\/><span class=\"mailpoet_error_ojidj\"><\/span><\/div>\n<div class=\"mailpoet_paragraph \"><label for=\"form_first_name_1\" class=\"mailpoet_text_label\" style=\"font-size: 14px;line-height: 1.2;\" data-automation-id=\"form_first_name_label\" >Pr\u00e9nom&nbsp;<span class=\"mailpoet_required\" aria-hidden=\"true\">*<\/span><\/label><input type=\"text\" autocomplete=\"given-name\" class=\"mailpoet_text\" id=\"form_first_name_1\" name=\"data[form_field_NGU1YmUwOTliNjg2X2ZpcnN0X25hbWU=]\" title=\"Pr\u00e9nom\" value=\"\" style=\"background-color:#ffffff;border-style:solid;border-radius:0px !important;border-width:1px;border-color:#313131;padding:14px;margin: 0 auto 0 0;font-size:14px;line-height:1.5;height:auto;\" data-automation-id=\"form_first_name\" data-parsley-errors-container=\".mailpoet_error_o70ym\" data-parsley-names='[&quot;Veuillez sp\u00e9cifier un nom valide.&quot;,&quot;Les adresses dans les noms ne sont pas autoris\u00e9es, veuillez ajouter votre nom \u00e0 la place.&quot;]' data-parsley-required=\"true\" required aria-required=\"true\" data-parsley-required-message=\"Ce champ est n\u00e9cessaire.\"\/><span class=\"mailpoet_error_o70ym\"><\/span><\/div>\n<div class=\"mailpoet_paragraph \"><label for=\"form_email_1\" class=\"mailpoet_text_label\" style=\"font-size: 14px;line-height: 1.2;\" data-automation-id=\"form_email_label\" >E-mail&nbsp;<span class=\"mailpoet_required\" aria-hidden=\"true\">*<\/span><\/label><input type=\"email\" autocomplete=\"email\" class=\"mailpoet_text\" id=\"form_email_1\" name=\"data[form_field_MTNhZGVjM2MzOTM1X2VtYWls]\" title=\"E-mail\" value=\"\" style=\"background-color:#ffffff;border-style:solid;border-radius:0px !important;border-width:1px;border-color:#313131;padding:14px;margin: 0 auto 0 0;font-size:14px;line-height:1.5;height:auto;\" data-automation-id=\"form_email\" data-parsley-errors-container=\".mailpoet_error_b2834\" data-parsley-required=\"true\" required aria-required=\"true\" data-parsley-minlength=\"6\" data-parsley-maxlength=\"150\" data-parsley-type-message=\"Cette valeur doit \u00eatre un e-mail valide.\" data-parsley-required-message=\"Ce champ est n\u00e9cessaire.\"\/><span class=\"mailpoet_error_b2834\"><\/span><\/div>\n<div class=\"mailpoet_paragraph \"><input type=\"submit\" class=\"mailpoet_submit\" value=\"Je m&#039;abonne !\" data-automation-id=\"subscribe-submit-button\" style=\"background-color:#00a29a;border-style:solid;border-radius:0px !important;border-width:1px;border-color:#313131;padding:14px;margin: 0 auto 0 0;font-size:14px;line-height:1.5;height:auto;color:#313131;\" \/><span class=\"mailpoet_form_loading\"><span class=\"mailpoet_bounce1\"><\/span><span class=\"mailpoet_bounce2\"><\/span><span class=\"mailpoet_bounce3\"><\/span><\/span><\/div>\n\n      <div class=\"mailpoet_message\">\n        <p class=\"mailpoet_validate_success\"\n                style=\"display:none;\"\n                >V\u00e9rifiez votre bo\u00eete de r\u00e9ception afin de confirmer votre abonnement.\n        <\/p>\n        <p class=\"mailpoet_validate_error\"\n                style=\"display:none;\"\n                >        <\/p>\n      <\/div>\n    <\/form>\n\n      <\/div>\n\n  \n\n\n<p class=\"has-normal-font-size\"><em>Vous pouvez modifier vos pr\u00e9f\u00e9rences ou refuser de recevoir des messages de notre part \u00e0 tout moment en utilisant le lien de d\u00e9sinscription figurant dans notre infolettre<\/em>.<em> <\/em><\/p>\n\n\n\n<p><\/p>\n\n\n\n<div class=\"wp-block-cover alignfull has-custom-content-position is-position-bottom-center has-normal-font-size\" style=\"min-height:530px;aspect-ratio:unset;\"><span aria-hidden=\"true\" class=\"wp-block-cover__background has-background-dim-0 has-background-dim\" style=\"background-color:#656960\"><\/span><img alt=\"\" loading=\"lazy\" decoding=\"async\" width=\"1200\" height=\"400\" class=\"wp-block-cover__image-background wp-image-2295\" alt=\"\" src=\"https:\/\/wp.unil.ch\/cavousestegal\/files\/2024\/05\/BEC_Fam_2.png\" style=\"object-position:46% 100%\" data-object-fit=\"cover\" data-object-position=\"46% 100%\" srcset=\"https:\/\/wp.unil.ch\/cavousestegal\/files\/2024\/05\/BEC_Fam_2.png 1200w, https:\/\/wp.unil.ch\/cavousestegal\/files\/2024\/05\/BEC_Fam_2-300x100.png 300w, https:\/\/wp.unil.ch\/cavousestegal\/files\/2024\/05\/BEC_Fam_2-1024x341.png 1024w, https:\/\/wp.unil.ch\/cavousestegal\/files\/2024\/05\/BEC_Fam_2-768x256.png 768w, https:\/\/wp.unil.ch\/cavousestegal\/files\/2024\/05\/BEC_Fam_2-540x180.png 540w, https:\/\/wp.unil.ch\/cavousestegal\/files\/2024\/05\/BEC_Fam_2-1080x360.png 1080w\" sizes=\"auto, (max-width: 1200px) 100vw, 1200px\" \/><div class=\"wp-block-cover__inner-container is-layout-flow wp-block-cover-is-layout-flow\">\n<p class=\"has-text-align-center has-accent-color has-background-background-color has-text-color has-background has-large-font-size\">Vous \u00eates membre de la communaut\u00e9 UNIL et souhaitez recevoir r\u00e9guli\u00e8rement des informations destin\u00e9es aux familles et aux parents\u00a0? Inscrivez-vous \u00e0 la <a href=\"https:\/\/applicationsinter.unil.ch\/inter\/auth\/php\/Gg\/repondreInvitation.php?j=e7e9aa06d9ac3702fdd7d279af0afec15659c0bbd143fc4a2a4a68cfda8f50e3&amp;v=sy2\" data-type=\"link\" data-id=\"https:\/\/applicationsinter.unil.ch\/inter\/auth\/php\/Gg\/repondreInvitation.php?j=e7e9aa06d9ac3702fdd7d279af0afec15659c0bbd143fc4a2a4a68cfda8f50e3&amp;v=sy2\">liste de diffusion \u00ab\u00a0Info-Parents\u00a0\u00bb<\/a>. <br \/>Vous ne souhaitez plus recevoir les informations de la liste de diffusion \u00ab\u00a0Info-Parents\u00a0\u00bb ? Vous pouvez vous d\u00e9sinscrire en nous \u00e9crivant \u00e0 egalite@unil.ch.<\/p>\n\n\n\n<p><\/p>\n<\/div><\/div>\n","protected":false},"excerpt":{"rendered":"<p>L&rsquo;infolettre EDI est un outil au service de notre communaut\u00e9 UNIL et au-del\u00e0. Une fois par trimestre, elle vous permet d&rsquo;\u00eatre au courant des actualit\u00e9s du Bureau de&hellip;<\/p>\n","protected":false},"author":1002422,"featured_media":1950,"parent":0,"menu_order":0,"comment_status":"closed","ping_status":"closed","template":"template-full-width-cover.php","meta":{"_seopress_robots_primary_cat":"","_seopress_titles_title":"","_seopress_titles_desc":"","_seopress_robots_index":"","footnotes":""},"class_list":["post-66","page","type-page","status-publish","has-post-thumbnail"],"_links":{"self":[{"href":"https:\/\/wp.unil.ch\/cavousestegal\/wp-json\/wp\/v2\/pages\/66","targetHints":{"allow":["GET"]}}],"collection":[{"href":"https:\/\/wp.unil.ch\/cavousestegal\/wp-json\/wp\/v2\/pages"}],"about":[{"href":"https:\/\/wp.unil.ch\/cavousestegal\/wp-json\/wp\/v2\/types\/page"}],"author":[{"embeddable":true,"href":"https:\/\/wp.unil.ch\/cavousestegal\/wp-json\/wp\/v2\/users\/1002422"}],"replies":[{"embeddable":true,"href":"https:\/\/wp.unil.ch\/cavousestegal\/wp-json\/wp\/v2\/comments?post=66"}],"version-history":[{"count":4,"href":"https:\/\/wp.unil.ch\/cavousestegal\/wp-json\/wp\/v2\/pages\/66\/revisions"}],"predecessor-version":[{"id":2299,"href":"https:\/\/wp.unil.ch\/cavousestegal\/wp-json\/wp\/v2\/pages\/66\/revisions\/2299"}],"wp:featuredmedia":[{"embeddable":true,"href":"https:\/\/wp.unil.ch\/cavousestegal\/wp-json\/wp\/v2\/media\/1950"}],"wp:attachment":[{"href":"https:\/\/wp.unil.ch\/cavousestegal\/wp-json\/wp\/v2\/media?parent=66"}],"curies":[{"name":"wp","href":"https:\/\/api.w.org\/{rel}","templated":true}]}}