{"id":874,"date":"2024-12-06T16:42:56","date_gmt":"2024-12-06T15:42:56","guid":{"rendered":"https:\/\/wp.unil.ch\/captographies\/?page_id=874"},"modified":"2024-12-06T17:19:00","modified_gmt":"2024-12-06T16:19:00","slug":"fresque-de-lair-exterieur","status":"publish","type":"page","link":"https:\/\/wp.unil.ch\/captographies\/fresque-de-lair-exterieur\/","title":{"rendered":"Fresque de l&rsquo;air ext\u00e9rieur"},"content":{"rendered":"\n<h2 class=\"wp-block-heading\">La Fresque de l&rsquo;air ext\u00e9rieur <\/h2>\n\n\n\n<h3 class=\"wp-block-heading\">Une des trois grandes crises environnementales<\/h3>\n\n\n\n<p>On estime que 400\u2019000 personnes d\u00e9c\u00e8dent pr\u00e9matur\u00e9ment chaque ann\u00e9e de la pollution de l\u2019air en Europe, dont environ 2\u2019200 en Suisse<sup><a href=\"#ea7a55d9-69f8-4819-82e3-fbb5908a7553\">1<\/a><\/sup>.&nbsp;<br>\u00c0 titre de comparaison : 215 d\u00e9c\u00e8s ont \u00e9t\u00e9 dus \u00e0 des accidents de transport en 2019 en Suisse.&nbsp;<\/p>\n\n\n\n<div class=\"wp-block-group\"><div class=\"wp-block-group__inner-container is-layout-constrained wp-block-group-is-layout-constrained\">\n<p class=\"has-text-align-right has-buttons-text-color has-accent-background-color has-text-color has-background has-link-color wp-elements-84e5f55a83906fb55057619be9ea5740\">La pollution de l\u2019air est, avec le changement climatique et l\u2019effondrement de la biodiversit\u00e9, l\u2019une des trois grandes menaces environnementales pour la sant\u00e9 humaine identifi\u00e9es par le programme des Nations unies pour l\u2019environnement (PNUE). <br><br>La r\u00e9duction de la pollution de l\u2019air n\u00e9cessite de transformer l\u2019ensemble des aspects de nos soci\u00e9t\u00e9s et de nos vies : transport, chauffage, industries, activit\u00e9s agricoles&#8230; Chacun\u00b7e doit donc pouvoir s&rsquo;informer des bases scientifiques de la qualit\u00e9 de l\u2019air afin de comprendre l\u2019\u00e9tat des lieux de la pollution de l\u2019air, d\u00e9crypter les informations, se faire une opinion et agir \u00e0 l\u2019\u00e9chelle collective comme individuelle.<br><br><strong><em>Air Parif &#8211; L&rsquo;observatoire de la qualit\u00e9 de l&rsquo;air en \u00cele-de-France<br><\/em><\/strong><\/p>\n<\/div><\/div>\n\n\n\n<h3 class=\"wp-block-heading\">La fresque de l&rsquo;air, c&rsquo;est quoi ?<\/h3>\n\n\n\n<p>En 2h \u00e0 2h30, l\u2019atelier collaboratif \u00ab\u00a0la Fresque de la qualit\u00e9 de l\u2019air\u00a0\u00bb permet de comprendre l\u2019essentiel des <strong>enjeux de la pollution de l\u2019air pour passer \u00e0 l\u2019action<\/strong>. Aucune connaissance pr\u00e9alable du sujet n\u2019est requise pour participer et en apprendre plus.<\/p>\n\n\n\n<p>Mise au point par <a href=\"https:\/\/www.airparif.fr\/fresque-de-la-qualite-de-lair\">Air Parif<\/a>, elle est inspir\u00e9e du concept de la Fresque du climat, en l\u2019adaptant aux enjeux de la qualit\u00e9 de l\u2019air. En participant \u00e0 la fresque de l&rsquo;air, les participant.es prennent conscience des enjeux li\u00e9s \u00e0 la pollution de l\u2019air, les activit\u00e9s qui en sont \u00e0 l\u2019origine, et ses cons\u00e9quences sur la sant\u00e9 et l\u2019environnement. Elle donne une vision d\u2019ensemble de cette vaste probl\u00e9matique et fournit des cl\u00e9s de compr\u00e9hension pour agir efficacement. La Fresque n\u2019a pas pour but de donner des conseils sur les solutions, mais des informations objectives et utiles \u00e0 la d\u00e9cision.<\/p>\n\n\n\n<p>A l&rsquo;UNIL, en collaboration avec Air Parif, nous avons d\u00e9clin\u00e9 un <strong>volet sur le contexte suisse<\/strong>.<\/p>\n\n\n\n<p>Si vous souhaitez conna\u00eetre les\u00a0<strong>sources principales de pollution<\/strong>\u00a0de l\u2019air, d\u2019o\u00f9 viennent les particules fines que nous respirons et quels sont leurs\u00a0<strong>impacts sur notre sant\u00e9<\/strong>\u00a0<strong>et notre environnement<\/strong>, contactez-nous !<\/p>\n\n\n\n<div class=\"wp-block-buttons is-layout-flex wp-block-buttons-is-layout-flex\">\n<div class=\"wp-block-button\"><a class=\"wp-block-button__link wp-element-button\" href=\"mailto:severine.trouilloud@unil.ch\">Nous contacter<\/a><\/div>\n<\/div>\n\n\n\n<p><\/p>\n","protected":false},"excerpt":{"rendered":"<p>La Fresque de l&rsquo;air ext\u00e9rieur Une des trois grandes crises environnementales On estime que 400\u2019000 personnes d\u00e9c\u00e8dent pr\u00e9matur\u00e9ment chaque ann\u00e9e de la pollution de l\u2019air en Europe, dont&hellip;<\/p>\n","protected":false},"author":1118,"featured_media":886,"parent":0,"menu_order":0,"comment_status":"closed","ping_status":"closed","template":"template-full-width-cover.php","meta":{"_seopress_robots_primary_cat":"","_seopress_titles_title":"","_seopress_titles_desc":"","_seopress_robots_index":"","footnotes":""},"class_list":["post-874","page","type-page","status-publish","has-post-thumbnail"],"_links":{"self":[{"href":"https:\/\/wp.unil.ch\/captographies\/wp-json\/wp\/v2\/pages\/874","targetHints":{"allow":["GET"]}}],"collection":[{"href":"https:\/\/wp.unil.ch\/captographies\/wp-json\/wp\/v2\/pages"}],"about":[{"href":"https:\/\/wp.unil.ch\/captographies\/wp-json\/wp\/v2\/types\/page"}],"author":[{"embeddable":true,"href":"https:\/\/wp.unil.ch\/captographies\/wp-json\/wp\/v2\/users\/1118"}],"replies":[{"embeddable":true,"href":"https:\/\/wp.unil.ch\/captographies\/wp-json\/wp\/v2\/comments?post=874"}],"version-history":[{"count":6,"href":"https:\/\/wp.unil.ch\/captographies\/wp-json\/wp\/v2\/pages\/874\/revisions"}],"predecessor-version":[{"id":903,"href":"https:\/\/wp.unil.ch\/captographies\/wp-json\/wp\/v2\/pages\/874\/revisions\/903"}],"wp:featuredmedia":[{"embeddable":true,"href":"https:\/\/wp.unil.ch\/captographies\/wp-json\/wp\/v2\/media\/886"}],"wp:attachment":[{"href":"https:\/\/wp.unil.ch\/captographies\/wp-json\/wp\/v2\/media?parent=874"}],"curies":[{"name":"wp","href":"https:\/\/api.w.org\/{rel}","templated":true}]}}

Fresque de l&rsquo;air extérieur

<h2 class="wp-block-heading">La Fresque de l&rsquo;air extérieur </h2>



<h3 class="wp-block-heading">Une des trois grandes crises environnementales</h3>



<p>On estime que 400’000 personnes décèdent prématurément chaque année de la pollution de l’air en Europe, dont environ 2’200 en Suisse<sup><a href="#ea7a55d9-69f8-4819-82e3-fbb5908a7553">1</a></sup>.&nbsp;<br>À titre de comparaison : 215 décès ont été dus à des accidents de transport en 2019 en Suisse.&nbsp;</p>



<div class="wp-block-group"><div class="wp-block-group__inner-container is-layout-constrained wp-block-group-is-layout-constrained">
<p class="has-text-align-right has-buttons-text-color has-accent-background-color has-text-color has-background has-link-color wp-elements-84e5f55a83906fb55057619be9ea5740">La pollution de l’air est, avec le changement climatique et l’effondrement de la biodiversité, l’une des trois grandes menaces environnementales pour la santé humaine identifiées par le programme des Nations unies pour l’environnement (PNUE). <br><br>La réduction de la pollution de l’air nécessite de transformer l’ensemble des aspects de nos sociétés et de nos vies : transport, chauffage, industries, activités agricoles&#8230; Chacun·e doit donc pouvoir s&rsquo;informer des bases scientifiques de la qualité de l’air afin de comprendre l’état des lieux de la pollution de l’air, décrypter les informations, se faire une opinion et agir à l’échelle collective comme individuelle.<br><br><strong><em>Air Parif &#8211; L&rsquo;observatoire de la qualité de l&rsquo;air en Île-de-France<br></em></strong></p>
</div></div>



<h3 class="wp-block-heading">La fresque de l&rsquo;air, c&rsquo;est quoi ?</h3>



<p>En 2h à 2h30, l’atelier collaboratif « la Fresque de la qualité de l’air » permet de comprendre l’essentiel des <strong>enjeux de la pollution de l’air pour passer à l’action</strong>. Aucune connaissance préalable du sujet n’est requise pour participer et en apprendre plus.</p>



<p>Mise au point par <a href="https://www.airparif.fr/fresque-de-la-qualite-de-lair">Air Parif</a>, elle est inspirée du concept de la Fresque du climat, en l’adaptant aux enjeux de la qualité de l’air. En participant à la fresque de l&rsquo;air, les participant.es prennent conscience des enjeux liés à la pollution de l’air, les activités qui en sont à l’origine, et ses conséquences sur la santé et l’environnement. Elle donne une vision d’ensemble de cette vaste problématique et fournit des clés de compréhension pour agir efficacement. La Fresque n’a pas pour but de donner des conseils sur les solutions, mais des informations objectives et utiles à la décision.</p>



<p>A l&rsquo;UNIL, en collaboration avec Air Parif, nous avons décliné un <strong>volet sur le contexte suisse</strong>.</p>



<p>Si vous souhaitez connaître les <strong>sources principales de pollution</strong> de l’air, d’où viennent les particules fines que nous respirons et quels sont leurs <strong>impacts sur notre santé</strong> <strong>et notre environnement</strong>, contactez-nous !</p>



<div class="wp-block-buttons is-layout-flex wp-block-buttons-is-layout-flex">
<div class="wp-block-button"><a class="wp-block-button__link wp-element-button" href="mailto:severine.trouilloud@unil.ch">Nous contacter</a></div>
</div>



<p></p>

<p>La Fresque de l&rsquo;air extérieur Une des trois grandes crises environnementales On estime que 400’000 personnes décèdent prématurément chaque année de la pollution de l’air en Europe, dont&hellip;</p>
