{"id":6,"date":"2019-11-28T16:00:19","date_gmt":"2019-11-28T15:00:19","guid":{"rendered":"http:\/\/wp.unil.ch\/modele\/?page_id=6"},"modified":"2024-10-17T14:24:35","modified_gmt":"2024-10-17T12:24:35","slug":"home","status":"publish","type":"page","link":"https:\/\/wp.unil.ch\/captographies\/","title":{"rendered":"Captographies \/\/ Mesurer, comprendre et penser les liens entre notre environnement et notre sant\u00e9"},"content":{"rendered":"\n<h3 class=\"wp-block-heading\"><strong><em>Captographies&nbsp;est un projet de sciences participatives pour recueillir, analyser et mettre en discussion des donn\u00e9es citoyennes sur les liens entre notre environnement et notre sant\u00e9.<\/em><\/strong><\/h3>\n\n\n\n<p>Prendre part au projet <em>Captographies<\/em>, c\u2019est&nbsp;:&nbsp;<\/p>\n\n\n\n<blockquote class=\"wp-block-quote is-layout-flow wp-block-quote-is-layout-flow\">\n<p><em>agir pour son environnement et sa sant\u00e9.<\/em>&nbsp;<\/p>\n\n\n\n<p><em>participer \u00e0 mesurer son environnement pour mieux le conna\u00eetre.<\/em>&nbsp;<\/p>\n\n\n\n<p><em>dialoguer avec des sp\u00e9cialistes et les pouvoirs publics.<\/em><\/p>\n<\/blockquote>\n\n\n\n<p>Dans un premier temps, le projet aborde une th\u00e9matique qui concerne chacun\u00b7e d&rsquo;entre nous &#8211; la qualit\u00e9 de l\u2019air que nous respirons au quotidien &#8211; avec <a href=\"https:\/\/wp.unil.ch\/captographies\/captair\/\"><em><strong>Capt\u2019Air<\/strong><\/em><\/a>. Quelle est la qualit\u00e9 de l\u2019air autour de nous et l\u2019impact des particules fines sur notre corps ? Que pensez-vous de la qualit\u00e9 de l\u2019air que vous respirez&nbsp;? Vos sensations correspondent-elles \u00e0 la r\u00e9alit\u00e9&nbsp;?<\/p>\n\n\n\n<p>Pour y r\u00e9pondre, construisez un capteur de particules fines \u00e0 installer sur votre bord de fen\u00eatre&nbsp;pour mesurer et partager en acc\u00e8s libre (ou <em>openaccess<\/em>) les donn\u00e9es de la qualit\u00e9 de l\u2019air \u00e0 Lausanne (en 2023) et dans le canton de Vaud (en 2024).&nbsp;\u00c9changez avec des sp\u00e9cialistes du domaine sur les questions qui vous int\u00e9ressent ou vous pr\u00e9occupent&nbsp;!&nbsp;<\/p>\n\n\n\n<div class=\"wp-block-columns is-layout-flex wp-container-core-columns-is-layout-9d6595d7 wp-block-columns-is-layout-flex\">\n<div class=\"wp-block-column is-layout-flow wp-block-column-is-layout-flow\">\n<figure class=\"wp-block-image size-full\"><img alt=\"\" loading=\"lazy\" decoding=\"async\" width=\"1603\" height=\"1200\" src=\"https:\/\/wp.unil.ch\/captographies\/files\/2024\/02\/Platine-WEMOS-BME280-SENSIRION.jpg\" alt=\"\" class=\"wp-image-405\" srcset=\"https:\/\/wp.unil.ch\/captographies\/files\/2024\/02\/Platine-WEMOS-BME280-SENSIRION.jpg 1603w, https:\/\/wp.unil.ch\/captographies\/files\/2024\/02\/Platine-WEMOS-BME280-SENSIRION-300x225.jpg 300w, https:\/\/wp.unil.ch\/captographies\/files\/2024\/02\/Platine-WEMOS-BME280-SENSIRION-1024x767.jpg 1024w, https:\/\/wp.unil.ch\/captographies\/files\/2024\/02\/Platine-WEMOS-BME280-SENSIRION-768x575.jpg 768w, https:\/\/wp.unil.ch\/captographies\/files\/2024\/02\/Platine-WEMOS-BME280-SENSIRION-1536x1150.jpg 1536w, https:\/\/wp.unil.ch\/captographies\/files\/2024\/02\/Platine-WEMOS-BME280-SENSIRION-540x404.jpg 540w, https:\/\/wp.unil.ch\/captographies\/files\/2024\/02\/Platine-WEMOS-BME280-SENSIRION-1080x808.jpg 1080w\" sizes=\"auto, (max-width: 1603px) 100vw, 1603px\" \/><figcaption class=\"wp-element-caption\">\u00a9UNIL<\/figcaption><\/figure>\n<\/div>\n\n\n\n<div class=\"wp-block-column is-layout-flow wp-block-column-is-layout-flow\">\n<p class=\"has-buttons-text-color has-accent-background-color has-text-color has-background has-link-color wp-elements-f6a80e5024eda4b2d0d9d2b69730d21f\">A l\u2019occasion d\u2019une collaboration avec\u00a0<a href=\"https:\/\/pyxis.art\">Pyxis \u2013 Maison de la culture et de l\u2019exploration num\u00e9rique<\/a>, le FabaLab de Renens, Unisant\u00e9, la Ville de Lausanne et L\u2019\u00e9prouvette, Laboratoire Sciences et Soci\u00e9t\u00e9 de l\u2019UNIL vous invitent \u00e0 participer \u00e0\u00a0<strong>Capt\u2019Air<\/strong>. Analysez la qualit\u00e9 de l\u2019air en construisant votre propre capteur et \u00e9changez avec des expert\u00b7e\u00b7s du domaine !<br><br><strong><em>Capt\u2019Air se d\u00e9roule en trois sessions<\/em><\/strong>\u00a0\/ 29 octobre de 18h \u00e0 20h30 | 12 novembre et 3 d\u00e9cembre de 18h \u00e0 20h.<br><br><strong><em>Lieu<\/em><\/strong>\u00a0\/ Pyxis Exploration Num\u00e9rique, Place de la Cath\u00e9drale 6, 1005 Lausanne<br><br><strong><em>Gratuit<\/em><\/strong>, d\u00e8s 16 ans.\u00a0<br><br><a href=\"https:\/\/www.lausanne.ch\/portrait\/carte-identite\/environnement\/qualite-de-l-air\/fresque-air.html\">Plus d\u2019informations et inscriptions<\/a><\/p>\n<\/div>\n<\/div>\n\n\n\n<p><a href=\"https:\/\/framaforms.org\/sinscrire-pour-connaitre-les-prochaines-dates-pour-le-projet-captair-1696860685\" target=\"_blank\" rel=\"noreferrer noopener\">S&rsquo;inscrire pour conna\u00eetre les prochaines dates de construction de capteurs + rencontres et \u00eatre tenu\u00b7e inform\u00e9\u00b7e du projet Capt&rsquo;Air<\/a>.<\/p>\n\n\n\n\n<!-- iframe plugin v.6.0 wordpress.org\/plugins\/iframe\/ -->\n<iframe loading=\"lazy\" src=\"https:\/\/opensensemap.org\/explore\/60a7d0bdddf854001b31622f\" width=\"100%\" height=\"500\" scrolling=\"yes\" class=\"iframe-class\" frameborder=\"0\"><\/iframe>\n\n\n\n\n<p><em>Carte interactive <a href=\"https:\/\/opensensemap.org\/explore\/60a7d0bdddf854001b31622f\" target=\"_blank\" rel=\"noreferrer noopener\">Opensensemap<\/a> (cliquez sur le lien pour l&rsquo;ouvrir)<\/em><\/p>\n\n\n\n<h3 class=\"wp-block-heading\"><em>Avec la participation des habitant\u00b7e\u00b7s du canton de Vaud, en Suisse, et la complicit\u00e9 de :<\/em><\/h3>\n\n\n\n<div class=\"wp-block-columns is-layout-flex wp-container-core-columns-is-layout-9d6595d7 wp-block-columns-is-layout-flex\">\n<div class=\"wp-block-column is-vertically-aligned-bottom is-layout-flow wp-block-column-is-layout-flow\">\n<figure class=\"wp-block-image alignwide size-full\"><img alt=\"\" loading=\"lazy\" decoding=\"async\" width=\"650\" height=\"241\" src=\"https:\/\/wp.unil.ch\/captographies\/files\/2024\/01\/unilogo_noir_300dpi.png\" alt=\"\" class=\"wp-image-368\" srcset=\"https:\/\/wp.unil.ch\/captographies\/files\/2024\/01\/unilogo_noir_300dpi.png 650w, https:\/\/wp.unil.ch\/captographies\/files\/2024\/01\/unilogo_noir_300dpi-300x111.png 300w, https:\/\/wp.unil.ch\/captographies\/files\/2024\/01\/unilogo_noir_300dpi-540x200.png 540w\" sizes=\"auto, (max-width: 650px) 100vw, 650px\" \/><\/figure>\n<\/div>\n\n\n\n<div class=\"wp-block-column is-vertically-aligned-bottom is-layout-flow wp-block-column-is-layout-flow\">\n<figure class=\"wp-block-image alignwide size-large\"><img alt=\"\" loading=\"lazy\" decoding=\"async\" width=\"1024\" height=\"502\" src=\"https:\/\/wp.unil.ch\/captographies\/files\/2024\/01\/Eprouvette_complet_noir-1024x502.png\" alt=\"\" class=\"wp-image-354\" srcset=\"https:\/\/wp.unil.ch\/captographies\/files\/2024\/01\/Eprouvette_complet_noir-1024x502.png 1024w, https:\/\/wp.unil.ch\/captographies\/files\/2024\/01\/Eprouvette_complet_noir-300x147.png 300w, https:\/\/wp.unil.ch\/captographies\/files\/2024\/01\/Eprouvette_complet_noir-768x376.png 768w, https:\/\/wp.unil.ch\/captographies\/files\/2024\/01\/Eprouvette_complet_noir-540x264.png 540w, https:\/\/wp.unil.ch\/captographies\/files\/2024\/01\/Eprouvette_complet_noir.png 1074w\" sizes=\"auto, (max-width: 1024px) 100vw, 1024px\" \/><\/figure>\n<\/div>\n\n\n\n<div class=\"wp-block-column is-vertically-aligned-bottom is-layout-flow wp-block-column-is-layout-flow\">\n<figure class=\"wp-block-image alignwide size-full\"><img alt=\"\" loading=\"lazy\" decoding=\"async\" width=\"495\" height=\"133\" src=\"https:\/\/wp.unil.ch\/captographies\/files\/2024\/01\/FabLab.png\" alt=\"\" class=\"wp-image-359\" srcset=\"https:\/\/wp.unil.ch\/captographies\/files\/2024\/01\/FabLab.png 495w, https:\/\/wp.unil.ch\/captographies\/files\/2024\/01\/FabLab-300x81.png 300w\" sizes=\"auto, (max-width: 495px) 100vw, 495px\" \/><\/figure>\n<\/div>\n\n\n\n<div class=\"wp-block-column is-vertically-aligned-bottom is-layout-flow wp-block-column-is-layout-flow\">\n<figure class=\"wp-block-image alignwide size-full\"><img alt=\"\" loading=\"lazy\" decoding=\"async\" width=\"986\" height=\"385\" src=\"https:\/\/wp.unil.ch\/captographies\/files\/2024\/05\/unisante-logo_web.png\" alt=\"\" class=\"wp-image-755\" srcset=\"https:\/\/wp.unil.ch\/captographies\/files\/2024\/05\/unisante-logo_web.png 986w, https:\/\/wp.unil.ch\/captographies\/files\/2024\/05\/unisante-logo_web-300x117.png 300w, https:\/\/wp.unil.ch\/captographies\/files\/2024\/05\/unisante-logo_web-768x300.png 768w, https:\/\/wp.unil.ch\/captographies\/files\/2024\/05\/unisante-logo_web-540x211.png 540w\" sizes=\"auto, (max-width: 986px) 100vw, 986px\" \/><\/figure>\n<\/div>\n\n\n\n<div class=\"wp-block-column is-vertically-aligned-bottom is-layout-flow wp-block-column-is-layout-flow\">\n<figure class=\"wp-block-image alignwide size-full\"><img alt=\"\" loading=\"lazy\" decoding=\"async\" width=\"500\" height=\"196\" src=\"https:\/\/wp.unil.ch\/captographies\/files\/2024\/05\/ville-de-lausanne_web_crope.png\" alt=\"\" class=\"wp-image-765\" srcset=\"https:\/\/wp.unil.ch\/captographies\/files\/2024\/05\/ville-de-lausanne_web_crope.png 500w, https:\/\/wp.unil.ch\/captographies\/files\/2024\/05\/ville-de-lausanne_web_crope-300x118.png 300w\" sizes=\"auto, (max-width: 500px) 100vw, 500px\" \/><\/figure>\n<\/div>\n<\/div>\n","protected":false},"excerpt":{"rendered":"<p>Captographies&nbsp;est un projet de sciences participatives pour recueillir, analyser et mettre en discussion des donn\u00e9es citoyennes sur les liens entre notre environnement et notre sant\u00e9. Prendre part au&hellip;<\/p>\n","protected":false},"author":108,"featured_media":646,"parent":0,"menu_order":0,"comment_status":"closed","ping_status":"closed","template":"template-full-width-cover.php","meta":{"_seopress_robots_primary_cat":"","_seopress_titles_title":"","_seopress_titles_desc":"","_seopress_robots_index":"","footnotes":""},"class_list":["post-6","page","type-page","status-publish","has-post-thumbnail"],"_links":{"self":[{"href":"https:\/\/wp.unil.ch\/captographies\/wp-json\/wp\/v2\/pages\/6","targetHints":{"allow":["GET"]}}],"collection":[{"href":"https:\/\/wp.unil.ch\/captographies\/wp-json\/wp\/v2\/pages"}],"about":[{"href":"https:\/\/wp.unil.ch\/captographies\/wp-json\/wp\/v2\/types\/page"}],"author":[{"embeddable":true,"href":"https:\/\/wp.unil.ch\/captographies\/wp-json\/wp\/v2\/users\/108"}],"replies":[{"embeddable":true,"href":"https:\/\/wp.unil.ch\/captographies\/wp-json\/wp\/v2\/comments?post=6"}],"version-history":[{"count":4,"href":"https:\/\/wp.unil.ch\/captographies\/wp-json\/wp\/v2\/pages\/6\/revisions"}],"predecessor-version":[{"id":838,"href":"https:\/\/wp.unil.ch\/captographies\/wp-json\/wp\/v2\/pages\/6\/revisions\/838"}],"wp:featuredmedia":[{"embeddable":true,"href":"https:\/\/wp.unil.ch\/captographies\/wp-json\/wp\/v2\/media\/646"}],"wp:attachment":[{"href":"https:\/\/wp.unil.ch\/captographies\/wp-json\/wp\/v2\/media?parent=6"}],"curies":[{"name":"wp","href":"https:\/\/api.w.org\/{rel}","templated":true}]}}

Captographies // Mesurer, comprendre et penser les liens entre notre environnement et notre santé

<h3 class="wp-block-heading"><strong><em>Captographies&nbsp;est un projet de sciences participatives pour recueillir, analyser et mettre en discussion des données citoyennes sur les liens entre notre environnement et notre santé.</em></strong></h3>



<p>Prendre part au projet <em>Captographies</em>, c’est&nbsp;:&nbsp;</p>



<blockquote class="wp-block-quote is-layout-flow wp-block-quote-is-layout-flow">
<p><em>agir pour son environnement et sa santé.</em>&nbsp;</p>



<p><em>participer à mesurer son environnement pour mieux le connaître.</em>&nbsp;</p>



<p><em>dialoguer avec des spécialistes et les pouvoirs publics.</em></p>
</blockquote>



<p>Dans un premier temps, le projet aborde une thématique qui concerne chacun·e d&rsquo;entre nous &#8211; la qualité de l’air que nous respirons au quotidien &#8211; avec <a href="https://wp.unil.ch/captographies/captair/"><em><strong>Capt’Air</strong></em></a>. Quelle est la qualité de l’air autour de nous et l’impact des particules fines sur notre corps ? Que pensez-vous de la qualité de l’air que vous respirez&nbsp;? Vos sensations correspondent-elles à la réalité&nbsp;?</p>



<p>Pour y répondre, construisez un capteur de particules fines à installer sur votre bord de fenêtre&nbsp;pour mesurer et partager en accès libre (ou <em>openaccess</em>) les données de la qualité de l’air à Lausanne (en 2023) et dans le canton de Vaud (en 2024).&nbsp;Échangez avec des spécialistes du domaine sur les questions qui vous intéressent ou vous préoccupent&nbsp;!&nbsp;</p>



<div class="wp-block-columns is-layout-flex wp-container-core-columns-is-layout-9d6595d7 wp-block-columns-is-layout-flex">
<div class="wp-block-column is-layout-flow wp-block-column-is-layout-flow">
<figure class="wp-block-image size-full"><img alt="" loading="lazy" decoding="async" width="1603" height="1200" src="https://wp.unil.ch/captographies/files/2024/02/Platine-WEMOS-BME280-SENSIRION.jpg" alt="" class="wp-image-405" srcset="https://wp.unil.ch/captographies/files/2024/02/Platine-WEMOS-BME280-SENSIRION.jpg 1603w, https://wp.unil.ch/captographies/files/2024/02/Platine-WEMOS-BME280-SENSIRION-300x225.jpg 300w, https://wp.unil.ch/captographies/files/2024/02/Platine-WEMOS-BME280-SENSIRION-1024x767.jpg 1024w, https://wp.unil.ch/captographies/files/2024/02/Platine-WEMOS-BME280-SENSIRION-768x575.jpg 768w, https://wp.unil.ch/captographies/files/2024/02/Platine-WEMOS-BME280-SENSIRION-1536x1150.jpg 1536w, https://wp.unil.ch/captographies/files/2024/02/Platine-WEMOS-BME280-SENSIRION-540x404.jpg 540w, https://wp.unil.ch/captographies/files/2024/02/Platine-WEMOS-BME280-SENSIRION-1080x808.jpg 1080w" sizes="auto, (max-width: 1603px) 100vw, 1603px" /><figcaption class="wp-element-caption">©UNIL</figcaption></figure>
</div>



<div class="wp-block-column is-layout-flow wp-block-column-is-layout-flow">
<p class="has-buttons-text-color has-accent-background-color has-text-color has-background has-link-color wp-elements-f6a80e5024eda4b2d0d9d2b69730d21f">A l’occasion d’une collaboration avec <a href="https://pyxis.art">Pyxis – Maison de la culture et de l’exploration numérique</a>, le FabaLab de Renens, Unisanté, la Ville de Lausanne et L’éprouvette, Laboratoire Sciences et Société de l’UNIL vous invitent à participer à <strong>Capt’Air</strong>. Analysez la qualité de l’air en construisant votre propre capteur et échangez avec des expert·e·s du domaine !<br><br><strong><em>Capt’Air se déroule en trois sessions</em></strong> / 29 octobre de 18h à 20h30 | 12 novembre et 3 décembre de 18h à 20h.<br><br><strong><em>Lieu</em></strong> / Pyxis Exploration Numérique, Place de la Cathédrale 6, 1005 Lausanne<br><br><strong><em>Gratuit</em></strong>, dès 16 ans. <br><br><a href="https://www.lausanne.ch/portrait/carte-identite/environnement/qualite-de-l-air/fresque-air.html">Plus d’informations et inscriptions</a></p>
</div>
</div>



<p><a href="https://framaforms.org/sinscrire-pour-connaitre-les-prochaines-dates-pour-le-projet-captair-1696860685" target="_blank" rel="noreferrer noopener">S&rsquo;inscrire pour connaître les prochaines dates de construction de capteurs + rencontres et être tenu·e informé·e du projet Capt&rsquo;Air</a>.</p>




<!-- iframe plugin v.6.0 wordpress.org/plugins/iframe/ -->
<iframe loading="lazy" src="https://opensensemap.org/explore/60a7d0bdddf854001b31622f" width="100%" height="500" scrolling="yes" class="iframe-class" frameborder="0"></iframe>




<p><em>Carte interactive <a href="https://opensensemap.org/explore/60a7d0bdddf854001b31622f" target="_blank" rel="noreferrer noopener">Opensensemap</a> (cliquez sur le lien pour l&rsquo;ouvrir)</em></p>



<h3 class="wp-block-heading"><em>Avec la participation des habitant·e·s du canton de Vaud, en Suisse, et la complicité de :</em></h3>



<div class="wp-block-columns is-layout-flex wp-container-core-columns-is-layout-9d6595d7 wp-block-columns-is-layout-flex">
<div class="wp-block-column is-vertically-aligned-bottom is-layout-flow wp-block-column-is-layout-flow">
<figure class="wp-block-image alignwide size-full"><img alt="" loading="lazy" decoding="async" width="650" height="241" src="https://wp.unil.ch/captographies/files/2024/01/unilogo_noir_300dpi.png" alt="" class="wp-image-368" srcset="https://wp.unil.ch/captographies/files/2024/01/unilogo_noir_300dpi.png 650w, https://wp.unil.ch/captographies/files/2024/01/unilogo_noir_300dpi-300x111.png 300w, https://wp.unil.ch/captographies/files/2024/01/unilogo_noir_300dpi-540x200.png 540w" sizes="auto, (max-width: 650px) 100vw, 650px" /></figure>
</div>



<div class="wp-block-column is-vertically-aligned-bottom is-layout-flow wp-block-column-is-layout-flow">
<figure class="wp-block-image alignwide size-large"><img alt="" loading="lazy" decoding="async" width="1024" height="502" src="https://wp.unil.ch/captographies/files/2024/01/Eprouvette_complet_noir-1024x502.png" alt="" class="wp-image-354" srcset="https://wp.unil.ch/captographies/files/2024/01/Eprouvette_complet_noir-1024x502.png 1024w, https://wp.unil.ch/captographies/files/2024/01/Eprouvette_complet_noir-300x147.png 300w, https://wp.unil.ch/captographies/files/2024/01/Eprouvette_complet_noir-768x376.png 768w, https://wp.unil.ch/captographies/files/2024/01/Eprouvette_complet_noir-540x264.png 540w, https://wp.unil.ch/captographies/files/2024/01/Eprouvette_complet_noir.png 1074w" sizes="auto, (max-width: 1024px) 100vw, 1024px" /></figure>
</div>



<div class="wp-block-column is-vertically-aligned-bottom is-layout-flow wp-block-column-is-layout-flow">
<figure class="wp-block-image alignwide size-full"><img alt="" loading="lazy" decoding="async" width="495" height="133" src="https://wp.unil.ch/captographies/files/2024/01/FabLab.png" alt="" class="wp-image-359" srcset="https://wp.unil.ch/captographies/files/2024/01/FabLab.png 495w, https://wp.unil.ch/captographies/files/2024/01/FabLab-300x81.png 300w" sizes="auto, (max-width: 495px) 100vw, 495px" /></figure>
</div>



<div class="wp-block-column is-vertically-aligned-bottom is-layout-flow wp-block-column-is-layout-flow">
<figure class="wp-block-image alignwide size-full"><img alt="" loading="lazy" decoding="async" width="986" height="385" src="https://wp.unil.ch/captographies/files/2024/05/unisante-logo_web.png" alt="" class="wp-image-755" srcset="https://wp.unil.ch/captographies/files/2024/05/unisante-logo_web.png 986w, https://wp.unil.ch/captographies/files/2024/05/unisante-logo_web-300x117.png 300w, https://wp.unil.ch/captographies/files/2024/05/unisante-logo_web-768x300.png 768w, https://wp.unil.ch/captographies/files/2024/05/unisante-logo_web-540x211.png 540w" sizes="auto, (max-width: 986px) 100vw, 986px" /></figure>
</div>



<div class="wp-block-column is-vertically-aligned-bottom is-layout-flow wp-block-column-is-layout-flow">
<figure class="wp-block-image alignwide size-full"><img alt="" loading="lazy" decoding="async" width="500" height="196" src="https://wp.unil.ch/captographies/files/2024/05/ville-de-lausanne_web_crope.png" alt="" class="wp-image-765" srcset="https://wp.unil.ch/captographies/files/2024/05/ville-de-lausanne_web_crope.png 500w, https://wp.unil.ch/captographies/files/2024/05/ville-de-lausanne_web_crope-300x118.png 300w" sizes="auto, (max-width: 500px) 100vw, 500px" /></figure>
</div>
</div>

<p>Captographies&nbsp;est un projet de sciences participatives pour recueillir, analyser et mettre en discussion des données citoyennes sur les liens entre notre environnement et notre santé. Prendre part au&hellip;</p>
