{"id":259,"date":"2023-12-19T17:17:41","date_gmt":"2023-12-19T16:17:41","guid":{"rendered":"https:\/\/wp.unil.ch\/captographies\/?page_id=259"},"modified":"2024-12-06T16:22:11","modified_gmt":"2024-12-06T15:22:11","slug":"qui-sommes-nous","status":"publish","type":"page","link":"https:\/\/wp.unil.ch\/captographies\/qui-sommes-nous\/","title":{"rendered":"Qui sommes-nous ?"},"content":{"rendered":"\n<h2 class=\"wp-block-heading\">Nous contacter <\/h2>\n\n\n\n<div class=\"wp-block-columns is-layout-flex wp-container-core-columns-is-layout-9d6595d7 wp-block-columns-is-layout-flex\">\n<div class=\"wp-block-column is-layout-flow wp-block-column-is-layout-flow\">\n<p>Par t\u00e9l\u00e9phone &#8211; UNIL, L&rsquo;\u00e9prouvette : 021 692 20 68 \/\/ Par <a href=\"mailto:severine.trouilloud@unil.ch\">e-mail<\/a>. <\/p>\n<\/div>\n<\/div>\n\n\n\n<h2 class=\"wp-block-heading\">Les partenaires<\/h2>\n\n\n\n<div class=\"wp-block-columns is-layout-flex wp-container-core-columns-is-layout-9d6595d7 wp-block-columns-is-layout-flex\">\n<div class=\"wp-block-column is-layout-flow wp-block-column-is-layout-flow\" style=\"flex-basis:33.33%\">\n<figure class=\"wp-block-image size-full\"><img alt=\"\" loading=\"lazy\" decoding=\"async\" width=\"1074\" height=\"526\" src=\"https:\/\/wp.unil.ch\/captographies\/files\/2024\/01\/Eprouvette_complet_noir.png\" alt=\"\" class=\"wp-image-354\" srcset=\"https:\/\/wp.unil.ch\/captographies\/files\/2024\/01\/Eprouvette_complet_noir.png 1074w, https:\/\/wp.unil.ch\/captographies\/files\/2024\/01\/Eprouvette_complet_noir-300x147.png 300w, https:\/\/wp.unil.ch\/captographies\/files\/2024\/01\/Eprouvette_complet_noir-1024x502.png 1024w, https:\/\/wp.unil.ch\/captographies\/files\/2024\/01\/Eprouvette_complet_noir-768x376.png 768w, https:\/\/wp.unil.ch\/captographies\/files\/2024\/01\/Eprouvette_complet_noir-540x264.png 540w\" sizes=\"auto, (max-width: 1074px) 100vw, 1074px\" \/><\/figure>\n<\/div>\n\n\n\n<div class=\"wp-block-column is-layout-flow wp-block-column-is-layout-flow\" style=\"flex-basis:66.66%\">\n<p><a href=\"https:\/\/www.eprouvette-unil.ch\/\"><strong>L&rsquo;\u00e9prouvette, Laboratoire \/ Sciences et Soci\u00e9t\u00e9 \/ Universit\u00e9 de Lausanne (UNIL)<\/strong><\/a><\/p>\n\n\n\n<p>L\u2019\u00e9prouvette co-assure la coordination du projet et l\u2019organisation des \u00e9v\u00e9nements publics. <br><br>L\u2019\u00e9prouvette propose de nombreuses activit\u00e9s p\u00e9dagogiques et pratiques pour comprendre et exp\u00e9rimenter les sciences, qu\u2019elles soient humaines et sociales ou de la vie et de l\u2019environnement. Une occasion unique de s\u2019approprier des connaissances de mani\u00e8re interactive, ludique et pratique, pour prendre des d\u00e9cisions personnelles et citoyennes \u00e9clair\u00e9es, devenir actrice ou acteur de notre soci\u00e9t\u00e9.<\/p>\n\n\n\n<p><\/p>\n<\/div>\n<\/div>\n\n\n\n<div class=\"wp-block-columns is-layout-flex wp-container-core-columns-is-layout-9d6595d7 wp-block-columns-is-layout-flex\">\n<div class=\"wp-block-column is-layout-flow wp-block-column-is-layout-flow\" style=\"flex-basis:33.33%\">\n<figure class=\"wp-block-image size-full\"><img alt=\"\" loading=\"lazy\" decoding=\"async\" width=\"650\" height=\"241\" src=\"https:\/\/wp.unil.ch\/captographies\/files\/2024\/01\/unilogo_noir_300dpi.png\" alt=\"\" class=\"wp-image-368\" srcset=\"https:\/\/wp.unil.ch\/captographies\/files\/2024\/01\/unilogo_noir_300dpi.png 650w, https:\/\/wp.unil.ch\/captographies\/files\/2024\/01\/unilogo_noir_300dpi-300x111.png 300w, https:\/\/wp.unil.ch\/captographies\/files\/2024\/01\/unilogo_noir_300dpi-540x200.png 540w\" sizes=\"auto, (max-width: 650px) 100vw, 650px\" \/><\/figure>\n<\/div>\n\n\n\n<div class=\"wp-block-column is-layout-flow wp-block-column-is-layout-flow\" style=\"flex-basis:66.66%\">\n<p><a href=\"https:\/\/www.unil.ch\/ci\/home.html\" target=\"_blank\" rel=\"noreferrer noopener\"><strong>Centre informatique de l\u2019UNIL<\/strong><\/a><br><br>Le Centre informatique (CI) de l\u2019UNIL met au service du projet ses comp\u00e9tences pour construire la base de donn\u00e9es des capteurs citoyens, leur acc\u00e8s libre \u00e0 tout\u00b7e\u00b7s et aux chercheur\u00b7e\u00b7s int\u00e9ress\u00e9\u00b7e\u00b7s.<\/p>\n\n\n\n<p><\/p>\n<\/div>\n<\/div>\n\n\n\n<div class=\"wp-block-columns is-layout-flex wp-container-core-columns-is-layout-9d6595d7 wp-block-columns-is-layout-flex\">\n<div class=\"wp-block-column is-layout-flow wp-block-column-is-layout-flow\" style=\"flex-basis:33.33%\">\n<figure class=\"wp-block-image size-full\"><img alt=\"\" loading=\"lazy\" decoding=\"async\" width=\"495\" height=\"133\" src=\"https:\/\/wp.unil.ch\/captographies\/files\/2024\/01\/FabLab.png\" alt=\"\" class=\"wp-image-359\" srcset=\"https:\/\/wp.unil.ch\/captographies\/files\/2024\/01\/FabLab.png 495w, https:\/\/wp.unil.ch\/captographies\/files\/2024\/01\/FabLab-300x81.png 300w\" sizes=\"auto, (max-width: 495px) 100vw, 495px\" \/><\/figure>\n<\/div>\n\n\n\n<div class=\"wp-block-column is-layout-flow wp-block-column-is-layout-flow\" style=\"flex-basis:66.66%\">\n<p><a href=\"https:\/\/fablab-renens.ch\/\"><strong>FabLab de Renens<\/strong>&nbsp;<\/a><br><br>Le FabLab de Renens s\u2019est inspir\u00e9 d\u2019un projet similaire men\u00e9 \u00e0 Stuttgart pour concevoir nos capteurs d\u2019air, capables de diffuser les donn\u00e9es en wifi ou par ondes radio. Le Fab-Lab de Renens contribue \u00e9galement \u00e0 la mise sur pied de la base de donn\u00e9es et du syst\u00e8me de donn\u00e9es, et participe avec engagement aux \u00e9v\u00e9nements publics. Au-del\u00e0 de ses comp\u00e9tences techniques, l\u2019apport du FabLab dans la philosophie du projet et ses aspects ouverts sont \u00e0 la hauteur de son engagement b\u00e9n\u00e9vole sur le projet. <br><br><strong>Qu\u2019est-ce qu\u2019un Fablab ?<\/strong><br>Les FabLab&nbsp;(<em>t\u00e9lescopage des mots fabrique et laboratoire<\/em>)&nbsp;constituent un r\u00e9seau mondial d\u2019ateliers de fabrication num\u00e9rique. Ce sont des lieux de partage et d\u2019acc\u00e8s libre \u00e0 des technologies de prototypage rapide o\u00f9 l\u2019on peut fabriquer \u00ab \u00e0 peu pr\u00e8s tout \u00bb.<br><br><strong>Quel est son r\u00f4le ?<\/strong><br>Le Fablab de Renens offre un apprentissage par la r\u00e9alisation concr\u00e8te de projets. On y gagne de l\u2019ind\u00e9pendance vis-\u00e0-vis des technologies que l\u2019on apprend \u00e0 ma\u00eetriser et l\u2019on peut \u00e0 son tour partager ses connaissances.<br><br><strong>Qui peut venir ?<\/strong><br>Organis\u00e9e en association, la plateforme est ouverte et non marchande. Des b\u00e9n\u00e9voles animent le lieu pour en faire un atelier pas comme les autres. Toute personne peut en devenir membre et participer en y apportant ses projets, ses connaissances et sa motivation.<\/p>\n\n\n\n<p><\/p>\n<\/div>\n<\/div>\n\n\n\n<div class=\"wp-block-columns is-layout-flex wp-container-core-columns-is-layout-9d6595d7 wp-block-columns-is-layout-flex\">\n<div class=\"wp-block-column is-layout-flow wp-block-column-is-layout-flow\" style=\"flex-basis:33.33%\">\n<figure class=\"wp-block-image size-full\"><img alt=\"\" loading=\"lazy\" decoding=\"async\" width=\"500\" height=\"293\" src=\"https:\/\/wp.unil.ch\/captographies\/files\/2024\/01\/ville-de-lausanne.png\" alt=\"\" class=\"wp-image-364\" srcset=\"https:\/\/wp.unil.ch\/captographies\/files\/2024\/01\/ville-de-lausanne.png 500w, https:\/\/wp.unil.ch\/captographies\/files\/2024\/01\/ville-de-lausanne-300x176.png 300w\" sizes=\"auto, (max-width: 500px) 100vw, 500px\" \/><\/figure>\n<\/div>\n\n\n\n<div class=\"wp-block-column is-layout-flow wp-block-column-is-layout-flow\" style=\"flex-basis:66.66%\">\n<p><a href=\"https:\/\/www.lausanne.ch\/portrait\/carte-identite\/environnement.html?map=true&amp;mode=\"><strong>Observatoire de l&rsquo;environnement, Ville de Lausanne<\/strong><\/a><br><br>L\u2019Observatoire de l\u2019environnement de la Ville de Lausanne co-assure la coordination du projet et l\u2019organisation des \u00e9v\u00e9nements publics \u00e0 Lausanne. Il am\u00e8ne son expertise sur la qualit\u00e9 de l\u2019air et recueille avec int\u00e9r\u00eat les avis et pr\u00e9occupations des participant\u00b7e\u00b7s au projet pour les relayer aupr\u00e8s des politiques en charge de la qualit\u00e9 de l\u2019air \u00e0 Lausanne.<br><br>Port\u00e9 par l&rsquo;unit\u00e9 environnement de la Ville de Lausanne, le projet pilote de mise en place d&rsquo;un Observatoire de l&rsquo;environnement \u00e0 Lausanne est en cours de d\u00e9veloppement. Des capteurs bon march\u00e9 pour mesurer le bruit, la qualit\u00e9 de l&rsquo;air et la temp\u00e9rature sont test\u00e9s actuellement. L&rsquo;un des objectifs de cet observatoire est de r\u00e9colter des donn\u00e9es tr\u00e8s locales afin de pouvoir informer la population sur la qualit\u00e9 de son environnement. Les donn\u00e9es pourront \u00e9galement \u00eatre utilis\u00e9es afin d&rsquo;orienter et montrer les effets de diff\u00e9rentes actions prises par la Ville pour r\u00e9duire les nuisances environnementales.<\/p>\n\n\n\n<p><\/p>\n<\/div>\n<\/div>\n\n\n\n<div class=\"wp-block-columns is-layout-flex wp-container-core-columns-is-layout-9d6595d7 wp-block-columns-is-layout-flex\">\n<div class=\"wp-block-column is-layout-flow wp-block-column-is-layout-flow\" style=\"flex-basis:33.33%\">\n<figure class=\"wp-block-image size-full\"><img alt=\"\" loading=\"lazy\" decoding=\"async\" width=\"986\" height=\"385\" src=\"https:\/\/wp.unil.ch\/captographies\/files\/2024\/05\/unisante-logo_web.png\" alt=\"\" class=\"wp-image-755\" srcset=\"https:\/\/wp.unil.ch\/captographies\/files\/2024\/05\/unisante-logo_web.png 986w, https:\/\/wp.unil.ch\/captographies\/files\/2024\/05\/unisante-logo_web-300x117.png 300w, https:\/\/wp.unil.ch\/captographies\/files\/2024\/05\/unisante-logo_web-768x300.png 768w, https:\/\/wp.unil.ch\/captographies\/files\/2024\/05\/unisante-logo_web-540x211.png 540w\" sizes=\"auto, (max-width: 986px) 100vw, 986px\" \/><\/figure>\n<\/div>\n\n\n\n<div class=\"wp-block-column is-layout-flow wp-block-column-is-layout-flow\" style=\"flex-basis:66.66%\">\n<p><a href=\"https:\/\/www.google.com\/search?q=Unisant%C3%A9%2C+D%C3%A9partement+Travail-Sant%C3%A9-Environnement&amp;rlz=1C5CHFA_enCH1057CH1057&amp;oq=Unisant%C3%A9%2C+D%C3%A9partement+Travail-Sant%C3%A9-Environnement&amp;gs_lcrp=EgZjaHJvbWUyBggAEEUYOTIKCAEQABiABBiiBDIKCAIQABiiBBiJBdIBBzMyNWowajSoAgCwAgA&amp;sourceid=chrome&amp;ie=UTF-8\" target=\"_blank\" rel=\"noreferrer noopener\"><strong>Unisant\u00e9, D\u00e9partement Travail-Sant\u00e9-Environnement<\/strong><\/a><br><br>La recherche et l\u2019expertise sur la qualit\u00e9 de l\u2019air et son impact sur la sant\u00e9 sont mis \u00e0 disposition de la communaut\u00e9 de scientifiques citoyen\u00b7ne\u00b7s. Apprendre, comprendre et s\u2019interroger sur les liens entre son environnement et sa sant\u00e9&nbsp;ensemble&nbsp;!<br><br>Le D\u00e9partement sant\u00e9, travail et environnement du Centre universitaire de m\u00e9decine g\u00e9n\u00e9rale et sant\u00e9 publique \u2013 Unisant\u00e9 vise \u00e0 promouvoir des environnements et conditions de travail saines, favorables aux individus et \u00e0 la soci\u00e9t\u00e9.<br><br>Il fournit des prestations de services aux entreprises pour les accompagner dans leur projet de gestion de la sant\u00e9 dans les domaines de la m\u00e9decine du travail, l\u2019hygi\u00e8ne du travail et de l\u2019environnement, l\u2019ergonomie et la promotion de la sant\u00e9. En outre, le d\u00e9partement propose des consultations sp\u00e9cialis\u00e9es en lien avec l\u2019activit\u00e9 professionnelle et l\u2019environnement.<br><br>Il conduit une recherche appliqu\u00e9e dans le domaine de la sant\u00e9 au travail et de la sant\u00e9 environnementale dans les domaines suivants : les sciences de l\u2019exposition, l\u2019ing\u00e9nierie environnementale, la m\u00e9decine du travail, les facteurs humains, l\u2019\u00e9pid\u00e9miologie et la sant\u00e9 digitale et globale.<\/p>\n<\/div>\n<\/div>\n\n\n\n<h2 class=\"wp-block-heading\">Soutien<\/h2>\n\n\n\n<p>Le volet Capt\u2019Air \u2013 Lausanne est n\u00e9 gr\u00e2ce au soutien d&rsquo;<a href=\"https:\/\/www.lausanne.ch\/portrait\/savoir-et-formation\/universite\/interact-partenariat-ville-universite.html#:~:text=Interact%20est%20une%20plateforme%20cr\u00e9\u00e9e,collaborations%20entre%20Ville%20et%20Universit\u00e9.\">Interact<\/a>,<strong> <\/strong>une plateforme cr\u00e9\u00e9e par l\u2019Universit\u00e9 de Lausanne (UNIL) et la Ville de Lausanne, dont l\u2019objectif est d\u2019encourager et de soutenir les collaborations entre Ville et Universit\u00e9.<\/p>\n","protected":false},"excerpt":{"rendered":"<p>Nous contacter Par t\u00e9l\u00e9phone &#8211; UNIL, L&rsquo;\u00e9prouvette : 021 692 20 68 \/\/ Par e-mail. Les partenaires L&rsquo;\u00e9prouvette, Laboratoire \/ Sciences et Soci\u00e9t\u00e9 \/ Universit\u00e9 de Lausanne (UNIL)&hellip;<\/p>\n","protected":false},"author":1002661,"featured_media":528,"parent":0,"menu_order":0,"comment_status":"closed","ping_status":"closed","template":"template-full-width-cover.php","meta":{"_seopress_robots_primary_cat":"","_seopress_titles_title":"","_seopress_titles_desc":"","_seopress_robots_index":"","footnotes":""},"class_list":["post-259","page","type-page","status-publish","has-post-thumbnail"],"_links":{"self":[{"href":"https:\/\/wp.unil.ch\/captographies\/wp-json\/wp\/v2\/pages\/259","targetHints":{"allow":["GET"]}}],"collection":[{"href":"https:\/\/wp.unil.ch\/captographies\/wp-json\/wp\/v2\/pages"}],"about":[{"href":"https:\/\/wp.unil.ch\/captographies\/wp-json\/wp\/v2\/types\/page"}],"author":[{"embeddable":true,"href":"https:\/\/wp.unil.ch\/captographies\/wp-json\/wp\/v2\/users\/1002661"}],"replies":[{"embeddable":true,"href":"https:\/\/wp.unil.ch\/captographies\/wp-json\/wp\/v2\/comments?post=259"}],"version-history":[{"count":5,"href":"https:\/\/wp.unil.ch\/captographies\/wp-json\/wp\/v2\/pages\/259\/revisions"}],"predecessor-version":[{"id":884,"href":"https:\/\/wp.unil.ch\/captographies\/wp-json\/wp\/v2\/pages\/259\/revisions\/884"}],"wp:featuredmedia":[{"embeddable":true,"href":"https:\/\/wp.unil.ch\/captographies\/wp-json\/wp\/v2\/media\/528"}],"wp:attachment":[{"href":"https:\/\/wp.unil.ch\/captographies\/wp-json\/wp\/v2\/media?parent=259"}],"curies":[{"name":"wp","href":"https:\/\/api.w.org\/{rel}","templated":true}]}}

<h2 class="wp-block-heading">Nous contacter </h2>



<div class="wp-block-columns is-layout-flex wp-container-core-columns-is-layout-9d6595d7 wp-block-columns-is-layout-flex">
<div class="wp-block-column is-layout-flow wp-block-column-is-layout-flow">
<p>Par téléphone &#8211; UNIL, L&rsquo;éprouvette : 021 692 20 68 // Par <a href="mailto:severine.trouilloud@unil.ch">e-mail</a>. </p>
</div>
</div>



<h2 class="wp-block-heading">Les partenaires</h2>



<div class="wp-block-columns is-layout-flex wp-container-core-columns-is-layout-9d6595d7 wp-block-columns-is-layout-flex">
<div class="wp-block-column is-layout-flow wp-block-column-is-layout-flow" style="flex-basis:33.33%">
<figure class="wp-block-image size-full"><img alt="" loading="lazy" decoding="async" width="1074" height="526" src="https://wp.unil.ch/captographies/files/2024/01/Eprouvette_complet_noir.png" alt="" class="wp-image-354" srcset="https://wp.unil.ch/captographies/files/2024/01/Eprouvette_complet_noir.png 1074w, https://wp.unil.ch/captographies/files/2024/01/Eprouvette_complet_noir-300x147.png 300w, https://wp.unil.ch/captographies/files/2024/01/Eprouvette_complet_noir-1024x502.png 1024w, https://wp.unil.ch/captographies/files/2024/01/Eprouvette_complet_noir-768x376.png 768w, https://wp.unil.ch/captographies/files/2024/01/Eprouvette_complet_noir-540x264.png 540w" sizes="auto, (max-width: 1074px) 100vw, 1074px" /></figure>
</div>



<div class="wp-block-column is-layout-flow wp-block-column-is-layout-flow" style="flex-basis:66.66%">
<p><a href="https://www.eprouvette-unil.ch/"><strong>L&rsquo;éprouvette, Laboratoire / Sciences et Société / Université de Lausanne (UNIL)</strong></a></p>



<p>L’éprouvette co-assure la coordination du projet et l’organisation des événements publics. <br><br>L’éprouvette propose de nombreuses activités pédagogiques et pratiques pour comprendre et expérimenter les sciences, qu’elles soient humaines et sociales ou de la vie et de l’environnement. Une occasion unique de s’approprier des connaissances de manière interactive, ludique et pratique, pour prendre des décisions personnelles et citoyennes éclairées, devenir actrice ou acteur de notre société.</p>



<p></p>
</div>
</div>



<div class="wp-block-columns is-layout-flex wp-container-core-columns-is-layout-9d6595d7 wp-block-columns-is-layout-flex">
<div class="wp-block-column is-layout-flow wp-block-column-is-layout-flow" style="flex-basis:33.33%">
<figure class="wp-block-image size-full"><img alt="" loading="lazy" decoding="async" width="650" height="241" src="https://wp.unil.ch/captographies/files/2024/01/unilogo_noir_300dpi.png" alt="" class="wp-image-368" srcset="https://wp.unil.ch/captographies/files/2024/01/unilogo_noir_300dpi.png 650w, https://wp.unil.ch/captographies/files/2024/01/unilogo_noir_300dpi-300x111.png 300w, https://wp.unil.ch/captographies/files/2024/01/unilogo_noir_300dpi-540x200.png 540w" sizes="auto, (max-width: 650px) 100vw, 650px" /></figure>
</div>



<div class="wp-block-column is-layout-flow wp-block-column-is-layout-flow" style="flex-basis:66.66%">
<p><a href="https://www.unil.ch/ci/home.html" target="_blank" rel="noreferrer noopener"><strong>Centre informatique de l’UNIL</strong></a><br><br>Le Centre informatique (CI) de l’UNIL met au service du projet ses compétences pour construire la base de données des capteurs citoyens, leur accès libre à tout·e·s et aux chercheur·e·s intéressé·e·s.</p>



<p></p>
</div>
</div>



<div class="wp-block-columns is-layout-flex wp-container-core-columns-is-layout-9d6595d7 wp-block-columns-is-layout-flex">
<div class="wp-block-column is-layout-flow wp-block-column-is-layout-flow" style="flex-basis:33.33%">
<figure class="wp-block-image size-full"><img alt="" loading="lazy" decoding="async" width="495" height="133" src="https://wp.unil.ch/captographies/files/2024/01/FabLab.png" alt="" class="wp-image-359" srcset="https://wp.unil.ch/captographies/files/2024/01/FabLab.png 495w, https://wp.unil.ch/captographies/files/2024/01/FabLab-300x81.png 300w" sizes="auto, (max-width: 495px) 100vw, 495px" /></figure>
</div>



<div class="wp-block-column is-layout-flow wp-block-column-is-layout-flow" style="flex-basis:66.66%">
<p><a href="https://fablab-renens.ch/"><strong>FabLab de Renens</strong>&nbsp;</a><br><br>Le FabLab de Renens s’est inspiré d’un projet similaire mené à Stuttgart pour concevoir nos capteurs d’air, capables de diffuser les données en wifi ou par ondes radio. Le Fab-Lab de Renens contribue également à la mise sur pied de la base de données et du système de données, et participe avec engagement aux événements publics. Au-delà de ses compétences techniques, l’apport du FabLab dans la philosophie du projet et ses aspects ouverts sont à la hauteur de son engagement bénévole sur le projet. <br><br><strong>Qu’est-ce qu’un Fablab ?</strong><br>Les FabLab&nbsp;(<em>télescopage des mots fabrique et laboratoire</em>)&nbsp;constituent un réseau mondial d’ateliers de fabrication numérique. Ce sont des lieux de partage et d’accès libre à des technologies de prototypage rapide où l’on peut fabriquer « à peu près tout ».<br><br><strong>Quel est son rôle ?</strong><br>Le Fablab de Renens offre un apprentissage par la réalisation concrète de projets. On y gagne de l’indépendance vis-à-vis des technologies que l’on apprend à maîtriser et l’on peut à son tour partager ses connaissances.<br><br><strong>Qui peut venir ?</strong><br>Organisée en association, la plateforme est ouverte et non marchande. Des bénévoles animent le lieu pour en faire un atelier pas comme les autres. Toute personne peut en devenir membre et participer en y apportant ses projets, ses connaissances et sa motivation.</p>



<p></p>
</div>
</div>



<div class="wp-block-columns is-layout-flex wp-container-core-columns-is-layout-9d6595d7 wp-block-columns-is-layout-flex">
<div class="wp-block-column is-layout-flow wp-block-column-is-layout-flow" style="flex-basis:33.33%">
<figure class="wp-block-image size-full"><img alt="" loading="lazy" decoding="async" width="500" height="293" src="https://wp.unil.ch/captographies/files/2024/01/ville-de-lausanne.png" alt="" class="wp-image-364" srcset="https://wp.unil.ch/captographies/files/2024/01/ville-de-lausanne.png 500w, https://wp.unil.ch/captographies/files/2024/01/ville-de-lausanne-300x176.png 300w" sizes="auto, (max-width: 500px) 100vw, 500px" /></figure>
</div>



<div class="wp-block-column is-layout-flow wp-block-column-is-layout-flow" style="flex-basis:66.66%">
<p><a href="https://www.lausanne.ch/portrait/carte-identite/environnement.html?map=true&amp;mode="><strong>Observatoire de l&rsquo;environnement, Ville de Lausanne</strong></a><br><br>L’Observatoire de l’environnement de la Ville de Lausanne co-assure la coordination du projet et l’organisation des événements publics à Lausanne. Il amène son expertise sur la qualité de l’air et recueille avec intérêt les avis et préoccupations des participant·e·s au projet pour les relayer auprès des politiques en charge de la qualité de l’air à Lausanne.<br><br>Porté par l&rsquo;unité environnement de la Ville de Lausanne, le projet pilote de mise en place d&rsquo;un Observatoire de l&rsquo;environnement à Lausanne est en cours de développement. Des capteurs bon marché pour mesurer le bruit, la qualité de l&rsquo;air et la température sont testés actuellement. L&rsquo;un des objectifs de cet observatoire est de récolter des données très locales afin de pouvoir informer la population sur la qualité de son environnement. Les données pourront également être utilisées afin d&rsquo;orienter et montrer les effets de différentes actions prises par la Ville pour réduire les nuisances environnementales.</p>



<p></p>
</div>
</div>



<div class="wp-block-columns is-layout-flex wp-container-core-columns-is-layout-9d6595d7 wp-block-columns-is-layout-flex">
<div class="wp-block-column is-layout-flow wp-block-column-is-layout-flow" style="flex-basis:33.33%">
<figure class="wp-block-image size-full"><img alt="" loading="lazy" decoding="async" width="986" height="385" src="https://wp.unil.ch/captographies/files/2024/05/unisante-logo_web.png" alt="" class="wp-image-755" srcset="https://wp.unil.ch/captographies/files/2024/05/unisante-logo_web.png 986w, https://wp.unil.ch/captographies/files/2024/05/unisante-logo_web-300x117.png 300w, https://wp.unil.ch/captographies/files/2024/05/unisante-logo_web-768x300.png 768w, https://wp.unil.ch/captographies/files/2024/05/unisante-logo_web-540x211.png 540w" sizes="auto, (max-width: 986px) 100vw, 986px" /></figure>
</div>



<div class="wp-block-column is-layout-flow wp-block-column-is-layout-flow" style="flex-basis:66.66%">
<p><a href="https://www.google.com/search?q=Unisant%C3%A9%2C+D%C3%A9partement+Travail-Sant%C3%A9-Environnement&amp;rlz=1C5CHFA_enCH1057CH1057&amp;oq=Unisant%C3%A9%2C+D%C3%A9partement+Travail-Sant%C3%A9-Environnement&amp;gs_lcrp=EgZjaHJvbWUyBggAEEUYOTIKCAEQABiABBiiBDIKCAIQABiiBBiJBdIBBzMyNWowajSoAgCwAgA&amp;sourceid=chrome&amp;ie=UTF-8" target="_blank" rel="noreferrer noopener"><strong>Unisanté, Département Travail-Santé-Environnement</strong></a><br><br>La recherche et l’expertise sur la qualité de l’air et son impact sur la santé sont mis à disposition de la communauté de scientifiques citoyen·ne·s. Apprendre, comprendre et s’interroger sur les liens entre son environnement et sa santé&nbsp;ensemble&nbsp;!<br><br>Le Département santé, travail et environnement du Centre universitaire de médecine générale et santé publique – Unisanté vise à promouvoir des environnements et conditions de travail saines, favorables aux individus et à la société.<br><br>Il fournit des prestations de services aux entreprises pour les accompagner dans leur projet de gestion de la santé dans les domaines de la médecine du travail, l’hygiène du travail et de l’environnement, l’ergonomie et la promotion de la santé. En outre, le département propose des consultations spécialisées en lien avec l’activité professionnelle et l’environnement.<br><br>Il conduit une recherche appliquée dans le domaine de la santé au travail et de la santé environnementale dans les domaines suivants : les sciences de l’exposition, l’ingénierie environnementale, la médecine du travail, les facteurs humains, l’épidémiologie et la santé digitale et globale.</p>
</div>
</div>



<h2 class="wp-block-heading">Soutien</h2>



<p>Le volet Capt’Air – Lausanne est né grâce au soutien d&rsquo;<a href="https://www.lausanne.ch/portrait/savoir-et-formation/universite/interact-partenariat-ville-universite.html#:~:text=Interact%20est%20une%20plateforme%20créée,collaborations%20entre%20Ville%20et%20Université.">Interact</a>,<strong> </strong>une plateforme créée par l’Université de Lausanne (UNIL) et la Ville de Lausanne, dont l’objectif est d’encourager et de soutenir les collaborations entre Ville et Université.</p>

<p>Nous contacter Par téléphone &#8211; UNIL, L&rsquo;éprouvette : 021 692 20 68 // Par e-mail. Les partenaires L&rsquo;éprouvette, Laboratoire / Sciences et Société / Université de Lausanne (UNIL)&hellip;</p>
