{"id":210,"date":"2023-12-19T15:14:33","date_gmt":"2023-12-19T14:14:33","guid":{"rendered":"https:\/\/wp.unil.ch\/captographies\/?page_id=210"},"modified":"2024-10-17T14:22:03","modified_gmt":"2024-10-17T12:22:03","slug":"participer","status":"publish","type":"page","link":"https:\/\/wp.unil.ch\/captographies\/participer\/","title":{"rendered":"Participer"},"content":{"rendered":"\n<div class=\"wp-block-columns is-layout-flex wp-container-core-columns-is-layout-9d6595d7 wp-block-columns-is-layout-flex\">\n<div class=\"wp-block-column is-layout-flow wp-block-column-is-layout-flow\">\n<p>Prendre part \u00e0 un projet de sciences citoyennes tel que Capt\u2019Air, c\u2019est s\u2019impliquer dans un mouvement mondial de sciences communautaires dans la production de connaissances locales. Il s&rsquo;agit de participer \u00e0 l&rsquo;ancrage d&rsquo;une science connect\u00e9e aux besoins de la soci\u00e9t\u00e9 et permettant le dialogue et l&rsquo;apprentissage mutuel.<\/p>\n<\/div>\n<\/div>\n\n\n\n<h2 class=\"wp-block-heading\"><strong>Nos d\u00e9fis&nbsp;?<\/strong><\/h2>\n\n\n\n<div class=\"wp-block-columns is-layout-flex wp-container-core-columns-is-layout-9d6595d7 wp-block-columns-is-layout-flex\">\n<div class=\"wp-block-column is-layout-flow wp-block-column-is-layout-flow\" style=\"flex-basis:66.66%\">\n<figure class=\"wp-block-image size-large\"><img alt=\"\" loading=\"lazy\" decoding=\"async\" width=\"1024\" height=\"458\" src=\"https:\/\/wp.unil.ch\/captographies\/files\/2024\/02\/bekky-bekks-Fd5B3nn3TpM-unsplash_2-1024x458.jpg\" alt=\"\" class=\"wp-image-421\" srcset=\"https:\/\/wp.unil.ch\/captographies\/files\/2024\/02\/bekky-bekks-Fd5B3nn3TpM-unsplash_2-1024x458.jpg 1024w, https:\/\/wp.unil.ch\/captographies\/files\/2024\/02\/bekky-bekks-Fd5B3nn3TpM-unsplash_2-300x134.jpg 300w, https:\/\/wp.unil.ch\/captographies\/files\/2024\/02\/bekky-bekks-Fd5B3nn3TpM-unsplash_2-768x344.jpg 768w, https:\/\/wp.unil.ch\/captographies\/files\/2024\/02\/bekky-bekks-Fd5B3nn3TpM-unsplash_2-1536x687.jpg 1536w, https:\/\/wp.unil.ch\/captographies\/files\/2024\/02\/bekky-bekks-Fd5B3nn3TpM-unsplash_2-540x242.jpg 540w, https:\/\/wp.unil.ch\/captographies\/files\/2024\/02\/bekky-bekks-Fd5B3nn3TpM-unsplash_2-1080x483.jpg 1080w, https:\/\/wp.unil.ch\/captographies\/files\/2024\/02\/bekky-bekks-Fd5B3nn3TpM-unsplash_2.jpg 1920w\" sizes=\"auto, (max-width: 1024px) 100vw, 1024px\" \/><figcaption class=\"wp-element-caption\">\u00a9bekky-bekks<\/figcaption><\/figure>\n<\/div>\n\n\n\n<div class=\"wp-block-column is-layout-flow wp-block-column-is-layout-flow\" style=\"flex-basis:33.33%\">\n<ul class=\"wp-block-list\">\n<li>Avoir une meilleure id\u00e9e de la r\u00e9alit\u00e9 locale, \u00e0 l\u2019\u00e9chelle de nos rues, de la qualit\u00e9 de l\u2019air en augmentant le nombre de capteurs low-cost de particules fines dans le canton de Vaud&nbsp;;<\/li>\n\n\n\n<li>Pouvoir utiliser les donn\u00e9es dans des projets de recherche scientifique et donner du sens \u00e0 ces donn\u00e9es&nbsp;;<\/li>\n\n\n\n<li>Animer une communaut\u00e9 de personnes int\u00e9ress\u00e9es par les liens entre l\u2019air, l\u2019environnement et la sant\u00e9 et permettre le dialogue sciences et soci\u00e9t\u00e9 entre les acteur\u00b7trice\u00b7s du domaines et les participant\u00b7e\u00b7s au projet.<\/li>\n<\/ul>\n<\/div>\n<\/div>\n\n\n\n<h1 class=\"wp-block-heading\">Que faire ?<\/h1>\n\n\n\n<p>Les solutions sont connues, mais pour beaucoup ne d\u00e9pendent pas de notre ressort.&nbsp;<\/p>\n\n\n\n<p>Par exemple&nbsp;:<\/p>\n\n\n\n<ul class=\"wp-block-list\">\n<li>r\u00e9duire notre consommation d&rsquo;\u00e9nergies fossiles (essence,&#8230;);<\/li>\n\n\n\n<li>am\u00e9liorer les technologies des v\u00e9hicules (moteurs, installation de filtres \u00e0 particules, etc.);<\/li>\n\n\n\n<li>cr\u00e9er des zones \u00e0 faible traffic (dans les zones tr\u00e8s dens\u00e9ment peupl\u00e9es).<\/li>\n<\/ul>\n\n\n\n<p>En tant que citoyen\u00b7ne\u00b7s, nous pouvons favoriser la mobilit\u00e9 douce et active (marche, v\u00e9lo, v\u00e9lo \u00e9lectrique), b\u00e9n\u00e9fique tant pour notre sant\u00e9 que pour la qualit\u00e9 de l\u2019air. Nous pouvons aussi limiter l\u2019utilisation de chauffage par le bois.<\/p>\n\n\n\n<p>Il s\u2019agit \u00e9galement d\u2019influencer nos pouvoir publics pour am\u00e9liorer nos cadres de vie en d\u00e9congestionnant les axes routiers, en augmentant les espaces verts, en r\u00e9duisant les espaces d\u00e9di\u00e9s \u00e0 la voiture ou encore en imposant des normes plus strictes aux industries et \u00e0 l\u2019agriculture.<\/p>\n\n\n\n<h2 class=\"wp-block-heading\">Construire son capteur<\/h2>\n\n\n\n<p><strong>Rejoignez-nous<\/strong> pour construire votre capteur de particules fines, temp\u00e9rature et humidit\u00e9 et \u00e9changer avec des sp\u00e9cialistes de la pollution de l\u2019air et de la sant\u00e9.<\/p>\n\n\n\n<div class=\"wp-block-columns is-layout-flex wp-container-core-columns-is-layout-9d6595d7 wp-block-columns-is-layout-flex\">\n<div class=\"wp-block-column is-layout-flow wp-block-column-is-layout-flow\">\n<figure class=\"wp-block-image size-large\"><img loading=\"lazy\" decoding=\"async\" width=\"768\" height=\"1024\" src=\"https:\/\/wp.unil.ch\/captographies\/files\/2023\/12\/Gymnasienne1_\u00a9S.Trouilloud-2-768x1024.jpg\" alt=\"Gymnasienne (cr\u00e9dits S\u00e9verine Trouilloud)\" class=\"wp-image-311\" srcset=\"https:\/\/wp.unil.ch\/captographies\/files\/2023\/12\/Gymnasienne1_\u00a9S.Trouilloud-2-768x1024.jpg 768w, https:\/\/wp.unil.ch\/captographies\/files\/2023\/12\/Gymnasienne1_\u00a9S.Trouilloud-2-225x300.jpg 225w, https:\/\/wp.unil.ch\/captographies\/files\/2023\/12\/Gymnasienne1_\u00a9S.Trouilloud-2-540x720.jpg 540w, https:\/\/wp.unil.ch\/captographies\/files\/2023\/12\/Gymnasienne1_\u00a9S.Trouilloud-2.jpg 900w\" sizes=\"auto, (max-width: 768px) 100vw, 768px\" \/><figcaption class=\"wp-element-caption\">Gymnasienne (\u00a9S\u00e9verine Trouilloud)<\/figcaption><\/figure>\n<\/div>\n\n\n\n<div class=\"wp-block-column is-layout-flow wp-block-column-is-layout-flow\">\n<p class=\"has-buttons-text-color has-text-color has-background has-link-color wp-elements-7152d98d4140fc83bab9081888cc215b\" style=\"background-color:#62a4ab\"><strong>Analysez la qualit\u00e9 de l\u2019air en construisant votre propre capteur et discutez de son impact sur la sant\u00e9. <\/strong><br><br><a href=\"https:\/\/framaforms.org\/sinscrire-pour-connaitre-les-prochaines-dates-pour-le-projet-captair-1696860685\">S&rsquo;inscrire pour conna\u00eetre les prochaines dates de construction de capteurs + rencontres et \u00eatre tenu\u00b7e inform\u00e9\u00b7e du projet Capt&rsquo;Air<\/a><br><br><strong><em>PROGRAMME <\/em><\/strong><br><strong>Soir\u00e9e 1<\/strong>\u00a0:<br>D\u00e9couverte du projet et construction du capteur, configuration et connexion du capteur \u00e0 la carte en ligne open source.<br><strong>Soir\u00e9e 2<\/strong>\u00a0:<br>Fin de la configuration du capteur + discussions sur les donn\u00e9es et sur la technique, le num\u00e9rique et les communs en lien avec le projet.<br><strong>Soir\u00e9e 3<\/strong>\u00a0:<br>Retour sur les donn\u00e9es des capteurs, rencontre pour parler des liens entre la qualit\u00e9 de l\u2019air, la sant\u00e9 et les politiques publiques.<br><br>Avec :<br>&#8211; Lara Arietano, Ville de Lausanne<br>&#8211; Jean-Jacques Sauvain, Unisant\u00e9<br>&#8211; Richard Timsit, FabLab de Renens<br>&#8211; S\u00e9verine Trouilloud, L&rsquo;\u00e9prouvette &#8211; Laboratoire Sciences et Soci\u00e9t\u00e9 de l&rsquo;UNIL<br><br><strong><em>Capt\u2019Air se d\u00e9roule en trois sessions<\/em><\/strong>\u00a0\/ 29 octobre de 18h \u00e0 20h30 | 12 novembre et 3 d\u00e9cembre de 18h \u00e0 20h.<br><br><strong><em>Lieu<\/em><\/strong>\u00a0\/ Pyxis Exploration Num\u00e9rique, Place de la Cath\u00e9drale 6, 1005 Lausanne<br><br><strong><em>Gratuit<\/em><\/strong><br><br>D\u00e8s 16 ans.\u00a0<br><a href=\"https:\/\/www.lausanne.ch\/portrait\/carte-identite\/environnement\/qualite-de-l-air\/fresque-air.html\">Plus d\u2019informations et inscriptions<\/a><\/p>\n<\/div>\n<\/div>\n","protected":false},"excerpt":{"rendered":"<p>Prendre part \u00e0 un projet de sciences citoyennes tel que Capt\u2019Air, c\u2019est s\u2019impliquer dans un mouvement mondial de sciences communautaires dans la production de connaissances locales. Il s&rsquo;agit&hellip;<\/p>\n","protected":false},"author":1002661,"featured_media":445,"parent":0,"menu_order":0,"comment_status":"closed","ping_status":"closed","template":"template-full-width-cover.php","meta":{"_seopress_robots_primary_cat":"","_seopress_titles_title":"","_seopress_titles_desc":"","_seopress_robots_index":"","footnotes":""},"class_list":["post-210","page","type-page","status-publish","has-post-thumbnail"],"_links":{"self":[{"href":"https:\/\/wp.unil.ch\/captographies\/wp-json\/wp\/v2\/pages\/210","targetHints":{"allow":["GET"]}}],"collection":[{"href":"https:\/\/wp.unil.ch\/captographies\/wp-json\/wp\/v2\/pages"}],"about":[{"href":"https:\/\/wp.unil.ch\/captographies\/wp-json\/wp\/v2\/types\/page"}],"author":[{"embeddable":true,"href":"https:\/\/wp.unil.ch\/captographies\/wp-json\/wp\/v2\/users\/1002661"}],"replies":[{"embeddable":true,"href":"https:\/\/wp.unil.ch\/captographies\/wp-json\/wp\/v2\/comments?post=210"}],"version-history":[{"count":5,"href":"https:\/\/wp.unil.ch\/captographies\/wp-json\/wp\/v2\/pages\/210\/revisions"}],"predecessor-version":[{"id":836,"href":"https:\/\/wp.unil.ch\/captographies\/wp-json\/wp\/v2\/pages\/210\/revisions\/836"}],"wp:featuredmedia":[{"embeddable":true,"href":"https:\/\/wp.unil.ch\/captographies\/wp-json\/wp\/v2\/media\/445"}],"wp:attachment":[{"href":"https:\/\/wp.unil.ch\/captographies\/wp-json\/wp\/v2\/media?parent=210"}],"curies":[{"name":"wp","href":"https:\/\/api.w.org\/{rel}","templated":true}]}}

<div class="wp-block-columns is-layout-flex wp-container-core-columns-is-layout-9d6595d7 wp-block-columns-is-layout-flex">
<div class="wp-block-column is-layout-flow wp-block-column-is-layout-flow">
<p>Prendre part à un projet de sciences citoyennes tel que Capt’Air, c’est s’impliquer dans un mouvement mondial de sciences communautaires dans la production de connaissances locales. Il s&rsquo;agit de participer à l&rsquo;ancrage d&rsquo;une science connectée aux besoins de la société et permettant le dialogue et l&rsquo;apprentissage mutuel.</p>
</div>
</div>



<h2 class="wp-block-heading"><strong>Nos défis&nbsp;?</strong></h2>



<div class="wp-block-columns is-layout-flex wp-container-core-columns-is-layout-9d6595d7 wp-block-columns-is-layout-flex">
<div class="wp-block-column is-layout-flow wp-block-column-is-layout-flow" style="flex-basis:66.66%">
<figure class="wp-block-image size-large"><img alt="" loading="lazy" decoding="async" width="1024" height="458" src="https://wp.unil.ch/captographies/files/2024/02/bekky-bekks-Fd5B3nn3TpM-unsplash_2-1024x458.jpg" alt="" class="wp-image-421" srcset="https://wp.unil.ch/captographies/files/2024/02/bekky-bekks-Fd5B3nn3TpM-unsplash_2-1024x458.jpg 1024w, https://wp.unil.ch/captographies/files/2024/02/bekky-bekks-Fd5B3nn3TpM-unsplash_2-300x134.jpg 300w, https://wp.unil.ch/captographies/files/2024/02/bekky-bekks-Fd5B3nn3TpM-unsplash_2-768x344.jpg 768w, https://wp.unil.ch/captographies/files/2024/02/bekky-bekks-Fd5B3nn3TpM-unsplash_2-1536x687.jpg 1536w, https://wp.unil.ch/captographies/files/2024/02/bekky-bekks-Fd5B3nn3TpM-unsplash_2-540x242.jpg 540w, https://wp.unil.ch/captographies/files/2024/02/bekky-bekks-Fd5B3nn3TpM-unsplash_2-1080x483.jpg 1080w, https://wp.unil.ch/captographies/files/2024/02/bekky-bekks-Fd5B3nn3TpM-unsplash_2.jpg 1920w" sizes="auto, (max-width: 1024px) 100vw, 1024px" /><figcaption class="wp-element-caption">©bekky-bekks</figcaption></figure>
</div>



<div class="wp-block-column is-layout-flow wp-block-column-is-layout-flow" style="flex-basis:33.33%">
<ul class="wp-block-list">
<li>Avoir une meilleure idée de la réalité locale, à l’échelle de nos rues, de la qualité de l’air en augmentant le nombre de capteurs low-cost de particules fines dans le canton de Vaud&nbsp;;</li>



<li>Pouvoir utiliser les données dans des projets de recherche scientifique et donner du sens à ces données&nbsp;;</li>



<li>Animer une communauté de personnes intéressées par les liens entre l’air, l’environnement et la santé et permettre le dialogue sciences et société entre les acteur·trice·s du domaines et les participant·e·s au projet.</li>
</ul>
</div>
</div>



<h1 class="wp-block-heading">Que faire ?</h1>



<p>Les solutions sont connues, mais pour beaucoup ne dépendent pas de notre ressort.&nbsp;</p>



<p>Par exemple&nbsp;:</p>



<ul class="wp-block-list">
<li>réduire notre consommation d&rsquo;énergies fossiles (essence,&#8230;);</li>



<li>améliorer les technologies des véhicules (moteurs, installation de filtres à particules, etc.);</li>



<li>créer des zones à faible traffic (dans les zones très densément peuplées).</li>
</ul>



<p>En tant que citoyen·ne·s, nous pouvons favoriser la mobilité douce et active (marche, vélo, vélo électrique), bénéfique tant pour notre santé que pour la qualité de l’air. Nous pouvons aussi limiter l’utilisation de chauffage par le bois.</p>



<p>Il s’agit également d’influencer nos pouvoir publics pour améliorer nos cadres de vie en décongestionnant les axes routiers, en augmentant les espaces verts, en réduisant les espaces dédiés à la voiture ou encore en imposant des normes plus strictes aux industries et à l’agriculture.</p>



<h2 class="wp-block-heading">Construire son capteur</h2>



<p><strong>Rejoignez-nous</strong> pour construire votre capteur de particules fines, température et humidité et échanger avec des spécialistes de la pollution de l’air et de la santé.</p>



<div class="wp-block-columns is-layout-flex wp-container-core-columns-is-layout-9d6595d7 wp-block-columns-is-layout-flex">
<div class="wp-block-column is-layout-flow wp-block-column-is-layout-flow">
<figure class="wp-block-image size-large"><img loading="lazy" decoding="async" width="768" height="1024" src="https://wp.unil.ch/captographies/files/2023/12/Gymnasienne1_©S.Trouilloud-2-768x1024.jpg" alt="Gymnasienne (crédits Séverine Trouilloud)" class="wp-image-311" srcset="https://wp.unil.ch/captographies/files/2023/12/Gymnasienne1_©S.Trouilloud-2-768x1024.jpg 768w, https://wp.unil.ch/captographies/files/2023/12/Gymnasienne1_©S.Trouilloud-2-225x300.jpg 225w, https://wp.unil.ch/captographies/files/2023/12/Gymnasienne1_©S.Trouilloud-2-540x720.jpg 540w, https://wp.unil.ch/captographies/files/2023/12/Gymnasienne1_©S.Trouilloud-2.jpg 900w" sizes="auto, (max-width: 768px) 100vw, 768px" /><figcaption class="wp-element-caption">Gymnasienne (©Séverine Trouilloud)</figcaption></figure>
</div>



<div class="wp-block-column is-layout-flow wp-block-column-is-layout-flow">
<p class="has-buttons-text-color has-text-color has-background has-link-color wp-elements-7152d98d4140fc83bab9081888cc215b" style="background-color:#62a4ab"><strong>Analysez la qualité de l’air en construisant votre propre capteur et discutez de son impact sur la santé. </strong><br><br><a href="https://framaforms.org/sinscrire-pour-connaitre-les-prochaines-dates-pour-le-projet-captair-1696860685">S&rsquo;inscrire pour connaître les prochaines dates de construction de capteurs + rencontres et être tenu·e informé·e du projet Capt&rsquo;Air</a><br><br><strong><em>PROGRAMME </em></strong><br><strong>Soirée 1</strong> :<br>Découverte du projet et construction du capteur, configuration et connexion du capteur à la carte en ligne open source.<br><strong>Soirée 2</strong> :<br>Fin de la configuration du capteur + discussions sur les données et sur la technique, le numérique et les communs en lien avec le projet.<br><strong>Soirée 3</strong> :<br>Retour sur les données des capteurs, rencontre pour parler des liens entre la qualité de l’air, la santé et les politiques publiques.<br><br>Avec :<br>&#8211; Lara Arietano, Ville de Lausanne<br>&#8211; Jean-Jacques Sauvain, Unisanté<br>&#8211; Richard Timsit, FabLab de Renens<br>&#8211; Séverine Trouilloud, L&rsquo;éprouvette &#8211; Laboratoire Sciences et Société de l&rsquo;UNIL<br><br><strong><em>Capt’Air se déroule en trois sessions</em></strong> / 29 octobre de 18h à 20h30 | 12 novembre et 3 décembre de 18h à 20h.<br><br><strong><em>Lieu</em></strong> / Pyxis Exploration Numérique, Place de la Cathédrale 6, 1005 Lausanne<br><br><strong><em>Gratuit</em></strong><br><br>Dès 16 ans. <br><a href="https://www.lausanne.ch/portrait/carte-identite/environnement/qualite-de-l-air/fresque-air.html">Plus d’informations et inscriptions</a></p>
</div>
</div>

<p>Prendre part à un projet de sciences citoyennes tel que Capt’Air, c’est s’impliquer dans un mouvement mondial de sciences communautaires dans la production de connaissances locales. Il s&rsquo;agit&hellip;</p>
