{"id":615,"date":"2021-12-29T17:41:48","date_gmt":"2021-12-29T16:41:48","guid":{"rendered":"https:\/\/wp.unil.ch\/bluemount\/?page_id=615"},"modified":"2024-06-27T08:02:35","modified_gmt":"2024-06-27T06:02:35","slug":"4c","status":"publish","type":"page","link":"https:\/\/wp.unil.ch\/bluemount\/projets\/4c\/","title":{"rendered":"4\u00b0C ou +"},"content":{"rendered":"\n<h2 class=\"wp-block-heading has-text-color has-link-color wp-elements-d530b041b1175c35cda3271d7a7365bb\" style=\"color:#a144f3\">\u00ab 4\u00b0C ou + \u00bb: quels paysages aux horizons 2050 et 2100 ?<\/h2>\n\n\n\n<p>Dans ce projet mandat\u00e9 par l&rsquo;Office f\u00e9d\u00e9ral de l&rsquo;environnement, et co-financ\u00e9 par ce m\u00eame office et le CIRM, nous proposons de projeter les effets possibles du changement climatique sur les types de paysages les plus importants de Suisse et de permettre ainsi la visualisation anim\u00e9e de ces effets \u00e0 des fins de communication et de sensibilisation. Avec un site dans l&rsquo;Entremont et l&rsquo;utilisation de donn\u00e9es issues du monitoring \u00e0 long-terme en Suisse, ce projet s&rsquo;ins\u00e8re parfaitement dans le cadre de l&rsquo;observatoire BlueMount.<\/p>\n\n\n\n<h2 class=\"wp-block-heading has-text-color has-link-color wp-elements-0bfefb70148829d946052cc69d485a37\" style=\"color:#a144f3\">Objectifs<\/h2>\n\n\n\n<ul style=\"background-color:#a144f224\" class=\"has-background wp-block-list\">\n<li>d\u00e9velopper des r\u00e9cits qualitatifs des changements du paysage bas\u00e9s sur de la litt\u00e9rature et des consultations d&rsquo;experts (Module 1)<\/li>\n\n\n\n<li>quantifier et spatialiser ces sc\u00e9narios pour les p\u00e9riodes 2050 et 2100 pour la r\u00e9gion montagneuse de l&rsquo;Entremont et une r\u00e9gion du Plateau \u00e0 l&rsquo;aide de projections de paysages et d&rsquo;indicateurs biophysiques et de services paysagers (Module 2)<\/li>\n\n\n\n<li>d\u00e9velopper des visualisations (module 3) \u00e0 partir des histoires du module 1 et des projections quantitatives du module 2<\/li>\n<\/ul>\n\n\n\n<div class=\"wp-block-group\"><div class=\"wp-block-group__inner-container is-layout-constrained wp-block-group-is-layout-constrained\">\n<h2 class=\"wp-block-heading alignwide has-text-align-center has-text-color has-link-color wp-elements-b4ddbef5f9cf1dba0bb9caa5b2c9edae\" style=\"color:#a144f3\">Pour en savoir plus<\/h2>\n\n\n\n<div class=\"wp-block-columns has-background is-layout-flex wp-container-core-columns-is-layout-9d6595d7 wp-block-columns-is-layout-flex\" style=\"background:linear-gradient(135deg,rgb(6,147,227) 0%,rgb(155,81,224) 76%,rgb(155,81,224) 100%)\">\n<div class=\"wp-block-column is-layout-flow wp-block-column-is-layout-flow\">\n<div class=\"wp-block-buttons is-content-justification-center is-layout-flex wp-container-core-buttons-is-layout-16018d1d wp-block-buttons-is-layout-flex\">\n<div class=\"wp-block-button\"><a class=\"wp-block-button__link has-primary-color has-background-background-color has-text-color has-background has-link-color wp-element-button\" href=\"https:\/\/wp.unil.ch\/bluemount\/projets\/4c\/partenaires-du-projet-4c\/\">Partenaires<\/a><\/div>\n<\/div>\n<\/div>\n\n\n\n<div class=\"wp-block-column is-layout-flow wp-block-column-is-layout-flow\">\n<div class=\"wp-block-buttons is-content-justification-center is-layout-flex wp-container-core-buttons-is-layout-16018d1d wp-block-buttons-is-layout-flex\">\n<div class=\"wp-block-button\"><a class=\"wp-block-button__link has-primary-color has-background-background-color has-text-color has-background has-link-color wp-element-button\" href=\"https:\/\/wp.unil.ch\/bluemount\/projets\/4c\/resultats-4c\/\">R\u00e9sultats<\/a><\/div>\n<\/div>\n<\/div>\n<\/div>\n<\/div><\/div>\n","protected":false},"excerpt":{"rendered":"<p>\u00ab 4\u00b0C ou + \u00bb: quels paysages aux horizons 2050 et 2100 ? Dans ce projet mandat\u00e9 par l&rsquo;Office f\u00e9d\u00e9ral de l&rsquo;environnement, et co-financ\u00e9 par ce m\u00eame office&hellip;<\/p>\n","protected":false},"author":1002192,"featured_media":1345,"parent":1496,"menu_order":1,"comment_status":"closed","ping_status":"closed","template":"template-full-width.php","meta":{"_seopress_robots_primary_cat":"","_seopress_titles_title":"","_seopress_titles_desc":"","_seopress_robots_index":"","footnotes":""},"class_list":["post-615","page","type-page","status-publish","has-post-thumbnail"],"_links":{"self":[{"href":"https:\/\/wp.unil.ch\/bluemount\/wp-json\/wp\/v2\/pages\/615","targetHints":{"allow":["GET"]}}],"collection":[{"href":"https:\/\/wp.unil.ch\/bluemount\/wp-json\/wp\/v2\/pages"}],"about":[{"href":"https:\/\/wp.unil.ch\/bluemount\/wp-json\/wp\/v2\/types\/page"}],"author":[{"embeddable":true,"href":"https:\/\/wp.unil.ch\/bluemount\/wp-json\/wp\/v2\/users\/1002192"}],"replies":[{"embeddable":true,"href":"https:\/\/wp.unil.ch\/bluemount\/wp-json\/wp\/v2\/comments?post=615"}],"version-history":[{"count":5,"href":"https:\/\/wp.unil.ch\/bluemount\/wp-json\/wp\/v2\/pages\/615\/revisions"}],"predecessor-version":[{"id":1885,"href":"https:\/\/wp.unil.ch\/bluemount\/wp-json\/wp\/v2\/pages\/615\/revisions\/1885"}],"up":[{"embeddable":true,"href":"https:\/\/wp.unil.ch\/bluemount\/wp-json\/wp\/v2\/pages\/1496"}],"wp:featuredmedia":[{"embeddable":true,"href":"https:\/\/wp.unil.ch\/bluemount\/wp-json\/wp\/v2\/media\/1345"}],"wp:attachment":[{"href":"https:\/\/wp.unil.ch\/bluemount\/wp-json\/wp\/v2\/media?parent=615"}],"curies":[{"name":"wp","href":"https:\/\/api.w.org\/{rel}","templated":true}]}}