{"id":6,"date":"2019-11-28T16:00:19","date_gmt":"2019-11-28T15:00:19","guid":{"rendered":"http:\/\/wp.unil.ch\/modele\/?page_id=6"},"modified":"2024-06-27T10:30:26","modified_gmt":"2024-06-27T08:30:26","slug":"accueil","status":"publish","type":"page","link":"https:\/\/wp.unil.ch\/bluemount\/","title":{"rendered":"BlueMount &#8211; Une interface entre science et acteurs des territoires pour une gestion durable des environnements de montagne"},"content":{"rendered":"\n<h1 class=\"wp-block-heading has-text-color has-link-color wp-elements-d85406df2f7bbbcd6d1ea47a115f873d\" style=\"color:#a144f3\"><strong>Pourquoi&nbsp;<\/strong><strong>Bluemount<\/strong><\/h1>\n\n\n\n<p>Nos montagnes font face \u00e0 des pressions croissantes et font l\u2019objet de transformations profondes et rapides. L\u2019\u00e9volution du climat, de la d\u00e9mographie, des pratiques agricoles et des activit\u00e9s et infrastructures touristiques ainsi que la transition \u00e9nerg\u00e9tique sont autant de facteurs qui, individuellement et en combinaison, contribuent \u00e0 mettre les populations humaines de montagne, la biodiversit\u00e9, les ressources et de nombreux secteurs de l\u2019\u00e9conomie de montagne en danger.<\/p>\n\n\n\n<div class=\"wp-block-columns is-layout-flex wp-container-core-columns-is-layout-9d6595d7 wp-block-columns-is-layout-flex\">\n<div class=\"wp-block-column is-layout-flow wp-block-column-is-layout-flow\" style=\"flex-basis:66.66%\">\n<figure class=\"wp-block-image size-large\"><img alt=\"\" loading=\"lazy\" decoding=\"async\" width=\"1024\" height=\"768\" src=\"https:\/\/wp.unil.ch\/bluemount\/files\/2022\/06\/Prairie_4_printemps_Bagnes-1024x768.jpeg\" alt=\"\" class=\"wp-image-746\" srcset=\"https:\/\/wp.unil.ch\/bluemount\/files\/2022\/06\/Prairie_4_printemps_Bagnes-1024x768.jpeg 1024w, https:\/\/wp.unil.ch\/bluemount\/files\/2022\/06\/Prairie_4_printemps_Bagnes-300x225.jpeg 300w, https:\/\/wp.unil.ch\/bluemount\/files\/2022\/06\/Prairie_4_printemps_Bagnes-768x576.jpeg 768w, https:\/\/wp.unil.ch\/bluemount\/files\/2022\/06\/Prairie_4_printemps_Bagnes-1536x1152.jpeg 1536w, https:\/\/wp.unil.ch\/bluemount\/files\/2022\/06\/Prairie_4_printemps_Bagnes-540x405.jpeg 540w, https:\/\/wp.unil.ch\/bluemount\/files\/2022\/06\/Prairie_4_printemps_Bagnes-1080x810.jpeg 1080w, https:\/\/wp.unil.ch\/bluemount\/files\/2022\/06\/Prairie_4_printemps_Bagnes.jpeg 1600w\" sizes=\"auto, (max-width: 1024px) 100vw, 1024px\" \/><\/figure>\n<\/div>\n\n\n\n<div class=\"wp-block-column is-vertically-aligned-center is-layout-flow wp-block-column-is-layout-flow\" style=\"flex-basis:33.33%\">\n<h3 class=\"wp-block-heading has-text-color has-link-color wp-elements-5fc35bfdee713556e60d3b6c5a7ffdc7\" style=\"color:#a144f3\">D\u00e9fis<\/h3>\n\n\n\n<p>Les d\u00e9fis impos\u00e9s par ces changements globaux et leur complexit\u00e9 sont par nature multisectoriels. Relever ces d\u00e9fis n\u00e9cessite des approches transversales de la gestion des milieux de montagne. Ces approches et la coordination entre les politiques publiques sectorielles doivent pouvoir s&rsquo;appuyer d\u2019une part sur des connaissances scientifiques interdisciplinaires qui tiennent compte de la rapidit\u00e9 et de la complexit\u00e9 des changements en montagne, et d\u2019autre part sur une \u00e9troite collaboration entre acteurs des territoires, gestionnaires, professionnels de la montagne, administrations publiques et \u00e9lus, et experts scientifiques.<\/p>\n<\/div>\n<\/div>\n\n\n\n<p>Dans ce contexte et en commen\u00e7ant dans le Valais,&nbsp;BlueMount&nbsp;catalyse les \u00e9changes bidirectionnels entre scientifiques et acteurs des territoires de montagne et facilite l\u2019\u00e9mergence de solutions fond\u00e9es sur la science.<\/p>\n\n\n<div class=\"wp-block-image\">\n<figure class=\"aligncenter size-large\"><img alt=\"\" loading=\"lazy\" decoding=\"async\" width=\"1024\" height=\"640\" src=\"https:\/\/wp.unil.ch\/bluemount\/files\/2024\/06\/Schema-presentation-1024x640.jpg\" alt=\"\" class=\"wp-image-1382\" srcset=\"https:\/\/wp.unil.ch\/bluemount\/files\/2024\/06\/Schema-presentation-1024x640.jpg 1024w, https:\/\/wp.unil.ch\/bluemount\/files\/2024\/06\/Schema-presentation-300x188.jpg 300w, https:\/\/wp.unil.ch\/bluemount\/files\/2024\/06\/Schema-presentation-768x480.jpg 768w, https:\/\/wp.unil.ch\/bluemount\/files\/2024\/06\/Schema-presentation-540x338.jpg 540w, https:\/\/wp.unil.ch\/bluemount\/files\/2024\/06\/Schema-presentation-1080x675.jpg 1080w, https:\/\/wp.unil.ch\/bluemount\/files\/2024\/06\/Schema-presentation.jpg 1272w\" sizes=\"auto, (max-width: 1024px) 100vw, 1024px\" \/><\/figure>\n<\/div>","protected":false},"excerpt":{"rendered":"<p>Pourquoi&nbsp;Bluemount Nos montagnes font face \u00e0 des pressions croissantes et font l\u2019objet de transformations profondes et rapides. L\u2019\u00e9volution du climat, de la d\u00e9mographie, des pratiques agricoles et des&hellip;<\/p>\n","protected":false},"author":108,"featured_media":1370,"parent":0,"menu_order":0,"comment_status":"closed","ping_status":"closed","template":"template-full-width-cover.php","meta":{"_seopress_robots_primary_cat":"","_seopress_titles_title":"","_seopress_titles_desc":"","_seopress_robots_index":"","footnotes":""},"class_list":["post-6","page","type-page","status-publish","has-post-thumbnail"],"_links":{"self":[{"href":"https:\/\/wp.unil.ch\/bluemount\/wp-json\/wp\/v2\/pages\/6","targetHints":{"allow":["GET"]}}],"collection":[{"href":"https:\/\/wp.unil.ch\/bluemount\/wp-json\/wp\/v2\/pages"}],"about":[{"href":"https:\/\/wp.unil.ch\/bluemount\/wp-json\/wp\/v2\/types\/page"}],"author":[{"embeddable":true,"href":"https:\/\/wp.unil.ch\/bluemount\/wp-json\/wp\/v2\/users\/108"}],"replies":[{"embeddable":true,"href":"https:\/\/wp.unil.ch\/bluemount\/wp-json\/wp\/v2\/comments?post=6"}],"version-history":[{"count":5,"href":"https:\/\/wp.unil.ch\/bluemount\/wp-json\/wp\/v2\/pages\/6\/revisions"}],"predecessor-version":[{"id":1910,"href":"https:\/\/wp.unil.ch\/bluemount\/wp-json\/wp\/v2\/pages\/6\/revisions\/1910"}],"wp:featuredmedia":[{"embeddable":true,"href":"https:\/\/wp.unil.ch\/bluemount\/wp-json\/wp\/v2\/media\/1370"}],"wp:attachment":[{"href":"https:\/\/wp.unil.ch\/bluemount\/wp-json\/wp\/v2\/media?parent=6"}],"curies":[{"name":"wp","href":"https:\/\/api.w.org\/{rel}","templated":true}]}}