{"id":1832,"date":"2024-06-26T15:02:33","date_gmt":"2024-06-26T13:02:33","guid":{"rendered":"https:\/\/wp.unil.ch\/bluemount\/?page_id=1832"},"modified":"2024-06-26T15:04:22","modified_gmt":"2024-06-26T13:04:22","slug":"irrigation-automatisee","status":"publish","type":"page","link":"https:\/\/wp.unil.ch\/bluemount\/projets\/odile\/resultats-odile\/irrigation-automatisee\/","title":{"rendered":"Irrigation automatis\u00e9e"},"content":{"rendered":"\n<h2 class=\"wp-block-heading has-text-color has-link-color wp-elements-8a1cff91efc19d09b04bf963041cdff4\" style=\"color:#a144f3\"><strong>Charge de travail des agriculteurs<\/strong><\/h2>\n\n\n\n<p>L&rsquo;<strong>objectif<\/strong> est de r\u00e9duire la charge de travail des agriculteurs.<\/p>\n\n\n\n<p class=\"has-text-align-center has-background\" style=\"background-color:#a144f224\"><strong>Solution<\/strong> : automatisation de l\u2019irrigation \u00e0 l\u2019aide de vannes connect\u00e9es.<\/p>\n\n\n\n<div style=\"height:51px\" aria-hidden=\"true\" class=\"wp-block-spacer\"><\/div>\n\n\n\n<p><strong>Prestation 1<\/strong> : vannes connect\u00e9es performantes et s\u00fbres (technologie LoRaWan)<\/p>\n\n\n<div class=\"wp-block-image\">\n<figure class=\"aligncenter size-large\"><img alt=\"\" loading=\"lazy\" decoding=\"async\" width=\"1024\" height=\"462\" src=\"https:\/\/wp.unil.ch\/bluemount\/files\/2023\/01\/module-1-Fig.1-1024x462.png\" alt=\"\" class=\"wp-image-1129\" srcset=\"https:\/\/wp.unil.ch\/bluemount\/files\/2023\/01\/module-1-Fig.1-1024x462.png 1024w, https:\/\/wp.unil.ch\/bluemount\/files\/2023\/01\/module-1-Fig.1-300x135.png 300w, https:\/\/wp.unil.ch\/bluemount\/files\/2023\/01\/module-1-Fig.1-768x346.png 768w, https:\/\/wp.unil.ch\/bluemount\/files\/2023\/01\/module-1-Fig.1-540x243.png 540w, https:\/\/wp.unil.ch\/bluemount\/files\/2023\/01\/module-1-Fig.1-1080x487.png 1080w, https:\/\/wp.unil.ch\/bluemount\/files\/2023\/01\/module-1-Fig.1.png 1169w\" sizes=\"auto, (max-width: 1024px) 100vw, 1024px\" \/><figcaption class=\"wp-element-caption\">Vanne connect\u00e9e (syst\u00e8me LoRaWan, gauche) et buse d&rsquo;arrosage (droite)<\/figcaption><\/figure>\n<\/div>\n\n\n<div style=\"height:51px\" aria-hidden=\"true\" class=\"wp-block-spacer\"><\/div>\n\n\n\n<p><strong>Prestation 2<\/strong> : interface en ligne de manipulation des vannes<\/p>\n\n\n<div class=\"wp-block-image\">\n<figure class=\"aligncenter size-large\"><img alt=\"\" loading=\"lazy\" decoding=\"async\" width=\"1024\" height=\"468\" src=\"https:\/\/wp.unil.ch\/bluemount\/files\/2023\/01\/outil-Altis-1-1024x468.jpg\" alt=\"\" class=\"wp-image-1134\" srcset=\"https:\/\/wp.unil.ch\/bluemount\/files\/2023\/01\/outil-Altis-1-1024x468.jpg 1024w, https:\/\/wp.unil.ch\/bluemount\/files\/2023\/01\/outil-Altis-1-300x137.jpg 300w, https:\/\/wp.unil.ch\/bluemount\/files\/2023\/01\/outil-Altis-1-768x351.jpg 768w, https:\/\/wp.unil.ch\/bluemount\/files\/2023\/01\/outil-Altis-1-540x247.jpg 540w, https:\/\/wp.unil.ch\/bluemount\/files\/2023\/01\/outil-Altis-1-1080x493.jpg 1080w, https:\/\/wp.unil.ch\/bluemount\/files\/2023\/01\/outil-Altis-1.jpg 1230w\" sizes=\"auto, (max-width: 1024px) 100vw, 1024px\" \/><figcaption class=\"wp-element-caption\">Interface en ligne d&rsquo;ouverture et de fermeture des vannes connect\u00e9es. Le monitoring de l&rsquo;\u00e9tat des vannes et de la pression offre une garantie de fonctionnement (interface d\u00e9velopp\u00e9e par Altis)<\/figcaption><\/figure>\n<\/div>","protected":false},"excerpt":{"rendered":"<p>Charge de travail des agriculteurs L&rsquo;objectif est de r\u00e9duire la charge de travail des agriculteurs. Solution : automatisation de l\u2019irrigation \u00e0 l\u2019aide de vannes connect\u00e9es. Prestation 1 :&hellip;<\/p>\n","protected":false},"author":1002816,"featured_media":746,"parent":1820,"menu_order":1,"comment_status":"closed","ping_status":"closed","template":"template-full-width.php","meta":{"_seopress_robots_primary_cat":"","_seopress_titles_title":"","_seopress_titles_desc":"","_seopress_robots_index":"","footnotes":""},"class_list":["post-1832","page","type-page","status-publish","has-post-thumbnail"],"_links":{"self":[{"href":"https:\/\/wp.unil.ch\/bluemount\/wp-json\/wp\/v2\/pages\/1832","targetHints":{"allow":["GET"]}}],"collection":[{"href":"https:\/\/wp.unil.ch\/bluemount\/wp-json\/wp\/v2\/pages"}],"about":[{"href":"https:\/\/wp.unil.ch\/bluemount\/wp-json\/wp\/v2\/types\/page"}],"author":[{"embeddable":true,"href":"https:\/\/wp.unil.ch\/bluemount\/wp-json\/wp\/v2\/users\/1002816"}],"replies":[{"embeddable":true,"href":"https:\/\/wp.unil.ch\/bluemount\/wp-json\/wp\/v2\/comments?post=1832"}],"version-history":[{"count":4,"href":"https:\/\/wp.unil.ch\/bluemount\/wp-json\/wp\/v2\/pages\/1832\/revisions"}],"predecessor-version":[{"id":1841,"href":"https:\/\/wp.unil.ch\/bluemount\/wp-json\/wp\/v2\/pages\/1832\/revisions\/1841"}],"up":[{"embeddable":true,"href":"https:\/\/wp.unil.ch\/bluemount\/wp-json\/wp\/v2\/pages\/1820"}],"wp:featuredmedia":[{"embeddable":true,"href":"https:\/\/wp.unil.ch\/bluemount\/wp-json\/wp\/v2\/media\/746"}],"wp:attachment":[{"href":"https:\/\/wp.unil.ch\/bluemount\/wp-json\/wp\/v2\/media?parent=1832"}],"curies":[{"name":"wp","href":"https:\/\/api.w.org\/{rel}","templated":true}]}}