{"id":1658,"date":"2024-06-25T14:44:37","date_gmt":"2024-06-25T12:44:37","guid":{"rendered":"https:\/\/wp.unil.ch\/bluemount\/?page_id=1658"},"modified":"2024-06-27T10:02:05","modified_gmt":"2024-06-27T08:02:05","slug":"resultats-labeau","status":"publish","type":"page","link":"https:\/\/wp.unil.ch\/bluemount\/projets\/labeau\/resultats-labeau\/","title":{"rendered":"R\u00e9sultats du projet LABEAU"},"content":{"rendered":"\n<p>Le projet LABEAU est d\u00e9clin\u00e9 en diff\u00e9rents sous-projets.<\/p>\n\n\n\n<div class=\"wp-block-columns alignwide are-vertically-aligned-center is-layout-flex wp-container-core-columns-is-layout-9d6595d7 wp-block-columns-is-layout-flex\">\n<div class=\"wp-block-column is-vertically-aligned-center is-layout-flow wp-block-column-is-layout-flow\">\n<div class=\"wp-block-group is-vertical is-content-justification-stretch is-layout-flex wp-container-core-group-is-layout-1761496b wp-block-group-is-layout-flex\">\n<div class=\"wp-block-cover is-light\" style=\"min-height:263px;aspect-ratio:unset;\"><span aria-hidden=\"true\" class=\"wp-block-cover__background has-background-dim\" style=\"background-color:#758ba9\"><\/span><img alt=\"\" loading=\"lazy\" decoding=\"async\" width=\"958\" height=\"672\" class=\"wp-block-cover__image-background wp-image-1668\" alt=\"\" src=\"https:\/\/wp.unil.ch\/bluemount\/files\/2024\/06\/Mauvoisin_photo_B.Bornet-copie.png\" data-object-fit=\"cover\" srcset=\"https:\/\/wp.unil.ch\/bluemount\/files\/2024\/06\/Mauvoisin_photo_B.Bornet-copie.png 958w, https:\/\/wp.unil.ch\/bluemount\/files\/2024\/06\/Mauvoisin_photo_B.Bornet-copie-300x210.png 300w, https:\/\/wp.unil.ch\/bluemount\/files\/2024\/06\/Mauvoisin_photo_B.Bornet-copie-768x539.png 768w, https:\/\/wp.unil.ch\/bluemount\/files\/2024\/06\/Mauvoisin_photo_B.Bornet-copie-540x379.png 540w\" sizes=\"auto, (max-width: 958px) 100vw, 958px\" \/><div class=\"wp-block-cover__inner-container is-layout-flow wp-block-cover-is-layout-flow\">\n<p class=\"has-text-align-center has-background-color has-text-color has-link-color has-large-font-size wp-elements-5c9aca73a4f0b229db06f9990e9080b9\"><a href=\"https:\/\/wp.unil.ch\/bluemount\/projets\/labeau\/resultats-labeau\/labeau-dans-lentremont\/\">LABEAU dans l\u2019Entremont, barrage de Mauvoisin<\/a><\/p>\n<\/div><\/div>\n\n\n\n<div class=\"wp-block-cover is-light\" style=\"min-height:239px;aspect-ratio:unset;\"><span aria-hidden=\"true\" class=\"wp-block-cover__background has-background-dim\" style=\"background-color:#828d90\"><\/span><img alt=\"\" loading=\"lazy\" decoding=\"async\" width=\"1600\" height=\"1200\" class=\"wp-block-cover__image-background wp-image-1667\" alt=\"\" src=\"https:\/\/wp.unil.ch\/bluemount\/files\/2024\/06\/Jura_vaudois_photo_E.Reynard-copie.jpg\" data-object-fit=\"cover\" srcset=\"https:\/\/wp.unil.ch\/bluemount\/files\/2024\/06\/Jura_vaudois_photo_E.Reynard-copie.jpg 1600w, https:\/\/wp.unil.ch\/bluemount\/files\/2024\/06\/Jura_vaudois_photo_E.Reynard-copie-300x225.jpg 300w, https:\/\/wp.unil.ch\/bluemount\/files\/2024\/06\/Jura_vaudois_photo_E.Reynard-copie-1024x768.jpg 1024w, https:\/\/wp.unil.ch\/bluemount\/files\/2024\/06\/Jura_vaudois_photo_E.Reynard-copie-768x576.jpg 768w, https:\/\/wp.unil.ch\/bluemount\/files\/2024\/06\/Jura_vaudois_photo_E.Reynard-copie-1536x1152.jpg 1536w, https:\/\/wp.unil.ch\/bluemount\/files\/2024\/06\/Jura_vaudois_photo_E.Reynard-copie-540x405.jpg 540w, https:\/\/wp.unil.ch\/bluemount\/files\/2024\/06\/Jura_vaudois_photo_E.Reynard-copie-1080x810.jpg 1080w\" sizes=\"auto, (max-width: 1600px) 100vw, 1600px\" \/><div class=\"wp-block-cover__inner-container is-layout-flow wp-block-cover-is-layout-flow\">\n<p class=\"has-text-align-center has-background-color has-text-color has-link-color has-large-font-size wp-elements-40005ff1c64525fd48acce022b867f78\"><a href=\"https:\/\/wp.unil.ch\/bluemount\/projets\/labeau\/resultats-labeau\/leau-dans-le-parc-jura-vaudois\/\">Parc Jura vaudois<\/a><\/p>\n<\/div><\/div>\n<\/div>\n<\/div>\n\n\n\n<div class=\"wp-block-column is-vertically-aligned-center is-layout-flow wp-block-column-is-layout-flow\">\n<div class=\"wp-block-group is-vertical is-content-justification-stretch is-layout-flex wp-container-core-group-is-layout-1761496b wp-block-group-is-layout-flex\">\n<div class=\"wp-block-cover\" style=\"min-height:261px;aspect-ratio:unset;\"><span aria-hidden=\"true\" class=\"wp-block-cover__background has-background-dim\" style=\"background-color:#6c7f8a\"><\/span><img alt=\"\" loading=\"lazy\" decoding=\"async\" width=\"1624\" height=\"1125\" class=\"wp-block-cover__image-background wp-image-1663\" alt=\"\" src=\"https:\/\/wp.unil.ch\/bluemount\/files\/2024\/06\/Trient_photo_E_Reynard-copie.png\" data-object-fit=\"cover\" srcset=\"https:\/\/wp.unil.ch\/bluemount\/files\/2024\/06\/Trient_photo_E_Reynard-copie.png 1624w, https:\/\/wp.unil.ch\/bluemount\/files\/2024\/06\/Trient_photo_E_Reynard-copie-300x208.png 300w, https:\/\/wp.unil.ch\/bluemount\/files\/2024\/06\/Trient_photo_E_Reynard-copie-1024x709.png 1024w, https:\/\/wp.unil.ch\/bluemount\/files\/2024\/06\/Trient_photo_E_Reynard-copie-768x532.png 768w, https:\/\/wp.unil.ch\/bluemount\/files\/2024\/06\/Trient_photo_E_Reynard-copie-1536x1064.png 1536w, https:\/\/wp.unil.ch\/bluemount\/files\/2024\/06\/Trient_photo_E_Reynard-copie-540x374.png 540w, https:\/\/wp.unil.ch\/bluemount\/files\/2024\/06\/Trient_photo_E_Reynard-copie-1080x748.png 1080w\" sizes=\"auto, (max-width: 1624px) 100vw, 1624px\" \/><div class=\"wp-block-cover__inner-container is-layout-flow wp-block-cover-is-layout-flow\">\n<p class=\"has-text-align-center has-background-color has-text-color has-link-color has-large-font-size wp-elements-dd32154cb6047302569bb9feab57a41d\"><a href=\"https:\/\/wp.unil.ch\/bluemount\/projets\/labeau\/resultats-labeau\/leau-dans-le-parc-de-la-vallee-du-trient\/\">Parc naturel r\u00e9gional de la Vall\u00e9e du Trient<\/a><\/p>\n<\/div><\/div>\n\n\n\n<div class=\"wp-block-cover is-light\" style=\"min-height:243px;aspect-ratio:unset;\"><span aria-hidden=\"true\" class=\"wp-block-cover__background has-background-dim\" style=\"background-color:#92989c\"><\/span><img alt=\"\" loading=\"lazy\" decoding=\"async\" width=\"1695\" height=\"1125\" class=\"wp-block-cover__image-background wp-image-1669\" alt=\"\" src=\"https:\/\/wp.unil.ch\/bluemount\/files\/2024\/06\/Barrage_Mauvoisin_photo_E.Reynard-copie-1.png\" data-object-fit=\"cover\" srcset=\"https:\/\/wp.unil.ch\/bluemount\/files\/2024\/06\/Barrage_Mauvoisin_photo_E.Reynard-copie-1.png 1695w, https:\/\/wp.unil.ch\/bluemount\/files\/2024\/06\/Barrage_Mauvoisin_photo_E.Reynard-copie-1-300x199.png 300w, https:\/\/wp.unil.ch\/bluemount\/files\/2024\/06\/Barrage_Mauvoisin_photo_E.Reynard-copie-1-1024x680.png 1024w, https:\/\/wp.unil.ch\/bluemount\/files\/2024\/06\/Barrage_Mauvoisin_photo_E.Reynard-copie-1-768x510.png 768w, https:\/\/wp.unil.ch\/bluemount\/files\/2024\/06\/Barrage_Mauvoisin_photo_E.Reynard-copie-1-1536x1019.png 1536w, https:\/\/wp.unil.ch\/bluemount\/files\/2024\/06\/Barrage_Mauvoisin_photo_E.Reynard-copie-1-540x358.png 540w, https:\/\/wp.unil.ch\/bluemount\/files\/2024\/06\/Barrage_Mauvoisin_photo_E.Reynard-copie-1-1080x717.png 1080w\" sizes=\"auto, (max-width: 1695px) 100vw, 1695px\" \/><div class=\"wp-block-cover__inner-container is-layout-flow wp-block-cover-is-layout-flow\">\n<p class=\"has-text-align-center has-background-color has-text-color has-link-color has-large-font-size wp-elements-93ec4a6309877c2a26e9db8a8668304c\"><a href=\"https:\/\/wp.unil.ch\/bluemount\/projets\/labeau\/resultats-labeau\/eau-et-energie\/\">Eau et \u00e9nergie<\/a><\/p>\n<\/div><\/div>\n<\/div>\n<\/div>\n<\/div>\n","protected":false},"excerpt":{"rendered":"<p>Le projet LABEAU est d\u00e9clin\u00e9 en diff\u00e9rents sous-projets.<\/p>\n","protected":false},"author":1002816,"featured_media":1663,"parent":1553,"menu_order":2,"comment_status":"closed","ping_status":"closed","template":"template-full-width-cover.php","meta":{"_seopress_robots_primary_cat":"","_seopress_titles_title":"","_seopress_titles_desc":"","_seopress_robots_index":"","footnotes":""},"class_list":["post-1658","page","type-page","status-publish","has-post-thumbnail"],"_links":{"self":[{"href":"https:\/\/wp.unil.ch\/bluemount\/wp-json\/wp\/v2\/pages\/1658","targetHints":{"allow":["GET"]}}],"collection":[{"href":"https:\/\/wp.unil.ch\/bluemount\/wp-json\/wp\/v2\/pages"}],"about":[{"href":"https:\/\/wp.unil.ch\/bluemount\/wp-json\/wp\/v2\/types\/page"}],"author":[{"embeddable":true,"href":"https:\/\/wp.unil.ch\/bluemount\/wp-json\/wp\/v2\/users\/1002816"}],"replies":[{"embeddable":true,"href":"https:\/\/wp.unil.ch\/bluemount\/wp-json\/wp\/v2\/comments?post=1658"}],"version-history":[{"count":5,"href":"https:\/\/wp.unil.ch\/bluemount\/wp-json\/wp\/v2\/pages\/1658\/revisions"}],"predecessor-version":[{"id":1903,"href":"https:\/\/wp.unil.ch\/bluemount\/wp-json\/wp\/v2\/pages\/1658\/revisions\/1903"}],"up":[{"embeddable":true,"href":"https:\/\/wp.unil.ch\/bluemount\/wp-json\/wp\/v2\/pages\/1553"}],"wp:featuredmedia":[{"embeddable":true,"href":"https:\/\/wp.unil.ch\/bluemount\/wp-json\/wp\/v2\/media\/1663"}],"wp:attachment":[{"href":"https:\/\/wp.unil.ch\/bluemount\/wp-json\/wp\/v2\/media?parent=1658"}],"curies":[{"name":"wp","href":"https:\/\/api.w.org\/{rel}","templated":true}]}}