{"id":6,"date":"2022-02-17T16:00:19","date_gmt":"2022-02-17T15:00:19","guid":{"rendered":"http:\/\/wp.unil.ch\/modele\/?page_id=6"},"modified":"2025-10-15T13:44:18","modified_gmt":"2025-10-15T11:44:18","slug":"home","status":"publish","type":"page","link":"https:\/\/wp.unil.ch\/blogdurecteur\/","title":{"rendered":"Bienvenue"},"content":{"rendered":"\n<figure class=\"wp-block-image alignfull size-large\"><img alt=\"\" loading=\"lazy\" decoding=\"async\" width=\"1024\" height=\"370\" src=\"https:\/\/wp.unil.ch\/blogdurecteur\/files\/2022\/01\/dorigny-1024x370.jpg\" alt=\"\" class=\"wp-image-339\" srcset=\"https:\/\/wp.unil.ch\/blogdurecteur\/files\/2022\/01\/dorigny-1024x370.jpg 1024w, https:\/\/wp.unil.ch\/blogdurecteur\/files\/2022\/01\/dorigny-800x289.jpg 800w, https:\/\/wp.unil.ch\/blogdurecteur\/files\/2022\/01\/dorigny-768x277.jpg 768w, https:\/\/wp.unil.ch\/blogdurecteur\/files\/2022\/01\/dorigny-1536x555.jpg 1536w, https:\/\/wp.unil.ch\/blogdurecteur\/files\/2022\/01\/dorigny-540x195.jpg 540w, https:\/\/wp.unil.ch\/blogdurecteur\/files\/2022\/01\/dorigny-1080x390.jpg 1080w, https:\/\/wp.unil.ch\/blogdurecteur\/files\/2022\/01\/dorigny.jpg 1800w\" sizes=\"auto, (max-width: 1024px) 100vw, 1024px\" \/><\/figure>\n\n\n\n<div class=\"wp-block-columns is-layout-flex wp-container-core-columns-is-layout-9d6595d7 wp-block-columns-is-layout-flex\">\n<div class=\"wp-block-column is-vertically-aligned-top is-layout-flow wp-block-column-is-layout-flow\" style=\"flex-basis:66.66%\"><ul class=\"wp-block-latest-posts__list has-dates wp-block-latest-posts\"><li><div class=\"wp-block-latest-posts__featured-image\"><a href=\"https:\/\/wp.unil.ch\/blogdurecteur\/ce-nest-quen-croisant-les-regards-que-nous-parviendrons-a-trouver-des-solutions-aux-defis-environnementaux-de-demain\/\" aria-label=\"\u00ab\u00a0Ce n\u2019est qu\u2019en croisant les regards que nous parviendrons \u00e0 trouver des solutions aux d\u00e9fis environnementaux de demain\u00a0\u00bb\"><img loading=\"lazy\" decoding=\"async\" width=\"800\" height=\"389\" src=\"https:\/\/wp.unil.ch\/blogdurecteur\/files\/2025\/10\/dreamstime_m_377429470-800x389.jpg\" class=\"attachment-medium size-medium wp-post-image\" alt=\"\" style=\"\" srcset=\"https:\/\/wp.unil.ch\/blogdurecteur\/files\/2025\/10\/dreamstime_m_377429470-800x389.jpg 800w, https:\/\/wp.unil.ch\/blogdurecteur\/files\/2025\/10\/dreamstime_m_377429470-1024x498.jpg 1024w, https:\/\/wp.unil.ch\/blogdurecteur\/files\/2025\/10\/dreamstime_m_377429470-768x374.jpg 768w, https:\/\/wp.unil.ch\/blogdurecteur\/files\/2025\/10\/dreamstime_m_377429470-18x9.jpg 18w, https:\/\/wp.unil.ch\/blogdurecteur\/files\/2025\/10\/dreamstime_m_377429470-540x263.jpg 540w, https:\/\/wp.unil.ch\/blogdurecteur\/files\/2025\/10\/dreamstime_m_377429470-1080x526.jpg 1080w, https:\/\/wp.unil.ch\/blogdurecteur\/files\/2025\/10\/dreamstime_m_377429470.jpg 1500w\" sizes=\"auto, (max-width: 800px) 100vw, 800px\" \/><\/a><\/div><a class=\"wp-block-latest-posts__post-title\" href=\"https:\/\/wp.unil.ch\/blogdurecteur\/ce-nest-quen-croisant-les-regards-que-nous-parviendrons-a-trouver-des-solutions-aux-defis-environnementaux-de-demain\/\">\u00ab\u00a0Ce n\u2019est qu\u2019en croisant les regards que nous parviendrons \u00e0 trouver des solutions aux d\u00e9fis environnementaux de demain\u00a0\u00bb<\/a><time datetime=\"2025-10-15T11:13:01+02:00\" class=\"wp-block-latest-posts__post-date\">15 octobre 2025<\/time><div class=\"wp-block-latest-posts__post-excerpt\">Cet \u00e9t\u00e9, beaucoup d\u2019entre nous ont \u00e9t\u00e9 boulevers\u00e9\u00b7es par l\u2019effondrement d\u2019un glacier, cons\u00e9cutif \u00e0 l\u2019\u00e9boulement survenu \u00e0 Blatten. En tant que scientifique en sciences de la Terre, et plus particuli\u00e8rement&hellip;<\/div><\/li>\n<li><div class=\"wp-block-latest-posts__featured-image\"><a href=\"https:\/\/wp.unil.ch\/blogdurecteur\/limportance-des-valeurs-democratiques-piliers-de-notre-institution-et-de-notre-societe\/\" aria-label=\"L\u2019importance des valeurs d\u00e9mocratiques, piliers de notre institution et de notre soci\u00e9t\u00e9\"><img loading=\"lazy\" decoding=\"async\" width=\"800\" height=\"532\" src=\"https:\/\/wp.unil.ch\/blogdurecteur\/files\/2025\/01\/mussolini-800x532.jpg\" class=\"attachment-medium size-medium wp-post-image\" alt=\"\" style=\"\" srcset=\"https:\/\/wp.unil.ch\/blogdurecteur\/files\/2025\/01\/mussolini-800x532.jpg 800w, https:\/\/wp.unil.ch\/blogdurecteur\/files\/2025\/01\/mussolini-1024x681.jpg 1024w, https:\/\/wp.unil.ch\/blogdurecteur\/files\/2025\/01\/mussolini-768x510.jpg 768w, https:\/\/wp.unil.ch\/blogdurecteur\/files\/2025\/01\/mussolini-18x12.jpg 18w, https:\/\/wp.unil.ch\/blogdurecteur\/files\/2025\/01\/mussolini-540x359.jpg 540w, https:\/\/wp.unil.ch\/blogdurecteur\/files\/2025\/01\/mussolini-1080x718.jpg 1080w, https:\/\/wp.unil.ch\/blogdurecteur\/files\/2025\/01\/mussolini.jpg 1500w\" sizes=\"auto, (max-width: 800px) 100vw, 800px\" \/><\/a><\/div><a class=\"wp-block-latest-posts__post-title\" href=\"https:\/\/wp.unil.ch\/blogdurecteur\/limportance-des-valeurs-democratiques-piliers-de-notre-institution-et-de-notre-societe\/\">L\u2019importance des valeurs d\u00e9mocratiques, piliers de notre institution et de notre soci\u00e9t\u00e9<\/a><time datetime=\"2025-01-16T16:20:13+01:00\" class=\"wp-block-latest-posts__post-date\">16 janvier 2025<\/time><div class=\"wp-block-latest-posts__post-excerpt\">Il y a exactement 30 ans, \u00e0 l\u2019occasion du cinquanti\u00e8me anniversaire de la lib\u00e9ration de l\u2019Europe, Umberto Eco pronon\u00e7ait un discours \u00e0 l\u2019Universit\u00e9 de Columbia nous mettant en garde contre&hellip;<\/div><\/li>\n<li><div class=\"wp-block-latest-posts__featured-image\"><a href=\"https:\/\/wp.unil.ch\/blogdurecteur\/medtech-comment-tirer-parti-du-riche-ecosysteme-unil-chuv-et-epfl\/\" aria-label=\"MedTech: comment tirer parti du riche \u00e9cosyst\u00e8me UNIL, CHUV et EPFL\"><img loading=\"lazy\" decoding=\"async\" width=\"800\" height=\"389\" src=\"https:\/\/wp.unil.ch\/blogdurecteur\/files\/2024\/07\/dreamstime_m_161678478-800x389.jpg\" class=\"attachment-medium size-medium wp-post-image\" alt=\"\" style=\"\" srcset=\"https:\/\/wp.unil.ch\/blogdurecteur\/files\/2024\/07\/dreamstime_m_161678478-800x389.jpg 800w, https:\/\/wp.unil.ch\/blogdurecteur\/files\/2024\/07\/dreamstime_m_161678478-1024x498.jpg 1024w, https:\/\/wp.unil.ch\/blogdurecteur\/files\/2024\/07\/dreamstime_m_161678478-768x374.jpg 768w, https:\/\/wp.unil.ch\/blogdurecteur\/files\/2024\/07\/dreamstime_m_161678478-18x9.jpg 18w, https:\/\/wp.unil.ch\/blogdurecteur\/files\/2024\/07\/dreamstime_m_161678478-540x263.jpg 540w, https:\/\/wp.unil.ch\/blogdurecteur\/files\/2024\/07\/dreamstime_m_161678478-1080x526.jpg 1080w, https:\/\/wp.unil.ch\/blogdurecteur\/files\/2024\/07\/dreamstime_m_161678478.jpg 1500w\" sizes=\"auto, (max-width: 800px) 100vw, 800px\" \/><\/a><\/div><a class=\"wp-block-latest-posts__post-title\" href=\"https:\/\/wp.unil.ch\/blogdurecteur\/medtech-comment-tirer-parti-du-riche-ecosysteme-unil-chuv-et-epfl\/\">MedTech: comment tirer parti du riche \u00e9cosyst\u00e8me UNIL, CHUV et EPFL<\/a><time datetime=\"2024-07-18T10:31:06+02:00\" class=\"wp-block-latest-posts__post-date\">18 juillet 2024<\/time><div class=\"wp-block-latest-posts__post-excerpt\">En ce d\u00e9but d\u2019\u00e9t\u00e9, j\u2019aimerais revenir sur la richesse de notre \u00e9cosyst\u00e8me local et la chance que nous avons \u00e0 mes yeux de pouvoir collaborer avec des partenaires tels que&hellip;<\/div><\/li>\n<li><div class=\"wp-block-latest-posts__featured-image\"><a href=\"https:\/\/wp.unil.ch\/blogdurecteur\/la-sante-mentale-un-tabou-encore-vivace\/\" aria-label=\"La sant\u00e9 mentale, un tabou encore vivace\"><img loading=\"lazy\" decoding=\"async\" width=\"800\" height=\"534\" src=\"https:\/\/wp.unil.ch\/blogdurecteur\/files\/2024\/02\/GettyImages-1064027420-800x534.jpg\" class=\"attachment-medium size-medium wp-post-image\" alt=\"\" style=\"\" srcset=\"https:\/\/wp.unil.ch\/blogdurecteur\/files\/2024\/02\/GettyImages-1064027420-800x534.jpg 800w, https:\/\/wp.unil.ch\/blogdurecteur\/files\/2024\/02\/GettyImages-1064027420-1024x683.jpg 1024w, https:\/\/wp.unil.ch\/blogdurecteur\/files\/2024\/02\/GettyImages-1064027420-768x512.jpg 768w, https:\/\/wp.unil.ch\/blogdurecteur\/files\/2024\/02\/GettyImages-1064027420-1536x1025.jpg 1536w, https:\/\/wp.unil.ch\/blogdurecteur\/files\/2024\/02\/GettyImages-1064027420-18x12.jpg 18w, https:\/\/wp.unil.ch\/blogdurecteur\/files\/2024\/02\/GettyImages-1064027420-540x360.jpg 540w, https:\/\/wp.unil.ch\/blogdurecteur\/files\/2024\/02\/GettyImages-1064027420-1080x721.jpg 1080w, https:\/\/wp.unil.ch\/blogdurecteur\/files\/2024\/02\/GettyImages-1064027420.jpg 1800w\" sizes=\"auto, (max-width: 800px) 100vw, 800px\" \/><\/a><\/div><a class=\"wp-block-latest-posts__post-title\" href=\"https:\/\/wp.unil.ch\/blogdurecteur\/la-sante-mentale-un-tabou-encore-vivace\/\">La sant\u00e9 mentale, un tabou encore vivace<\/a><time datetime=\"2024-02-20T08:17:21+01:00\" class=\"wp-block-latest-posts__post-date\">20 f\u00e9vrier 2024<\/time><div class=\"wp-block-latest-posts__post-excerpt\">En ce d\u00e9but de semestre de printemps, j\u2019aimerais partager avec vous une de mes lectures r\u00e9centes,&nbsp;Les Dragons&nbsp;du journaliste et \u00e9crivain belge J\u00e9r\u00f4me Colin. L\u2019auteur y raconte avec beaucoup de finesse&hellip;<\/div><\/li>\n<li><div class=\"wp-block-latest-posts__featured-image\"><a href=\"https:\/\/wp.unil.ch\/blogdurecteur\/vers-une-sante-integree\/\" aria-label=\"Vers une sant\u00e9 int\u00e9gr\u00e9e\"><img loading=\"lazy\" decoding=\"async\" width=\"800\" height=\"533\" src=\"https:\/\/wp.unil.ch\/blogdurecteur\/files\/2023\/06\/sante-800x533.jpg\" class=\"attachment-medium size-medium wp-post-image\" alt=\"\" style=\"\" srcset=\"https:\/\/wp.unil.ch\/blogdurecteur\/files\/2023\/06\/sante-800x533.jpg 800w, https:\/\/wp.unil.ch\/blogdurecteur\/files\/2023\/06\/sante-1024x683.jpg 1024w, https:\/\/wp.unil.ch\/blogdurecteur\/files\/2023\/06\/sante-768x512.jpg 768w, https:\/\/wp.unil.ch\/blogdurecteur\/files\/2023\/06\/sante-1536x1024.jpg 1536w, https:\/\/wp.unil.ch\/blogdurecteur\/files\/2023\/06\/sante-18x12.jpg 18w, https:\/\/wp.unil.ch\/blogdurecteur\/files\/2023\/06\/sante-540x360.jpg 540w, https:\/\/wp.unil.ch\/blogdurecteur\/files\/2023\/06\/sante-1080x720.jpg 1080w, https:\/\/wp.unil.ch\/blogdurecteur\/files\/2023\/06\/sante.jpg 1800w\" sizes=\"auto, (max-width: 800px) 100vw, 800px\" \/><\/a><\/div><a class=\"wp-block-latest-posts__post-title\" href=\"https:\/\/wp.unil.ch\/blogdurecteur\/vers-une-sante-integree\/\">Vers une sant\u00e9 int\u00e9gr\u00e9e<\/a><time datetime=\"2023-06-29T10:53:38+02:00\" class=\"wp-block-latest-posts__post-date\">29 juin 2023<\/time><div class=\"wp-block-latest-posts__post-excerpt\">Retrouvez ici mon opinion publi\u00e9e dans Le Temps du 29 juin 2023 Les directrices et directeurs d\u2019h\u00f4pitaux universitaires suisses sont r\u00e9cemment intervenu\u00b7e\u00b7s dans les m\u00e9dias pour interpeller les autorit\u00e9s face&hellip;<\/div><\/li>\n<\/ul><\/div>\n\n\n\n<div class=\"wp-block-column is-layout-flow wp-block-column-is-layout-flow\" style=\"flex-basis:33.33%\">\n<div class=\"wp-block-group has-background\" style=\"background-color:#f2f2f2\"><div class=\"wp-block-group__inner-container is-layout-flow wp-block-group-is-layout-flow\"><div class=\"wp-block-image is-style-rounded\">\n<figure class=\"aligncenter size-full is-resized\"><img alt=\"\" loading=\"lazy\" decoding=\"async\" width=\"500\" height=\"500\" src=\"https:\/\/wp.unil.ch\/blogdurecteur\/files\/2022\/01\/portrait-herman.jpg\" alt=\"\" class=\"wp-image-409\" style=\"width:180px;height:180px\" srcset=\"https:\/\/wp.unil.ch\/blogdurecteur\/files\/2022\/01\/portrait-herman.jpg 500w, https:\/\/wp.unil.ch\/blogdurecteur\/files\/2022\/01\/portrait-herman-300x300.jpg 300w\" sizes=\"auto, (max-width: 500px) 100vw, 500px\" \/><\/figure>\n<\/div>\n\n\n<h4 class=\"wp-block-heading\" id=\"a-propos\">A propos<\/h4>\n\n\n\n<p class=\"has-text-align-left sansmargebas\" style=\"font-size:17px\">Cr\u00e9\u00e9 en f\u00e9vrier 2022, ce blog se donne pour objectif d\u2019\u00e9tablir un canal de communication direct entre le Recteur de l\u2019Universit\u00e9 de Lausanne <a href=\"https:\/\/wp.unil.ch\/blogdurecteur\/curriculum\/\">Fr\u00e9d\u00e9ric Herman,<\/a>&nbsp;la communaut\u00e9 universitaire et la Cit\u00e9.<\/p>\n\n\n\n<div style=\"height:10px\" aria-hidden=\"true\" class=\"wp-block-spacer\"><\/div>\n\n\n\n<details class=\"wp-block-details is-layout-flow wp-block-details-is-layout-flow\"><summary>La suite<\/summary>\n<div style=\"height:10px\" aria-hidden=\"true\" class=\"wp-block-spacer\"><\/div>\n\n\n\n<p style=\"font-size:17px\">Plus personnel, son contenu ouvre une lucarne sur le quotidien de la Direction, son v\u00e9cu, ses enthousiasmes et pr\u00e9occupations.<\/p>\n\n\n\n<div style=\"height:10px\" aria-hidden=\"true\" class=\"wp-block-spacer\"><\/div>\n\n\n\n<p style=\"font-size:17px\">Sujets d\u2019actualit\u00e9, coups de c\u0153ur, coups de sang, la pens\u00e9e d\u00e9velopp\u00e9e ici est \u00e0 appr\u00e9hender avant tout comme un partage subjectif d\u2019exp\u00e9riences susceptible de nourrir les \u00e9changes, et comme une invitation sans cesse renouvel\u00e9e \u00e0 d\u00e9couvrir de nouveaux projets, personnalit\u00e9s et angles de vue.<\/p>\n<\/details>\n<\/div><\/div>\n\n\n\n<div style=\"height:20px\" aria-hidden=\"true\" class=\"wp-block-spacer\"><\/div>\n\n\n\n<div class=\"wp-block-group has-background\" style=\"background-color:#f2f2f2\"><div class=\"wp-block-group__inner-container is-layout-flow wp-block-group-is-layout-flow\">\n<h4 class=\"wp-block-heading\" id=\"rencontres\">Le Recteur rencontre la communaut\u00e9 UNIL<\/h4>\n\n\n\n<p style=\"font-size:17px\">Un rendez-vous habituellement organis\u00e9 tous les premiers jeudis du mois (de 15h \u00e0 15h30). En tant que collaborateur ou \u00e9tudiant int\u00e9ress\u00e9 par la vie de l\u2019UNIL, vous pouvez vous inscrire pour ces moments de discussion&nbsp;:<\/p>\n\n\n\n<p style=\"font-size:17px\"><strong>2025<\/strong><br><a href=\"https:\/\/events.unil.ch\/register\/88\/642\">27 novembre<\/a><br><a href=\"https:\/\/events.unil.ch\/register\/88\/643\">11 d\u00e9cembre<\/a><\/p>\n\n\n\n<p style=\"font-size:17px\"><strong>2026<\/strong><br><a href=\"https:\/\/events.unil.ch\/register\/88\/644\">15 janvier<\/a><br><a href=\"https:\/\/events.unil.ch\/register\/88\/645\">19 f\u00e9vrier<\/a><br><a href=\"https:\/\/events.unil.ch\/register\/88\/646\">26 mars<\/a><br><a href=\"https:\/\/events.unil.ch\/register\/88\/647\">30 avril<\/a><br><a href=\"https:\/\/events.unil.ch\/register\/88\/648\">11 juin<\/a><br><a href=\"https:\/\/events.unil.ch\/register\/88\/649\">2 juillet<\/a><br><\/p>\n<\/div><\/div>\n<\/div>\n<\/div>\n","protected":false},"excerpt":{"rendered":"<p>A propos Cr\u00e9\u00e9 en f\u00e9vrier 2022, ce blog se donne pour objectif d\u2019\u00e9tablir un canal de communication direct entre le Recteur de l\u2019Universit\u00e9 de Lausanne Fr\u00e9d\u00e9ric Herman,&nbsp;la communaut\u00e9&hellip;<\/p>\n","protected":false},"author":108,"featured_media":0,"parent":0,"menu_order":0,"comment_status":"closed","ping_status":"closed","template":"template-full-width.php","meta":{"_seopress_robots_primary_cat":"","_seopress_titles_title":"","_seopress_titles_desc":"","_seopress_robots_index":"","footnotes":""},"class_list":["post-6","page","type-page","status-publish","has-post-thumbnail"],"_links":{"self":[{"href":"https:\/\/wp.unil.ch\/blogdurecteur\/wp-json\/wp\/v2\/pages\/6","targetHints":{"allow":["GET"]}}],"collection":[{"href":"https:\/\/wp.unil.ch\/blogdurecteur\/wp-json\/wp\/v2\/pages"}],"about":[{"href":"https:\/\/wp.unil.ch\/blogdurecteur\/wp-json\/wp\/v2\/types\/page"}],"author":[{"embeddable":true,"href":"https:\/\/wp.unil.ch\/blogdurecteur\/wp-json\/wp\/v2\/users\/108"}],"replies":[{"embeddable":true,"href":"https:\/\/wp.unil.ch\/blogdurecteur\/wp-json\/wp\/v2\/comments?post=6"}],"version-history":[{"count":5,"href":"https:\/\/wp.unil.ch\/blogdurecteur\/wp-json\/wp\/v2\/pages\/6\/revisions"}],"predecessor-version":[{"id":790,"href":"https:\/\/wp.unil.ch\/blogdurecteur\/wp-json\/wp\/v2\/pages\/6\/revisions\/790"}],"wp:attachment":[{"href":"https:\/\/wp.unil.ch\/blogdurecteur\/wp-json\/wp\/v2\/media?parent=6"}],"curies":[{"name":"wp","href":"https:\/\/api.w.org\/{rel}","templated":true}]}}