{"id":4368,"date":"2024-01-09T12:10:05","date_gmt":"2024-01-09T11:10:05","guid":{"rendered":"https:\/\/wp.unil.ch\/biss\/?page_id=4368"},"modified":"2024-01-19T12:42:13","modified_gmt":"2024-01-19T11:42:13","slug":"intersectionnalite-handicaps","status":"publish","type":"page","link":"https:\/\/wp.unil.ch\/biss\/intersectionnalite-handicaps\/","title":{"rendered":"Intersectionnalit\u00e9 : Handicaps"},"content":{"rendered":"\n<div class=\"wp-block-query is-layout-flow wp-block-query-is-layout-flow\"><ul class=\"wp-block-post-template is-layout-flow wp-block-post-template-is-layout-flow\"><li class=\"wp-block-post post-4436 post type-post status-publish format-standard has-post-thumbnail category-intersectionnalite tag-handicaps tag-lgbtqi tag-migrations tag-militantismes tag-race\">\n\n<div class=\"wp-block-columns alignwide is-layout-flex wp-container-core-columns-is-layout-9d6595d7 wp-block-columns-is-layout-flex\">\n<div class=\"wp-block-column is-layout-flow wp-block-column-is-layout-flow\" style=\"flex-basis:20%\"><figure class=\"wp-block-post-featured-image\"><a href=\"https:\/\/wp.unil.ch\/biss\/francesca\/\" target=\"_self\"  ><img loading=\"lazy\" decoding=\"async\" width=\"1120\" height=\"868\" src=\"https:\/\/wp.unil.ch\/biss\/files\/2024\/01\/Francesca-1120x868.png\" class=\"attachment-post-thumbnail size-post-thumbnail wp-post-image\" alt=\"Francesca\" style=\"object-fit:cover;\" srcset=\"https:\/\/wp.unil.ch\/biss\/files\/2024\/01\/Francesca-1120x868.png 1120w, https:\/\/wp.unil.ch\/biss\/files\/2024\/01\/Francesca-300x233.png 300w, https:\/\/wp.unil.ch\/biss\/files\/2024\/01\/Francesca-768x595.png 768w, https:\/\/wp.unil.ch\/biss\/files\/2024\/01\/Francesca-1536x1191.png 1536w, https:\/\/wp.unil.ch\/biss\/files\/2024\/01\/Francesca-540x419.png 540w, https:\/\/wp.unil.ch\/biss\/files\/2024\/01\/Francesca-1080x837.png 1080w, https:\/\/wp.unil.ch\/biss\/files\/2024\/01\/Francesca.png 1548w\" sizes=\"auto, (max-width: 1120px) 100vw, 1120px\" \/><\/a><\/figure><\/div>\n\n\n\n<div class=\"wp-block-column is-layout-flow wp-block-column-is-layout-flow\" style=\"flex-basis:60%\"><h2 class=\"wp-block-post-title\"><a href=\"https:\/\/wp.unil.ch\/biss\/francesca\/\" target=\"_self\" >Francesca<\/a><\/h2>\n\n<div class=\"wp-block-post-excerpt\"><p class=\"wp-block-post-excerpt__excerpt\">\u00catre une tchoin \u00e9pileptique. C\u2019est le statut que Francesca revendique. Elle raconte son rapport au corps, \u00e0 la sexualit\u00e9, \u00e0 la maladie, \u00e0 ses origines et aux milieux militants.Dans cet entretien, elle aborde sa rencontre avec le militantisme ainsi que son exp\u00e9rience du racisme. <\/p><\/div><\/div>\n<\/div>\n\n<\/li><li class=\"wp-block-post post-4422 post type-post status-publish format-standard has-post-thumbnail category-intersectionnalite tag-handicaps tag-militantismes\">\n\n<div class=\"wp-block-columns alignwide is-layout-flex wp-container-core-columns-is-layout-9d6595d7 wp-block-columns-is-layout-flex\">\n<div class=\"wp-block-column is-layout-flow wp-block-column-is-layout-flow\" style=\"flex-basis:20%\"><figure class=\"wp-block-post-featured-image\"><a href=\"https:\/\/wp.unil.ch\/biss\/manon\/\" target=\"_self\"  ><img loading=\"lazy\" decoding=\"async\" width=\"1120\" height=\"793\" src=\"https:\/\/wp.unil.ch\/biss\/files\/2024\/01\/Manon-1120x793.png\" class=\"attachment-post-thumbnail size-post-thumbnail wp-post-image\" alt=\"Manon\" style=\"object-fit:cover;\" srcset=\"https:\/\/wp.unil.ch\/biss\/files\/2024\/01\/Manon-1120x793.png 1120w, https:\/\/wp.unil.ch\/biss\/files\/2024\/01\/Manon-300x212.png 300w, https:\/\/wp.unil.ch\/biss\/files\/2024\/01\/Manon-768x544.png 768w, https:\/\/wp.unil.ch\/biss\/files\/2024\/01\/Manon-540x382.png 540w, https:\/\/wp.unil.ch\/biss\/files\/2024\/01\/Manon-1080x765.png 1080w, https:\/\/wp.unil.ch\/biss\/files\/2024\/01\/Manon.png 1480w\" sizes=\"auto, (max-width: 1120px) 100vw, 1120px\" \/><\/a><\/figure><\/div>\n\n\n\n<div class=\"wp-block-column is-layout-flow wp-block-column-is-layout-flow\" style=\"flex-basis:60%\"><h2 class=\"wp-block-post-title\"><a href=\"https:\/\/wp.unil.ch\/biss\/manon\/\" target=\"_self\" >Manon<\/a><\/h2>\n\n<div class=\"wp-block-post-excerpt\"><p class=\"wp-block-post-excerpt__excerpt\">Manon Zecca a \u00e0 la fois une exp\u00e9rience personnelle de ces discriminations en tant que femme sourde, une connaissance pratique \u00e0 travers son parcours professionnel, et une lecture th\u00e9orique critique via son parcours militant et sa formation. Elle revendique aussi une meilleure prise en compte de la surdit\u00e9 dans le processus de d\u00e9nonciation des violences,\u2026 <\/p><\/div><\/div>\n<\/div>\n\n<\/li><li class=\"wp-block-post post-4411 post type-post status-publish format-standard has-post-thumbnail category-intersectionnalite tag-autisme tag-handicaps tag-intersectionnalite tag-race tag-sexualite\">\n\n<div class=\"wp-block-columns alignwide is-layout-flex wp-container-core-columns-is-layout-9d6595d7 wp-block-columns-is-layout-flex\">\n<div class=\"wp-block-column is-layout-flow wp-block-column-is-layout-flow\" style=\"flex-basis:20%\"><figure class=\"wp-block-post-featured-image\"><a href=\"https:\/\/wp.unil.ch\/biss\/yumie\/\" target=\"_self\"  ><img loading=\"lazy\" decoding=\"async\" width=\"1120\" height=\"912\" src=\"https:\/\/wp.unil.ch\/biss\/files\/2024\/01\/Yumie-1120x912.png\" class=\"attachment-post-thumbnail size-post-thumbnail wp-post-image\" alt=\"Yumie\" style=\"object-fit:cover;\" srcset=\"https:\/\/wp.unil.ch\/biss\/files\/2024\/01\/Yumie-1120x912.png 1120w, https:\/\/wp.unil.ch\/biss\/files\/2024\/01\/Yumie-300x244.png 300w, https:\/\/wp.unil.ch\/biss\/files\/2024\/01\/Yumie-768x625.png 768w, https:\/\/wp.unil.ch\/biss\/files\/2024\/01\/Yumie-540x440.png 540w, https:\/\/wp.unil.ch\/biss\/files\/2024\/01\/Yumie-1080x879.png 1080w, https:\/\/wp.unil.ch\/biss\/files\/2024\/01\/Yumie.png 1452w\" sizes=\"auto, (max-width: 1120px) 100vw, 1120px\" \/><\/a><\/figure><\/div>\n\n\n\n<div class=\"wp-block-column is-layout-flow wp-block-column-is-layout-flow\" style=\"flex-basis:60%\"><h2 class=\"wp-block-post-title\"><a href=\"https:\/\/wp.unil.ch\/biss\/yumie\/\" target=\"_self\" >Yumie<\/a><\/h2>\n\n<div class=\"wp-block-post-excerpt\"><p class=\"wp-block-post-excerpt__excerpt\">Yumie fait l\u2019exp\u00e9rience de discriminations crois\u00e9es concernant ses origines, son travail et son autisme. Elle se revendique comme \u00ab\u00a0courtisane des temps modernes\u00a0\u00bb et fi\u00e8re de l\u2019\u00eatre, Yumie nous confie cependant les difficult\u00e9s auxquelles les travailleuses du sexe sont confront\u00e9es. <\/p><\/div><\/div>\n<\/div>\n\n<\/li><li class=\"wp-block-post post-4382 post type-post status-publish format-standard has-post-thumbnail category-intersectionnalite tag-handicaps tag-lgbtqi tag-militantismes tag-non-binarite\">\n\n<div class=\"wp-block-columns alignwide is-layout-flex wp-container-core-columns-is-layout-9d6595d7 wp-block-columns-is-layout-flex\">\n<div class=\"wp-block-column is-layout-flow wp-block-column-is-layout-flow\" style=\"flex-basis:20%\"><figure class=\"wp-block-post-featured-image\"><a href=\"https:\/\/wp.unil.ch\/biss\/nat\/\" target=\"_self\"  ><img loading=\"lazy\" decoding=\"async\" width=\"1120\" height=\"895\" src=\"https:\/\/wp.unil.ch\/biss\/files\/2024\/01\/nat-1120x895.png\" class=\"attachment-post-thumbnail size-post-thumbnail wp-post-image\" alt=\"Nat\" style=\"object-fit:cover;\" srcset=\"https:\/\/wp.unil.ch\/biss\/files\/2024\/01\/nat-1120x895.png 1120w, https:\/\/wp.unil.ch\/biss\/files\/2024\/01\/nat-300x240.png 300w, https:\/\/wp.unil.ch\/biss\/files\/2024\/01\/nat-768x614.png 768w, https:\/\/wp.unil.ch\/biss\/files\/2024\/01\/nat-540x431.png 540w, https:\/\/wp.unil.ch\/biss\/files\/2024\/01\/nat-1080x863.png 1080w, https:\/\/wp.unil.ch\/biss\/files\/2024\/01\/nat.png 1452w\" sizes=\"auto, (max-width: 1120px) 100vw, 1120px\" \/><\/a><\/figure><\/div>\n\n\n\n<div class=\"wp-block-column is-layout-flow wp-block-column-is-layout-flow\" style=\"flex-basis:60%\"><h2 class=\"wp-block-post-title\"><a href=\"https:\/\/wp.unil.ch\/biss\/nat\/\" target=\"_self\" >Nat<\/a><\/h2>\n\n<div class=\"wp-block-post-excerpt\"><p class=\"wp-block-post-excerpt__excerpt\">En tant que personne non-binaire, atteint.e.x de nanisme achrondoplasique, membre de la communaut\u00e9 LGBTQIA+ et militant.e.x au sein de diff\u00e9rents organismes, Nat est \u00e0 la crois\u00e9e de diverses discriminations. Dans cet entretien, iel revient sur son parcours ainsi que sur les difficult\u00e9s auxquelles iel s\u2019av\u00e8re confront\u00e9.e.x au quotidien. <\/p><\/div><\/div>\n<\/div>\n\n<\/li><\/ul><\/div>\n\n\n\n<p class=\"has-text-align-right\"><a href=\"https:\/\/wp.unil.ch\/biss\/intersectionnalites\/\">Retour \u00e0 la page Intersectionnalit\u00e9<\/a><\/p>\n","protected":false},"excerpt":{"rendered":"<p>Retour \u00e0 la page Intersectionnalit\u00e9<\/p>\n","protected":false},"author":1002387,"featured_media":0,"parent":0,"menu_order":0,"comment_status":"closed","ping_status":"closed","template":"template-full-width.php","meta":{"_seopress_robots_primary_cat":"","_seopress_titles_title":"","_seopress_titles_desc":"","_seopress_robots_index":"","footnotes":""},"class_list":["post-4368","page","type-page","status-publish","has-post-thumbnail"],"_links":{"self":[{"href":"https:\/\/wp.unil.ch\/biss\/wp-json\/wp\/v2\/pages\/4368","targetHints":{"allow":["GET"]}}],"collection":[{"href":"https:\/\/wp.unil.ch\/biss\/wp-json\/wp\/v2\/pages"}],"about":[{"href":"https:\/\/wp.unil.ch\/biss\/wp-json\/wp\/v2\/types\/page"}],"author":[{"embeddable":true,"href":"https:\/\/wp.unil.ch\/biss\/wp-json\/wp\/v2\/users\/1002387"}],"replies":[{"embeddable":true,"href":"https:\/\/wp.unil.ch\/biss\/wp-json\/wp\/v2\/comments?post=4368"}],"version-history":[{"count":5,"href":"https:\/\/wp.unil.ch\/biss\/wp-json\/wp\/v2\/pages\/4368\/revisions"}],"predecessor-version":[{"id":4754,"href":"https:\/\/wp.unil.ch\/biss\/wp-json\/wp\/v2\/pages\/4368\/revisions\/4754"}],"wp:attachment":[{"href":"https:\/\/wp.unil.ch\/biss\/wp-json\/wp\/v2\/media?parent=4368"}],"curies":[{"name":"wp","href":"https:\/\/api.w.org\/{rel}","templated":true}]}}