{"id":4366,"date":"2024-01-09T12:09:01","date_gmt":"2024-01-09T11:09:01","guid":{"rendered":"https:\/\/wp.unil.ch\/biss\/?page_id=4366"},"modified":"2024-01-19T08:43:28","modified_gmt":"2024-01-19T07:43:28","slug":"intersectionnalite-migrations","status":"publish","type":"page","link":"https:\/\/wp.unil.ch\/biss\/intersectionnalite-migrations\/","title":{"rendered":"Intersectionnalit\u00e9 : Migrations"},"content":{"rendered":"\n<div class=\"wp-block-query is-layout-flow wp-block-query-is-layout-flow\"><ul class=\"wp-block-post-template is-layout-flow wp-block-post-template-is-layout-flow\"><li class=\"wp-block-post post-4449 post type-post status-publish format-standard has-post-thumbnail category-intersectionnalite tag-migrations tag-race\">\n\n<div class=\"wp-block-columns alignwide is-layout-flex wp-container-core-columns-is-layout-9d6595d7 wp-block-columns-is-layout-flex\">\n<div class=\"wp-block-column is-layout-flow wp-block-column-is-layout-flow\" style=\"flex-basis:20%\"><figure class=\"wp-block-post-featured-image\"><a href=\"https:\/\/wp.unil.ch\/biss\/annaelle\/\" target=\"_self\"  ><img loading=\"lazy\" decoding=\"async\" width=\"1120\" height=\"850\" src=\"https:\/\/wp.unil.ch\/biss\/files\/2024\/01\/Annaelle-1120x850.png\" class=\"attachment-post-thumbnail size-post-thumbnail wp-post-image\" alt=\"Anna\u00eblle\" style=\"object-fit:cover;\" srcset=\"https:\/\/wp.unil.ch\/biss\/files\/2024\/01\/Annaelle-1120x850.png 1120w, https:\/\/wp.unil.ch\/biss\/files\/2024\/01\/Annaelle-300x228.png 300w, https:\/\/wp.unil.ch\/biss\/files\/2024\/01\/Annaelle-768x583.png 768w, https:\/\/wp.unil.ch\/biss\/files\/2024\/01\/Annaelle-1536x1166.png 1536w, https:\/\/wp.unil.ch\/biss\/files\/2024\/01\/Annaelle-540x410.png 540w, https:\/\/wp.unil.ch\/biss\/files\/2024\/01\/Annaelle-1080x820.png 1080w, https:\/\/wp.unil.ch\/biss\/files\/2024\/01\/Annaelle.png 1581w\" sizes=\"auto, (max-width: 1120px) 100vw, 1120px\" \/><\/a><\/figure><\/div>\n\n\n\n<div class=\"wp-block-column is-layout-flow wp-block-column-is-layout-flow\" style=\"flex-basis:60%\"><h2 class=\"wp-block-post-title\"><a href=\"https:\/\/wp.unil.ch\/biss\/annaelle\/\" target=\"_self\" >Anna\u00eblle<\/a><\/h2>\n\n<div class=\"wp-block-post-excerpt\"><p class=\"wp-block-post-excerpt__excerpt\">Anna\u00eblle est de nationalit\u00e9 camerounaise et fran\u00e7aise. Au cours de ce travail, nous avons pu observer comment le parcours scolaire et migratoire, ainsi que les relations familiales et sociales d\u2019Anna\u00eblle, sont imbriqu\u00e9es dans diff\u00e9rents rapports de pouvoir (race, classe et genre). <\/p><\/div><\/div>\n<\/div>\n\n<\/li><li class=\"wp-block-post post-4446 post type-post status-publish format-standard has-post-thumbnail category-intersectionnalite tag-migrations tag-militantismes tag-race\">\n\n<div class=\"wp-block-columns alignwide is-layout-flex wp-container-core-columns-is-layout-9d6595d7 wp-block-columns-is-layout-flex\">\n<div class=\"wp-block-column is-layout-flow wp-block-column-is-layout-flow\" style=\"flex-basis:20%\"><figure class=\"wp-block-post-featured-image\"><a href=\"https:\/\/wp.unil.ch\/biss\/lobali\/\" target=\"_self\"  ><img loading=\"lazy\" decoding=\"async\" width=\"1120\" height=\"905\" src=\"https:\/\/wp.unil.ch\/biss\/files\/2024\/01\/Lobali-1120x905.png\" class=\"attachment-post-thumbnail size-post-thumbnail wp-post-image\" alt=\"Lobali\" style=\"object-fit:cover;\" srcset=\"https:\/\/wp.unil.ch\/biss\/files\/2024\/01\/Lobali-1120x905.png 1120w, https:\/\/wp.unil.ch\/biss\/files\/2024\/01\/Lobali-300x242.png 300w, https:\/\/wp.unil.ch\/biss\/files\/2024\/01\/Lobali-768x621.png 768w, https:\/\/wp.unil.ch\/biss\/files\/2024\/01\/Lobali-540x436.png 540w, https:\/\/wp.unil.ch\/biss\/files\/2024\/01\/Lobali-1080x873.png 1080w, https:\/\/wp.unil.ch\/biss\/files\/2024\/01\/Lobali.png 1485w\" sizes=\"auto, (max-width: 1120px) 100vw, 1120px\" \/><\/a><\/figure><\/div>\n\n\n\n<div class=\"wp-block-column is-layout-flow wp-block-column-is-layout-flow\" style=\"flex-basis:60%\"><h2 class=\"wp-block-post-title\"><a href=\"https:\/\/wp.unil.ch\/biss\/lobali\/\" target=\"_self\" >Lobali<\/a><\/h2>\n\n<div class=\"wp-block-post-excerpt\"><p class=\"wp-block-post-excerpt__excerpt\">Lobali Mpase n\u00e9e au Congo est assistante m\u00e9dicale dipl\u00f4m\u00e9e et engag\u00e9e politiquement au sein des Vert\u00b7e\u00b7s et milite \u00e0 la Gr\u00e8ve f\u00e9ministe. Elle se bat pour une \u00e9galit\u00e9 non seulement entre les femmes et les hommes, mais entre les femmes issues de tous milieux et origines. <\/p><\/div><\/div>\n<\/div>\n\n<\/li><li class=\"wp-block-post post-4436 post type-post status-publish format-standard has-post-thumbnail category-intersectionnalite tag-handicaps tag-lgbtqi tag-migrations tag-militantismes tag-race\">\n\n<div class=\"wp-block-columns alignwide is-layout-flex wp-container-core-columns-is-layout-9d6595d7 wp-block-columns-is-layout-flex\">\n<div class=\"wp-block-column is-layout-flow wp-block-column-is-layout-flow\" style=\"flex-basis:20%\"><figure class=\"wp-block-post-featured-image\"><a href=\"https:\/\/wp.unil.ch\/biss\/francesca\/\" target=\"_self\"  ><img loading=\"lazy\" decoding=\"async\" width=\"1120\" height=\"868\" src=\"https:\/\/wp.unil.ch\/biss\/files\/2024\/01\/Francesca-1120x868.png\" class=\"attachment-post-thumbnail size-post-thumbnail wp-post-image\" alt=\"Francesca\" style=\"object-fit:cover;\" srcset=\"https:\/\/wp.unil.ch\/biss\/files\/2024\/01\/Francesca-1120x868.png 1120w, https:\/\/wp.unil.ch\/biss\/files\/2024\/01\/Francesca-300x233.png 300w, https:\/\/wp.unil.ch\/biss\/files\/2024\/01\/Francesca-768x595.png 768w, https:\/\/wp.unil.ch\/biss\/files\/2024\/01\/Francesca-1536x1191.png 1536w, https:\/\/wp.unil.ch\/biss\/files\/2024\/01\/Francesca-540x419.png 540w, https:\/\/wp.unil.ch\/biss\/files\/2024\/01\/Francesca-1080x837.png 1080w, https:\/\/wp.unil.ch\/biss\/files\/2024\/01\/Francesca.png 1548w\" sizes=\"auto, (max-width: 1120px) 100vw, 1120px\" \/><\/a><\/figure><\/div>\n\n\n\n<div class=\"wp-block-column is-layout-flow wp-block-column-is-layout-flow\" style=\"flex-basis:60%\"><h2 class=\"wp-block-post-title\"><a href=\"https:\/\/wp.unil.ch\/biss\/francesca\/\" target=\"_self\" >Francesca<\/a><\/h2>\n\n<div class=\"wp-block-post-excerpt\"><p class=\"wp-block-post-excerpt__excerpt\">\u00catre une tchoin \u00e9pileptique. C\u2019est le statut que Francesca revendique. Elle raconte son rapport au corps, \u00e0 la sexualit\u00e9, \u00e0 la maladie, \u00e0 ses origines et aux milieux militants.Dans cet entretien, elle aborde sa rencontre avec le militantisme ainsi que son exp\u00e9rience du racisme. <\/p><\/div><\/div>\n<\/div>\n\n<\/li><li class=\"wp-block-post post-4434 post type-post status-publish format-standard has-post-thumbnail category-intersectionnalite tag-migrations tag-race\">\n\n<div class=\"wp-block-columns alignwide is-layout-flex wp-container-core-columns-is-layout-9d6595d7 wp-block-columns-is-layout-flex\">\n<div class=\"wp-block-column is-layout-flow wp-block-column-is-layout-flow\" style=\"flex-basis:20%\"><figure class=\"wp-block-post-featured-image\"><a href=\"https:\/\/wp.unil.ch\/biss\/sowita\/\" target=\"_self\"  ><img loading=\"lazy\" decoding=\"async\" width=\"1120\" height=\"957\" src=\"https:\/\/wp.unil.ch\/biss\/files\/2024\/01\/Sowita-1120x957.png\" class=\"attachment-post-thumbnail size-post-thumbnail wp-post-image\" alt=\"Sowita\" style=\"object-fit:cover;\" srcset=\"https:\/\/wp.unil.ch\/biss\/files\/2024\/01\/Sowita-1120x957.png 1120w, https:\/\/wp.unil.ch\/biss\/files\/2024\/01\/Sowita-300x256.png 300w, https:\/\/wp.unil.ch\/biss\/files\/2024\/01\/Sowita-768x656.png 768w, https:\/\/wp.unil.ch\/biss\/files\/2024\/01\/Sowita-540x462.png 540w, https:\/\/wp.unil.ch\/biss\/files\/2024\/01\/Sowita-1080x923.png 1080w, https:\/\/wp.unil.ch\/biss\/files\/2024\/01\/Sowita.png 1252w\" sizes=\"auto, (max-width: 1120px) 100vw, 1120px\" \/><\/a><\/figure><\/div>\n\n\n\n<div class=\"wp-block-column is-layout-flow wp-block-column-is-layout-flow\" style=\"flex-basis:60%\"><h2 class=\"wp-block-post-title\"><a href=\"https:\/\/wp.unil.ch\/biss\/sowita\/\" target=\"_self\" >Sowita<\/a><\/h2>\n\n<div class=\"wp-block-post-excerpt\"><p class=\"wp-block-post-excerpt__excerpt\">Notre entretien s\u2019est principalement concentr\u00e9 sur le parcours migratoire et professionnel de Sowita Atangana, mais \u00e9galement sur son exp\u00e9rience v\u00e9cue en tant que femme noire. Parler explicitement de la notion de \u201crace\u201d et de son intersection avec le genre, tel que le fait l\u2019intersectionnalit\u00e9, est fondamental. <\/p><\/div><\/div>\n<\/div>\n\n<\/li><li class=\"wp-block-post post-4425 post type-post status-publish format-standard has-post-thumbnail category-intersectionnalite tag-migrations tag-race tag-religion\">\n\n<div class=\"wp-block-columns alignwide is-layout-flex wp-container-core-columns-is-layout-9d6595d7 wp-block-columns-is-layout-flex\">\n<div class=\"wp-block-column is-layout-flow wp-block-column-is-layout-flow\" style=\"flex-basis:20%\"><figure class=\"wp-block-post-featured-image\"><a href=\"https:\/\/wp.unil.ch\/biss\/dahaba\/\" target=\"_self\"  ><img loading=\"lazy\" decoding=\"async\" width=\"1120\" height=\"695\" src=\"https:\/\/wp.unil.ch\/biss\/files\/2024\/01\/Dahaba-1120x695.png\" class=\"attachment-post-thumbnail size-post-thumbnail wp-post-image\" alt=\"Dahaba\" style=\"object-fit:cover;\" srcset=\"https:\/\/wp.unil.ch\/biss\/files\/2024\/01\/Dahaba-1120x695.png 1120w, https:\/\/wp.unil.ch\/biss\/files\/2024\/01\/Dahaba-300x186.png 300w, https:\/\/wp.unil.ch\/biss\/files\/2024\/01\/Dahaba-768x477.png 768w, https:\/\/wp.unil.ch\/biss\/files\/2024\/01\/Dahaba-1536x954.png 1536w, https:\/\/wp.unil.ch\/biss\/files\/2024\/01\/Dahaba-540x335.png 540w, https:\/\/wp.unil.ch\/biss\/files\/2024\/01\/Dahaba-1080x671.png 1080w, https:\/\/wp.unil.ch\/biss\/files\/2024\/01\/Dahaba.png 1920w\" sizes=\"auto, (max-width: 1120px) 100vw, 1120px\" \/><\/a><\/figure><\/div>\n\n\n\n<div class=\"wp-block-column is-layout-flow wp-block-column-is-layout-flow\" style=\"flex-basis:60%\"><h2 class=\"wp-block-post-title\"><a href=\"https:\/\/wp.unil.ch\/biss\/dahaba\/\" target=\"_self\" >Dahaba<\/a><\/h2>\n\n<div class=\"wp-block-post-excerpt\"><p class=\"wp-block-post-excerpt__excerpt\">\u00ab\u00a0Alors moi je m\u2019appelle Dahaba, je suis une femme noire musulmane, ou une femme musulmane noire, ou une noire femme musulmane.\u00a0\u00bb. Ces mots prononc\u00e9s par Dahaba Abdirahman permettent de r\u00e9sumer les diff\u00e9rentes identit\u00e9s qui structurent son parcours de vie. Dans cet entretien, elle interroge notamment les cons\u00e9quences du choix de se voiler en Suisse en\u2026 <\/p><\/div><\/div>\n<\/div>\n\n<\/li><li class=\"wp-block-post post-4419 post type-post status-publish format-standard has-post-thumbnail category-intersectionnalite tag-lgbtqi tag-migrations tag-militantismes tag-race\">\n\n<div class=\"wp-block-columns alignwide is-layout-flex wp-container-core-columns-is-layout-9d6595d7 wp-block-columns-is-layout-flex\">\n<div class=\"wp-block-column is-layout-flow wp-block-column-is-layout-flow\" style=\"flex-basis:20%\"><figure class=\"wp-block-post-featured-image\"><a href=\"https:\/\/wp.unil.ch\/biss\/eve-marie\/\" target=\"_self\"  ><img loading=\"lazy\" decoding=\"async\" width=\"1120\" height=\"717\" src=\"https:\/\/wp.unil.ch\/biss\/files\/2024\/01\/Eva-Marie-1120x717.png\" class=\"attachment-post-thumbnail size-post-thumbnail wp-post-image\" alt=\"\u00c8ve Marie\" style=\"object-fit:cover;\" srcset=\"https:\/\/wp.unil.ch\/biss\/files\/2024\/01\/Eva-Marie-1120x717.png 1120w, https:\/\/wp.unil.ch\/biss\/files\/2024\/01\/Eva-Marie-300x192.png 300w, https:\/\/wp.unil.ch\/biss\/files\/2024\/01\/Eva-Marie-768x492.png 768w, https:\/\/wp.unil.ch\/biss\/files\/2024\/01\/Eva-Marie-1536x983.png 1536w, https:\/\/wp.unil.ch\/biss\/files\/2024\/01\/Eva-Marie-540x346.png 540w, https:\/\/wp.unil.ch\/biss\/files\/2024\/01\/Eva-Marie-1080x692.png 1080w, https:\/\/wp.unil.ch\/biss\/files\/2024\/01\/Eva-Marie.png 1668w\" sizes=\"auto, (max-width: 1120px) 100vw, 1120px\" \/><\/a><\/figure><\/div>\n\n\n\n<div class=\"wp-block-column is-layout-flow wp-block-column-is-layout-flow\" style=\"flex-basis:60%\"><h2 class=\"wp-block-post-title\"><a href=\"https:\/\/wp.unil.ch\/biss\/eve-marie\/\" target=\"_self\" >\u00c8ve Marie<\/a><\/h2>\n\n<div class=\"wp-block-post-excerpt\"><p class=\"wp-block-post-excerpt__excerpt\">\u00c8ve\u00a0Marie Perrin s\u2019identifie en tant que femme, ha\u00eftienne et lesbienne. s, puis a cr\u00e9er des projets artistiques pour visibiliser les personnes noires et queer. Elle mentionne dans cet entretien les difficult\u00e9s \u00e0 trouver des ressources pour se construire en tant que personne noire et LGBT, notamment dans le domaine de la sant\u00e9 mentale, qui est\u2026 <\/p><\/div><\/div>\n<\/div>\n\n<\/li><li class=\"wp-block-post post-4408 post type-post status-publish format-standard has-post-thumbnail category-intersectionnalite tag-discriminations tag-intersectionnalite tag-migrations tag-race tag-religion\">\n\n<div class=\"wp-block-columns alignwide is-layout-flex wp-container-core-columns-is-layout-9d6595d7 wp-block-columns-is-layout-flex\">\n<div class=\"wp-block-column is-layout-flow wp-block-column-is-layout-flow\" style=\"flex-basis:20%\"><figure class=\"wp-block-post-featured-image\"><a href=\"https:\/\/wp.unil.ch\/biss\/sofia\/\" target=\"_self\"  ><img loading=\"lazy\" decoding=\"async\" width=\"1120\" height=\"842\" src=\"https:\/\/wp.unil.ch\/biss\/files\/2024\/01\/Sofia-1120x842.png\" class=\"attachment-post-thumbnail size-post-thumbnail wp-post-image\" alt=\"Sofia\" style=\"object-fit:cover;\" srcset=\"https:\/\/wp.unil.ch\/biss\/files\/2024\/01\/Sofia-1120x842.png 1120w, https:\/\/wp.unil.ch\/biss\/files\/2024\/01\/Sofia-300x225.png 300w, https:\/\/wp.unil.ch\/biss\/files\/2024\/01\/Sofia-768x577.png 768w, https:\/\/wp.unil.ch\/biss\/files\/2024\/01\/Sofia-540x406.png 540w, https:\/\/wp.unil.ch\/biss\/files\/2024\/01\/Sofia-1080x812.png 1080w, https:\/\/wp.unil.ch\/biss\/files\/2024\/01\/Sofia.png 1357w\" sizes=\"auto, (max-width: 1120px) 100vw, 1120px\" \/><\/a><\/figure><\/div>\n\n\n\n<div class=\"wp-block-column is-layout-flow wp-block-column-is-layout-flow\" style=\"flex-basis:60%\"><h2 class=\"wp-block-post-title\"><a href=\"https:\/\/wp.unil.ch\/biss\/sofia\/\" target=\"_self\" >Sofia<\/a><\/h2>\n\n<div class=\"wp-block-post-excerpt\"><p class=\"wp-block-post-excerpt__excerpt\">Sofia nous a offert de son temps et de son intimit\u00e9 pour nous partager son histoire de mani\u00e8re r\u00e9flexive, dans le rire et la discussion, et ses nombreux questionnements, entre introspections et revendications li\u00e9es \u00e0 son exp\u00e9rience. <\/p><\/div><\/div>\n<\/div>\n\n<\/li><li class=\"wp-block-post post-4402 post type-post status-publish format-standard has-post-thumbnail category-intersectionnalite tag-discriminations tag-genre tag-migrations tag-militantismes tag-race\">\n\n<div class=\"wp-block-columns alignwide is-layout-flex wp-container-core-columns-is-layout-9d6595d7 wp-block-columns-is-layout-flex\">\n<div class=\"wp-block-column is-layout-flow wp-block-column-is-layout-flow\" style=\"flex-basis:20%\"><figure class=\"wp-block-post-featured-image\"><a href=\"https:\/\/wp.unil.ch\/biss\/lily\/\" target=\"_self\"  ><img loading=\"lazy\" decoding=\"async\" width=\"1120\" height=\"912\" src=\"https:\/\/wp.unil.ch\/biss\/files\/2024\/01\/Lily-1120x912.png\" class=\"attachment-post-thumbnail size-post-thumbnail wp-post-image\" alt=\"Lily\" style=\"object-fit:cover;\" srcset=\"https:\/\/wp.unil.ch\/biss\/files\/2024\/01\/Lily-1120x912.png 1120w, https:\/\/wp.unil.ch\/biss\/files\/2024\/01\/Lily-300x244.png 300w, https:\/\/wp.unil.ch\/biss\/files\/2024\/01\/Lily-768x625.png 768w, https:\/\/wp.unil.ch\/biss\/files\/2024\/01\/Lily-540x440.png 540w, https:\/\/wp.unil.ch\/biss\/files\/2024\/01\/Lily-1080x879.png 1080w, https:\/\/wp.unil.ch\/biss\/files\/2024\/01\/Lily.png 1452w\" sizes=\"auto, (max-width: 1120px) 100vw, 1120px\" \/><\/a><\/figure><\/div>\n\n\n\n<div class=\"wp-block-column is-layout-flow wp-block-column-is-layout-flow\" style=\"flex-basis:60%\"><h2 class=\"wp-block-post-title\"><a href=\"https:\/\/wp.unil.ch\/biss\/lily\/\" target=\"_self\" >Lily<\/a><\/h2>\n\n<div class=\"wp-block-post-excerpt\"><p class=\"wp-block-post-excerpt__excerpt\">Lily est engag\u00e9e dans les luttes anti-racistes, anti-capitalistes, d\u00e9coloniales et f\u00e9ministes.\u00a0La sp\u00e9cificit\u00e9 de son parcours r\u00e9side dans ses multiples identit\u00e9s &#8211; identit\u00e9 de \u00ab m\u00e9tisse \u00bb qui est souvent projet\u00e9e sur elle, de femme suisse issue des classes moyennes et \u00e9tudiant \u00e0 Londres, etc. <\/p><\/div><\/div>\n<\/div>\n\n<\/li><li class=\"wp-block-post post-4398 post type-post status-publish format-standard has-post-thumbnail category-intersectionnalite tag-lgbtqi tag-migrations tag-race tag-sexualite tag-transidentite\">\n\n<div class=\"wp-block-columns alignwide is-layout-flex wp-container-core-columns-is-layout-9d6595d7 wp-block-columns-is-layout-flex\">\n<div class=\"wp-block-column is-layout-flow wp-block-column-is-layout-flow\" style=\"flex-basis:20%\"><figure class=\"wp-block-post-featured-image\"><a href=\"https:\/\/wp.unil.ch\/biss\/tokyo\/\" target=\"_self\"  ><img loading=\"lazy\" decoding=\"async\" width=\"1120\" height=\"912\" src=\"https:\/\/wp.unil.ch\/biss\/files\/2024\/01\/Tokyo-1120x912.png\" class=\"attachment-post-thumbnail size-post-thumbnail wp-post-image\" alt=\"Tokyo\" style=\"object-fit:cover;\" srcset=\"https:\/\/wp.unil.ch\/biss\/files\/2024\/01\/Tokyo-1120x912.png 1120w, https:\/\/wp.unil.ch\/biss\/files\/2024\/01\/Tokyo-300x244.png 300w, https:\/\/wp.unil.ch\/biss\/files\/2024\/01\/Tokyo-768x625.png 768w, https:\/\/wp.unil.ch\/biss\/files\/2024\/01\/Tokyo-540x440.png 540w, https:\/\/wp.unil.ch\/biss\/files\/2024\/01\/Tokyo-1080x879.png 1080w, https:\/\/wp.unil.ch\/biss\/files\/2024\/01\/Tokyo.png 1452w\" sizes=\"auto, (max-width: 1120px) 100vw, 1120px\" \/><\/a><\/figure><\/div>\n\n\n\n<div class=\"wp-block-column is-layout-flow wp-block-column-is-layout-flow\" style=\"flex-basis:60%\"><h2 class=\"wp-block-post-title\"><a href=\"https:\/\/wp.unil.ch\/biss\/tokyo\/\" target=\"_self\" >Tokyo<\/a><\/h2>\n\n<div class=\"wp-block-post-excerpt\"><p class=\"wp-block-post-excerpt__excerpt\">Tokyo est une jeune femme trans\u2019 originaire du Laos qui est n\u00e9e en Suisse et qui y a effectu\u00e9 toute sa scolarit\u00e9. Ne parlant pas encore le fran\u00e7ais, la jeune femme va rapidement se rendre compte de la pression qui lui est impos\u00e9e pour s\u2019int\u00e9grer. En transitionnant, Tokyo va alors prendre conscience des liens entre\u2026 <\/p><\/div><\/div>\n<\/div>\n\n<\/li><li class=\"wp-block-post post-4395 post type-post status-publish format-standard has-post-thumbnail category-intersectionnalite tag-discriminations tag-genre tag-migrations tag-race tag-religion\">\n\n<div class=\"wp-block-columns alignwide is-layout-flex wp-container-core-columns-is-layout-9d6595d7 wp-block-columns-is-layout-flex\">\n<div class=\"wp-block-column is-layout-flow wp-block-column-is-layout-flow\" style=\"flex-basis:20%\"><figure class=\"wp-block-post-featured-image\"><a href=\"https:\/\/wp.unil.ch\/biss\/khaddouj\/\" target=\"_self\"  ><img loading=\"lazy\" decoding=\"async\" width=\"1120\" height=\"895\" src=\"https:\/\/wp.unil.ch\/biss\/files\/2024\/01\/Khaddouj-1120x895.png\" class=\"attachment-post-thumbnail size-post-thumbnail wp-post-image\" alt=\"Khaddouj\" style=\"object-fit:cover;\" srcset=\"https:\/\/wp.unil.ch\/biss\/files\/2024\/01\/Khaddouj-1120x895.png 1120w, https:\/\/wp.unil.ch\/biss\/files\/2024\/01\/Khaddouj-300x240.png 300w, https:\/\/wp.unil.ch\/biss\/files\/2024\/01\/Khaddouj-768x614.png 768w, https:\/\/wp.unil.ch\/biss\/files\/2024\/01\/Khaddouj-540x431.png 540w, https:\/\/wp.unil.ch\/biss\/files\/2024\/01\/Khaddouj-1080x863.png 1080w, https:\/\/wp.unil.ch\/biss\/files\/2024\/01\/Khaddouj.png 1452w\" sizes=\"auto, (max-width: 1120px) 100vw, 1120px\" \/><\/a><\/figure><\/div>\n\n\n\n<div class=\"wp-block-column is-layout-flow wp-block-column-is-layout-flow\" style=\"flex-basis:60%\"><h2 class=\"wp-block-post-title\"><a href=\"https:\/\/wp.unil.ch\/biss\/khaddouj\/\" target=\"_self\" >Khaddouj<\/a><\/h2>\n\n<div class=\"wp-block-post-excerpt\"><p class=\"wp-block-post-excerpt__excerpt\">Khaddouj nous raconte quelques unes des histoires marquantes de sa vie. \u00c0 travers des exemples d\u2019agressions dans la rue, au travail ou au sein de sa famille, elle nous explique comment son statut de femme musulmane et marocaine issue de l\u2019immigration l\u2019a amen\u00e9e \u00e0 \u00eatre confront\u00e9e \u00e0 des attitudes parfois stigmatisantes et discriminantes. <\/p><\/div><\/div>\n<\/div>\n\n<\/li><li class=\"wp-block-post post-4392 post type-post status-publish format-standard has-post-thumbnail category-intersectionnalite tag-adoption tag-lgbtqi tag-migrations tag-race\">\n\n<div class=\"wp-block-columns alignwide is-layout-flex wp-container-core-columns-is-layout-9d6595d7 wp-block-columns-is-layout-flex\">\n<div class=\"wp-block-column is-layout-flow wp-block-column-is-layout-flow\" style=\"flex-basis:20%\"><figure class=\"wp-block-post-featured-image\"><a href=\"https:\/\/wp.unil.ch\/biss\/xavier\/\" target=\"_self\"  ><img loading=\"lazy\" decoding=\"async\" width=\"1120\" height=\"895\" src=\"https:\/\/wp.unil.ch\/biss\/files\/2024\/01\/Xavier-1120x895.png\" class=\"attachment-post-thumbnail size-post-thumbnail wp-post-image\" alt=\"Xavier\" style=\"object-fit:cover;\" srcset=\"https:\/\/wp.unil.ch\/biss\/files\/2024\/01\/Xavier-1120x895.png 1120w, https:\/\/wp.unil.ch\/biss\/files\/2024\/01\/Xavier-300x240.png 300w, https:\/\/wp.unil.ch\/biss\/files\/2024\/01\/Xavier-768x614.png 768w, https:\/\/wp.unil.ch\/biss\/files\/2024\/01\/Xavier-540x431.png 540w, https:\/\/wp.unil.ch\/biss\/files\/2024\/01\/Xavier-1080x863.png 1080w, https:\/\/wp.unil.ch\/biss\/files\/2024\/01\/Xavier.png 1452w\" sizes=\"auto, (max-width: 1120px) 100vw, 1120px\" \/><\/a><\/figure><\/div>\n\n\n\n<div class=\"wp-block-column is-layout-flow wp-block-column-is-layout-flow\" style=\"flex-basis:60%\"><h2 class=\"wp-block-post-title\"><a href=\"https:\/\/wp.unil.ch\/biss\/xavier\/\" target=\"_self\" >Xavier<\/a><\/h2>\n\n<div class=\"wp-block-post-excerpt\"><p class=\"wp-block-post-excerpt__excerpt\">Xavier nous parle de son adoption. \u00ab j\u2019ai su que j\u2019\u00e9tais adopt\u00e9 en apprenant les couleurs, parce que moi j\u2019\u00e9tais brown et mes parents \u00e9taient white \u00bb. Il \u00e9voque notamment la mani\u00e8re dont l\u2019h\u00e9t\u00e9rog\u00e9n\u00e9it\u00e9 raciale intrafamiliale fait \u00e9merger de nombreux questionnements sur soi-m\u00eame et sur les autres. <\/p><\/div><\/div>\n<\/div>\n\n<\/li><li class=\"wp-block-post post-4389 post type-post status-publish format-standard has-post-thumbnail category-intersectionnalite tag-discriminations tag-genre tag-migrations tag-religion\">\n\n<div class=\"wp-block-columns alignwide is-layout-flex wp-container-core-columns-is-layout-9d6595d7 wp-block-columns-is-layout-flex\">\n<div class=\"wp-block-column is-layout-flow wp-block-column-is-layout-flow\" style=\"flex-basis:20%\"><figure class=\"wp-block-post-featured-image\"><a href=\"https:\/\/wp.unil.ch\/biss\/abir\/\" target=\"_self\"  ><img loading=\"lazy\" decoding=\"async\" width=\"1120\" height=\"895\" src=\"https:\/\/wp.unil.ch\/biss\/files\/2024\/01\/Abir-1120x895.png\" class=\"attachment-post-thumbnail size-post-thumbnail wp-post-image\" alt=\"Abir\" style=\"object-fit:cover;\" srcset=\"https:\/\/wp.unil.ch\/biss\/files\/2024\/01\/Abir-1120x895.png 1120w, https:\/\/wp.unil.ch\/biss\/files\/2024\/01\/Abir-300x240.png 300w, https:\/\/wp.unil.ch\/biss\/files\/2024\/01\/Abir-768x614.png 768w, https:\/\/wp.unil.ch\/biss\/files\/2024\/01\/Abir-540x431.png 540w, https:\/\/wp.unil.ch\/biss\/files\/2024\/01\/Abir-1080x863.png 1080w, https:\/\/wp.unil.ch\/biss\/files\/2024\/01\/Abir.png 1452w\" sizes=\"auto, (max-width: 1120px) 100vw, 1120px\" \/><\/a><\/figure><\/div>\n\n\n\n<div class=\"wp-block-column is-layout-flow wp-block-column-is-layout-flow\" style=\"flex-basis:60%\"><h2 class=\"wp-block-post-title\"><a href=\"https:\/\/wp.unil.ch\/biss\/abir\/\" target=\"_self\" >Abir<\/a><\/h2>\n\n<div class=\"wp-block-post-excerpt\"><p class=\"wp-block-post-excerpt__excerpt\">Abir est n\u00e9e en Suisse, de nationalit\u00e9 tunisienne et de confession musulmane. Elle a d\u00e9cid\u00e9 de se voiler \u00e0 l&rsquo;adolescence &#8211; une d\u00e9cision qui impactera grandement sa vie. Son t\u00e9moignage nous permet de constater la r\u00e9alit\u00e9 des femmes voil\u00e9es en Suisse, mais \u00e9galement en Tunisie. <\/p><\/div><\/div>\n<\/div>\n\n<\/li><\/ul><\/div>\n\n\n\n<p class=\"has-text-align-right\"><a href=\"https:\/\/wp.unil.ch\/biss\/intersectionnalites\/\">Retour \u00e0 la page Intersectionnalit\u00e9<\/a><\/p>\n","protected":false},"excerpt":{"rendered":"<p>Retour \u00e0 la page Intersectionnalit\u00e9<\/p>\n","protected":false},"author":1002387,"featured_media":0,"parent":0,"menu_order":0,"comment_status":"closed","ping_status":"closed","template":"template-full-width.php","meta":{"_seopress_robots_primary_cat":"","_seopress_titles_title":"","_seopress_titles_desc":"","_seopress_robots_index":"","footnotes":""},"class_list":["post-4366","page","type-page","status-publish","has-post-thumbnail"],"_links":{"self":[{"href":"https:\/\/wp.unil.ch\/biss\/wp-json\/wp\/v2\/pages\/4366","targetHints":{"allow":["GET"]}}],"collection":[{"href":"https:\/\/wp.unil.ch\/biss\/wp-json\/wp\/v2\/pages"}],"about":[{"href":"https:\/\/wp.unil.ch\/biss\/wp-json\/wp\/v2\/types\/page"}],"author":[{"embeddable":true,"href":"https:\/\/wp.unil.ch\/biss\/wp-json\/wp\/v2\/users\/1002387"}],"replies":[{"embeddable":true,"href":"https:\/\/wp.unil.ch\/biss\/wp-json\/wp\/v2\/comments?post=4366"}],"version-history":[{"count":5,"href":"https:\/\/wp.unil.ch\/biss\/wp-json\/wp\/v2\/pages\/4366\/revisions"}],"predecessor-version":[{"id":4732,"href":"https:\/\/wp.unil.ch\/biss\/wp-json\/wp\/v2\/pages\/4366\/revisions\/4732"}],"wp:attachment":[{"href":"https:\/\/wp.unil.ch\/biss\/wp-json\/wp\/v2\/media?parent=4366"}],"curies":[{"name":"wp","href":"https:\/\/api.w.org\/{rel}","templated":true}]}}