{"id":1073,"date":"2021-09-23T10:38:24","date_gmt":"2021-09-23T08:38:24","guid":{"rendered":"https:\/\/wp.unil.ch\/biss\/?page_id=1073"},"modified":"2023-09-13T23:33:22","modified_gmt":"2023-09-13T21:33:22","slug":"home","status":"publish","type":"page","link":"https:\/\/wp.unil.ch\/biss\/","title":{"rendered":"Bienvenue sur le BISS, le blog de l&rsquo;Institut des sciences sociales"},"content":{"rendered":"\n<h2 class=\"wp-block-heading\"><\/h2>\n\n\n\n<div class=\"wp-block-group\"><div class=\"wp-block-group__inner-container is-layout-flow wp-block-group-is-layout-flow\">\n<h4 class=\"wp-block-heading\" style=\"font-style:normal;font-weight:200\">Bienvenue sur le BISS ! <strong>Vous allez y d\u00e9couvrir la vie des sciences sociales au quotidien.<\/strong><br><br>Vous pourrez y d\u00e9nicher les <strong>publications<\/strong> des \u00e9tudiantes et \u00e9tudiants, notre <strong>podcast <\/strong><em><strong>Etage 5<\/strong><\/em> et diff\u00e9rentes pages li\u00e9es \u00e0 nos <strong>activit\u00e9s<\/strong>.<br><br><strong>Nous vous souhaitons une bonne visite !<\/strong><\/h4>\n\n\n\n<hr class=\"wp-block-separator has-alpha-channel-opacity\" \/>\n<\/div><\/div>\n\n\n\n<div class=\"wp-block-columns is-layout-flex wp-container-core-columns-is-layout-9d6595d7 wp-block-columns-is-layout-flex\">\n<div class=\"wp-block-column is-layout-flow wp-block-column-is-layout-flow\">\n<div class=\"wp-block-cover is-light\"><span aria-hidden=\"true\" class=\"wp-block-cover__background has-background-background-color has-background-dim-60 has-background-dim\"><\/span><img alt=\"\" loading=\"lazy\" decoding=\"async\" width=\"1446\" height=\"1200\" class=\"wp-block-cover__image-background wp-image-3897\" alt=\"\" src=\"https:\/\/wp.unil.ch\/biss\/files\/2023\/09\/poster-manges-quoi-A3-a-13-3.png\" style=\"object-position:56% 35%\" data-object-fit=\"cover\" data-object-position=\"56% 35%\" srcset=\"https:\/\/wp.unil.ch\/biss\/files\/2023\/09\/poster-manges-quoi-A3-a-13-3.png 1446w, https:\/\/wp.unil.ch\/biss\/files\/2023\/09\/poster-manges-quoi-A3-a-13-3-300x249.png 300w, https:\/\/wp.unil.ch\/biss\/files\/2023\/09\/poster-manges-quoi-A3-a-13-3-768x637.png 768w, https:\/\/wp.unil.ch\/biss\/files\/2023\/09\/poster-manges-quoi-A3-a-13-3-1120x929.png 1120w, https:\/\/wp.unil.ch\/biss\/files\/2023\/09\/poster-manges-quoi-A3-a-13-3-540x448.png 540w, https:\/\/wp.unil.ch\/biss\/files\/2023\/09\/poster-manges-quoi-A3-a-13-3-1080x896.png 1080w\" sizes=\"auto, (max-width: 1446px) 100vw, 1446px\" \/><div class=\"wp-block-cover__inner-container is-layout-flow wp-block-cover-is-layout-flow\">\n<h1 class=\"wp-block-heading has-text-align-center has-buttons-background-color has-text-color has-larger-font-size\"><a href=\"https:\/\/wp.unil.ch\/biss\/publications\/\" data-type=\"page\" data-id=\"684\">Publications<\/a><\/h1>\n<\/div><\/div>\n\n\n\n<div class=\"wp-block-cover is-light\"><span aria-hidden=\"true\" class=\"wp-block-cover__background has-background-background-color has-background-dim\"><\/span><img alt=\"\" loading=\"lazy\" decoding=\"async\" width=\"1346\" height=\"1200\" class=\"wp-block-cover__image-background wp-image-3889\" alt=\"\" src=\"https:\/\/wp.unil.ch\/biss\/files\/2023\/09\/Sans-titre-1-3.png\" style=\"object-position:4% 47%\" data-object-fit=\"cover\" data-object-position=\"4% 47%\" srcset=\"https:\/\/wp.unil.ch\/biss\/files\/2023\/09\/Sans-titre-1-3.png 1346w, https:\/\/wp.unil.ch\/biss\/files\/2023\/09\/Sans-titre-1-3-300x267.png 300w, https:\/\/wp.unil.ch\/biss\/files\/2023\/09\/Sans-titre-1-3-768x685.png 768w, https:\/\/wp.unil.ch\/biss\/files\/2023\/09\/Sans-titre-1-3-1120x999.png 1120w, https:\/\/wp.unil.ch\/biss\/files\/2023\/09\/Sans-titre-1-3-540x481.png 540w, https:\/\/wp.unil.ch\/biss\/files\/2023\/09\/Sans-titre-1-3-1080x963.png 1080w\" sizes=\"auto, (max-width: 1346px) 100vw, 1346px\" \/><div class=\"wp-block-cover__inner-container is-layout-flow wp-block-cover-is-layout-flow\">\n<h1 class=\"wp-block-heading has-text-align-center has-accent-color has-text-color has-larger-font-size\" style=\"font-style:normal;font-weight:900\"><a href=\"https:\/\/wp.unil.ch\/biss\/etage-5\/\" data-type=\"page\" data-id=\"1403\">Podcast de l&rsquo;ISS- Etage 5<\/a><\/h1>\n<\/div><\/div>\n<\/div>\n\n\n\n<div class=\"wp-block-column is-layout-flow wp-block-column-is-layout-flow\">\n<div class=\"wp-block-cover is-light\"><span aria-hidden=\"true\" class=\"wp-block-cover__background has-background-background-color has-background-dim-60 has-background-dim\"><\/span><img alt=\"\" loading=\"lazy\" decoding=\"async\" width=\"948\" height=\"811\" class=\"wp-block-cover__image-background wp-image-3882\" alt=\"\" src=\"https:\/\/wp.unil.ch\/biss\/files\/2023\/09\/poster-manges-quoi-A3-a-1-4-e1694636563786.png\" style=\"object-position:38% 36%\" data-object-fit=\"cover\" data-object-position=\"38% 36%\" srcset=\"https:\/\/wp.unil.ch\/biss\/files\/2023\/09\/poster-manges-quoi-A3-a-1-4-e1694636563786.png 948w, https:\/\/wp.unil.ch\/biss\/files\/2023\/09\/poster-manges-quoi-A3-a-1-4-e1694636563786-300x257.png 300w, https:\/\/wp.unil.ch\/biss\/files\/2023\/09\/poster-manges-quoi-A3-a-1-4-e1694636563786-768x657.png 768w, https:\/\/wp.unil.ch\/biss\/files\/2023\/09\/poster-manges-quoi-A3-a-1-4-e1694636563786-540x462.png 540w\" sizes=\"auto, (max-width: 948px) 100vw, 948px\" \/><div class=\"wp-block-cover__inner-container is-layout-flow wp-block-cover-is-layout-flow\">\n<h1 class=\"wp-block-heading has-text-align-center has-buttons-background-color has-text-color has-larger-font-size\"><a href=\"https:\/\/wp.unil.ch\/biss\/activites-de-liss\/\" data-type=\"page\" data-id=\"1863\">Activit\u00e9s de l&rsquo;ISS<\/a><\/h1>\n<\/div><\/div>\n\n\n\n<div class=\"wp-block-cover is-light\"><span aria-hidden=\"true\" class=\"wp-block-cover__background has-background-background-color has-background-dim\"><\/span><img alt=\"\" loading=\"lazy\" decoding=\"async\" width=\"1801\" height=\"1041\" class=\"wp-block-cover__image-background wp-image-3896\" alt=\"\" src=\"https:\/\/wp.unil.ch\/biss\/files\/2023\/09\/base-3.png\" style=\"object-position:14% 26%\" data-object-fit=\"cover\" data-object-position=\"14% 26%\" srcset=\"https:\/\/wp.unil.ch\/biss\/files\/2023\/09\/base-3.png 1801w, https:\/\/wp.unil.ch\/biss\/files\/2023\/09\/base-3-300x173.png 300w, https:\/\/wp.unil.ch\/biss\/files\/2023\/09\/base-3-768x444.png 768w, https:\/\/wp.unil.ch\/biss\/files\/2023\/09\/base-3-1536x888.png 1536w, https:\/\/wp.unil.ch\/biss\/files\/2023\/09\/base-3-1120x647.png 1120w, https:\/\/wp.unil.ch\/biss\/files\/2023\/09\/base-3-540x312.png 540w, https:\/\/wp.unil.ch\/biss\/files\/2023\/09\/base-3-1080x624.png 1080w\" sizes=\"auto, (max-width: 1801px) 100vw, 1801px\" \/><div class=\"wp-block-cover__inner-container is-layout-flow wp-block-cover-is-layout-flow\">\n<h1 class=\"wp-block-heading has-text-align-center has-accent-color has-text-color has-larger-font-size\" style=\"font-style:normal;font-weight:900\"><a href=\"https:\/\/wp.unil.ch\/biss\/contact\/participer\/\" data-type=\"page\" data-id=\"209\">Informations pour<\/a><br><a href=\"https:\/\/wp.unil.ch\/biss\/contact\/participer\/\" data-type=\"page\" data-id=\"209\">publier sur le BISS<\/a><\/h1>\n<\/div><\/div>\n<\/div>\n<\/div>\n\n\n\n<p><br><br><\/p>\n\n\n\n<hr class=\"wp-block-separator has-alpha-channel-opacity\" \/>\n\n\n\n<h2 class=\"wp-block-heading\">Les derni\u00e8res publications<\/h2>\n\n\n<ul class=\"wp-block-latest-posts__list is-grid columns-3 wp-block-latest-posts\"><li><a class=\"wp-block-latest-posts__post-title\" href=\"https:\/\/wp.unil.ch\/biss\/la-fabrique-dun-homme-nouveau-reflexion-sur-les-gueules-cassees\/\">La fabrique d\u2019un homme nouveau : r\u00e9flexion sur les gueules cass\u00e9es<\/a><\/li>\n<li><a class=\"wp-block-latest-posts__post-title\" href=\"https:\/\/wp.unil.ch\/biss\/controler-ou-soigner-le-poids-de-lhistoire-tumultueuse-de-lelectrochoc\/\">Contr\u00f4ler ou soigner ? Le poids de l\u2019histoire tumultueuse de l\u2019\u00e9lectrochoc<\/a><\/li>\n<li><a class=\"wp-block-latest-posts__post-title\" href=\"https:\/\/wp.unil.ch\/biss\/politique-suisse-en-matiere-de-drogues-remise-en-cause-du-modele-des-4-piliers\/\">Politique suisse en mati\u00e8re de drogues\u00a0: remise en cause du mod\u00e8le des 4 piliers<\/a><\/li>\n<li><a class=\"wp-block-latest-posts__post-title\" href=\"https:\/\/wp.unil.ch\/biss\/former-a-linclusion-quels-defis-pour-les-futur%c2%b7es-enseignant%c2%b7es-ordinaires\/\">Former \u00e0 l\u2019inclusion : quels d\u00e9fis pour les futur\u00b7es enseignant\u00b7es ordinaires ?<\/a><\/li>\n<li><a class=\"wp-block-latest-posts__post-title\" href=\"https:\/\/wp.unil.ch\/biss\/vers-une-sexotherapie-inclusive-reconnaissance-des-identites-et-des-relations-non-normatives\/\">Vers une sexoth\u00e9rapie inclusive : reconnaissance des identit\u00e9s et des relations non normatives<\/a><\/li>\n<\/ul>","protected":false},"excerpt":{"rendered":"<p>Bienvenue sur le BISS ! Vous allez y d\u00e9couvrir la vie des sciences sociales au quotidien. Vous pourrez y d\u00e9nicher les publications des \u00e9tudiantes et \u00e9tudiants, notre podcast&hellip;<\/p>\n","protected":false},"author":1002255,"featured_media":2729,"parent":0,"menu_order":0,"comment_status":"closed","ping_status":"closed","template":"template-full-width-cover.php","meta":{"_seopress_robots_primary_cat":"","_seopress_titles_title":"","_seopress_titles_desc":"","_seopress_robots_index":"","footnotes":""},"class_list":["post-1073","page","type-page","status-publish","has-post-thumbnail"],"_links":{"self":[{"href":"https:\/\/wp.unil.ch\/biss\/wp-json\/wp\/v2\/pages\/1073","targetHints":{"allow":["GET"]}}],"collection":[{"href":"https:\/\/wp.unil.ch\/biss\/wp-json\/wp\/v2\/pages"}],"about":[{"href":"https:\/\/wp.unil.ch\/biss\/wp-json\/wp\/v2\/types\/page"}],"author":[{"embeddable":true,"href":"https:\/\/wp.unil.ch\/biss\/wp-json\/wp\/v2\/users\/1002255"}],"replies":[{"embeddable":true,"href":"https:\/\/wp.unil.ch\/biss\/wp-json\/wp\/v2\/comments?post=1073"}],"version-history":[{"count":0,"href":"https:\/\/wp.unil.ch\/biss\/wp-json\/wp\/v2\/pages\/1073\/revisions"}],"wp:featuredmedia":[{"embeddable":true,"href":"https:\/\/wp.unil.ch\/biss\/wp-json\/wp\/v2\/media\/2729"}],"wp:attachment":[{"href":"https:\/\/wp.unil.ch\/biss\/wp-json\/wp\/v2\/media?parent=1073"}],"curies":[{"name":"wp","href":"https:\/\/api.w.org\/{rel}","templated":true}]}}