{"id":256,"date":"2018-08-22T11:04:42","date_gmt":"2018-08-22T09:04:42","guid":{"rendered":"http:\/\/wp.unil.ch\/biogeoresearch\/?page_id=256"},"modified":"2024-01-11T17:16:38","modified_gmt":"2024-01-11T16:16:38","slug":"phytosuisse","status":"publish","type":"page","link":"https:\/\/wp.unil.ch\/biogeoresearch\/phytosuisse\/","title":{"rendered":"PhytoSuisse"},"content":{"rendered":"<p>Switzerland has a long tradition of phytosociology, with hundreds of plant associations described for more than one century. However, these descriptions are scattered in more than 2000 publications (articles, books, unpublished reports), without available synthesis. Hence, it is difficult to attribute an observed plant community to one of the described associations.<\/p>\n<p>The project PhytoSuisse, led by <a href=\"https:\/\/hepia.hesge.ch\/fr\/accueil\/annuaire\/annuaire-detaille\/contact\/?userId=687\" target=\"_blank\" rel=\"noopener\">Patrice Prunier<\/a> in <a href=\"https:\/\/hepia.hesge.ch\/fr\/accueil\/domaine\/\" target=\"_blank\" rel=\"noopener\">hepia<\/a>, aims to synthetize this huge amount of publications in an identification key of associations and a website presenting these associations. The starting point is a database developed by Robert Pantke after thousands of hours visiting all the university libraries in Switzerland. Each retained association is checked for its validity and a precise description, with main species and ecological conditions, is written. All the finished descriptions are available on the <a href=\"https:\/\/www.infoflora.ch\/fr\/milieux\/phytosuisse\/\" target=\"_blank\" rel=\"noopener\">Info Flora website<\/a>.<\/p>\n<p><img alt=\"\" loading=\"lazy\" decoding=\"async\" class=\"aligncenter wp-image-258 size-large\" title=\"Rhododendro-Vaccinietum in Simplon\" src=\"https:\/\/wp.unil.ch\/biogeoresearch\/files\/2018\/08\/Rhododendro-ferruginei-Vaccinietum_Simplon-1-2-1024x632.jpg\" alt=\"\" width=\"525\" height=\"324\" srcset=\"https:\/\/wp.unil.ch\/biogeoresearch\/files\/2018\/08\/Rhododendro-ferruginei-Vaccinietum_Simplon-1-2-1024x632.jpg 1024w, https:\/\/wp.unil.ch\/biogeoresearch\/files\/2018\/08\/Rhododendro-ferruginei-Vaccinietum_Simplon-1-2-300x185.jpg 300w, https:\/\/wp.unil.ch\/biogeoresearch\/files\/2018\/08\/Rhododendro-ferruginei-Vaccinietum_Simplon-1-2-768x474.jpg 768w, https:\/\/wp.unil.ch\/biogeoresearch\/files\/2018\/08\/Rhododendro-ferruginei-Vaccinietum_Simplon-1-2.jpg 1920w\" sizes=\"auto, (max-width: 525px) 100vw, 525px\" \/><\/p>\n<h3>Publications<\/h3>\n<p>B\u00e9guin C., J.-P. Theurillat &amp; P. Vittoz (2018). La lande calcicole \u00e0 Juniperus sabina en Valais central (Alpes, Suisse). <em>Bulletin de la Murithienne <\/em><strong>135\/2017<\/strong>: 7-21.<\/p>\n<p>Prunier P., Greulich F., B\u00e9guin C., Boissezon A., Delarze R., Hegg O., Kl\u00f6tlzi F., Pantke R., Steffen J., Steiger P. &amp; Vittoz P. (2019). <a href=\"_wp_link_placeholder\" data-wplink-edit=\"true\">Phytosuisse<\/a> : un r\u00e9f\u00e9rentiel pour les associations v\u00e9g\u00e9tales de Suisse. V4. ISSN 2624-6171.<\/p>\n<p>Prunier P., F. Greulich, C. B\u00e9guin, R. Delarze, O. Hegg, F. Kl\u00f6tzli, R. Pantke, P. Steiger &amp; P. Vittoz (2014). Un r\u00e9f\u00e9rentiel pour les associations v\u00e9g\u00e9tales de Suisse: PhytoSuissse. <em>Documents Phytosociologiques <\/em><strong>3<\/strong>: 403-411.<\/p>\n","protected":false},"excerpt":{"rendered":"<p>Switzerland has a long tradition of phytosociology, with hundreds of plant associations described for more than one century. However, these descriptions are scattered in more than 2000 publications (articles, books, unpublished reports), without available synthesis. Hence, it is difficult to attribute an observed plant community to one of the described associations. The project PhytoSuisse, led &hellip; <\/p>\n<p class=\"link-more\"><a href=\"https:\/\/wp.unil.ch\/biogeoresearch\/phytosuisse\/\" class=\"more-link\">Continuer la lecture<span class=\"screen-reader-text\"> de &laquo;&nbsp;PhytoSuisse&nbsp;&raquo;<\/span><\/a><\/p>\n","protected":false},"author":1001781,"featured_media":353,"parent":0,"menu_order":0,"comment_status":"closed","ping_status":"closed","template":"","meta":{"_seopress_robots_primary_cat":"","_seopress_titles_title":"","_seopress_titles_desc":"","_seopress_robots_index":"","footnotes":""},"class_list":["post-256","page","type-page","status-publish","has-post-thumbnail"],"_links":{"self":[{"href":"https:\/\/wp.unil.ch\/biogeoresearch\/wp-json\/wp\/v2\/pages\/256","targetHints":{"allow":["GET"]}}],"collection":[{"href":"https:\/\/wp.unil.ch\/biogeoresearch\/wp-json\/wp\/v2\/pages"}],"about":[{"href":"https:\/\/wp.unil.ch\/biogeoresearch\/wp-json\/wp\/v2\/types\/page"}],"author":[{"embeddable":true,"href":"https:\/\/wp.unil.ch\/biogeoresearch\/wp-json\/wp\/v2\/users\/1001781"}],"replies":[{"embeddable":true,"href":"https:\/\/wp.unil.ch\/biogeoresearch\/wp-json\/wp\/v2\/comments?post=256"}],"version-history":[{"count":1,"href":"https:\/\/wp.unil.ch\/biogeoresearch\/wp-json\/wp\/v2\/pages\/256\/revisions"}],"predecessor-version":[{"id":516,"href":"https:\/\/wp.unil.ch\/biogeoresearch\/wp-json\/wp\/v2\/pages\/256\/revisions\/516"}],"wp:featuredmedia":[{"embeddable":true,"href":"https:\/\/wp.unil.ch\/biogeoresearch\/wp-json\/wp\/v2\/media\/353"}],"wp:attachment":[{"href":"https:\/\/wp.unil.ch\/biogeoresearch\/wp-json\/wp\/v2\/media?parent=256"}],"curies":[{"name":"wp","href":"https:\/\/api.w.org\/{rel}","templated":true}]}}