{"id":743,"date":"2020-09-04T11:05:41","date_gmt":"2020-09-04T09:05:41","guid":{"rendered":"http:\/\/wp.unil.ch\/biodiversite\/?page_id=743"},"modified":"2020-09-04T11:05:45","modified_gmt":"2020-09-04T09:05:45","slug":"les-archives","status":"publish","type":"page","link":"https:\/\/wp.unil.ch\/biodiversite\/les-archives\/","title":{"rendered":"Les archives"},"content":{"rendered":"\n<p class=\"has-medium-font-size\"><strong>Retrouvez toute nos anciennes activit\u00e9s&#8230; <\/strong><\/p>\n\n\n<ul class=\"wp-block-latest-posts__list is-grid columns-3 aligncenter wp-block-latest-posts\"><li><div class=\"wp-block-latest-posts__featured-image\"><img loading=\"lazy\" decoding=\"async\" width=\"735\" height=\"490\" src=\"https:\/\/wp.unil.ch\/biodiversite\/files\/2020\/07\/Jeremy-Cai_Unsplash_1024x683.jpeg\" class=\"attachment-large size-large wp-post-image\" alt=\"lac rouge\" style=\"\" srcset=\"https:\/\/wp.unil.ch\/biodiversite\/files\/2020\/07\/Jeremy-Cai_Unsplash_1024x683.jpeg 1024w, https:\/\/wp.unil.ch\/biodiversite\/files\/2020\/07\/Jeremy-Cai_Unsplash_1024x683-300x200.jpeg 300w, https:\/\/wp.unil.ch\/biodiversite\/files\/2020\/07\/Jeremy-Cai_Unsplash_1024x683-768x512.jpeg 768w\" sizes=\"auto, (max-width: 735px) 100vw, 735px\" \/><\/div><a class=\"wp-block-latest-posts__post-title\" href=\"https:\/\/wp.unil.ch\/biodiversite\/sauvageons-en-ville-un-lac-qui-voit-rouge\/\">Sauvageons en ville \/\/ Un lac qui voit rouge<\/a><div class=\"wp-block-latest-posts__post-excerpt\">Mardi 25 ao\u00fbt 2020 \/\/ 18h00 \u00e0 19h30.Lac de Sauvabelin. Sur la plage de Sauvabelin, poissons rouges et crustac\u00e9s, algues vertes et joncs dress\u00e9s. On ne pr\u00e9sente plus le lac &hellip; <\/div><\/li>\n<li><div class=\"wp-block-latest-posts__featured-image\"><img loading=\"lazy\" decoding=\"async\" width=\"735\" height=\"490\" src=\"https:\/\/wp.unil.ch\/biodiversite\/files\/2020\/07\/\u00a9Julien_Leuenberger_1800_200.jpg\" class=\"attachment-large size-large wp-post-image\" alt=\"\" style=\"\" srcset=\"https:\/\/wp.unil.ch\/biodiversite\/files\/2020\/07\/\u00a9Julien_Leuenberger_1800_200.jpg 1024w, https:\/\/wp.unil.ch\/biodiversite\/files\/2020\/07\/\u00a9Julien_Leuenberger_1800_200-300x200.jpg 300w, https:\/\/wp.unil.ch\/biodiversite\/files\/2020\/07\/\u00a9Julien_Leuenberger_1800_200-768x512.jpg 768w\" sizes=\"auto, (max-width: 735px) 100vw, 735px\" \/><\/div><a class=\"wp-block-latest-posts__post-title\" href=\"https:\/\/wp.unil.ch\/biodiversite\/sauvageons-en-ville-effondrement-et-apres\/\">Sauvageons en ville \/\/ Effondrement\u2026 et apr\u00e8s ?<\/a><div class=\"wp-block-latest-posts__post-excerpt\">Mardi 22 Septembre 2020 \/\/ 18h \u00e0 19h30. Place de la Riponne, escaliers du Palais de Rumine, 1005 Lausanne. Nos villes sont-elles pr\u00eates \u00e0 y faire face ? Face aux &hellip; <\/div><\/li>\n<li><div class=\"wp-block-latest-posts__featured-image\"><img loading=\"lazy\" decoding=\"async\" width=\"735\" height=\"490\" src=\"https:\/\/wp.unil.ch\/biodiversite\/files\/2020\/07\/orties_Unsplash_1024x683.jpeg\" class=\"attachment-large size-large wp-post-image\" alt=\"\" style=\"\" srcset=\"https:\/\/wp.unil.ch\/biodiversite\/files\/2020\/07\/orties_Unsplash_1024x683.jpeg 1024w, https:\/\/wp.unil.ch\/biodiversite\/files\/2020\/07\/orties_Unsplash_1024x683-300x200.jpeg 300w, https:\/\/wp.unil.ch\/biodiversite\/files\/2020\/07\/orties_Unsplash_1024x683-768x512.jpeg 768w\" sizes=\"auto, (max-width: 735px) 100vw, 735px\" \/><\/div><a class=\"wp-block-latest-posts__post-title\" href=\"https:\/\/wp.unil.ch\/biodiversite\/sauvageons-en-ville-malherbologie-en-potager\/\">Sauvageons en ville \/\/ Malherbologie en potager<\/a><div class=\"wp-block-latest-posts__post-excerpt\">Mardi 29 Septembre 2020 \/\/ 18h \u00e0 19h30. Plantage de Florency, Chemin de Florency, Lausanne. Cultiver des mauvaises herbes ou comment arracher moins pour manger plus. Et si les mauvaises &hellip; <\/div><\/li>\n<\/ul>\n\n\n<p><\/p>\n","protected":false},"excerpt":{"rendered":"<p>Retrouvez toute nos anciennes activit\u00e9s&#8230;<\/p>\n","protected":false},"author":1801,"featured_media":0,"parent":0,"menu_order":0,"comment_status":"closed","ping_status":"closed","template":"","meta":{"_seopress_robots_primary_cat":"","_seopress_titles_title":"","_seopress_titles_desc":"","_seopress_robots_index":"","footnotes":""},"class_list":["post-743","page","type-page","status-publish"],"_links":{"self":[{"href":"https:\/\/wp.unil.ch\/biodiversite\/wp-json\/wp\/v2\/pages\/743","targetHints":{"allow":["GET"]}}],"collection":[{"href":"https:\/\/wp.unil.ch\/biodiversite\/wp-json\/wp\/v2\/pages"}],"about":[{"href":"https:\/\/wp.unil.ch\/biodiversite\/wp-json\/wp\/v2\/types\/page"}],"author":[{"embeddable":true,"href":"https:\/\/wp.unil.ch\/biodiversite\/wp-json\/wp\/v2\/users\/1801"}],"replies":[{"embeddable":true,"href":"https:\/\/wp.unil.ch\/biodiversite\/wp-json\/wp\/v2\/comments?post=743"}],"version-history":[{"count":0,"href":"https:\/\/wp.unil.ch\/biodiversite\/wp-json\/wp\/v2\/pages\/743\/revisions"}],"wp:attachment":[{"href":"https:\/\/wp.unil.ch\/biodiversite\/wp-json\/wp\/v2\/media?parent=743"}],"curies":[{"name":"wp","href":"https:\/\/api.w.org\/{rel}","templated":true}]}}