{"id":232,"date":"2020-06-19T17:20:43","date_gmt":"2020-06-19T15:20:43","guid":{"rendered":"http:\/\/wp.unil.ch\/biodiversite\/?page_id=232"},"modified":"2020-08-06T15:50:04","modified_gmt":"2020-08-06T13:50:04","slug":"foret-de-dorigny","status":"publish","type":"page","link":"https:\/\/wp.unil.ch\/biodiversite\/actions\/foret-de-dorigny\/","title":{"rendered":"La for\u00eat de Dorigny"},"content":{"rendered":"\n<h3 class=\"wp-block-heading\">La for\u00eat de Dorigny a \u00e9t\u00e9 r\u00e9am\u00e9nag\u00e9e (2014)<\/h3>\n\n\n\n<figure class=\"wp-block-embed-youtube wp-block-embed is-type-video is-provider-youtube wp-embed-aspect-16-9 wp-has-aspect-ratio\"><div class=\"wp-block-embed__wrapper\">\n<iframe loading=\"lazy\" title=\"La for\u00eat de Dorigny a \u00e9t\u00e9 r\u00e9am\u00e9nag\u00e9e\" width=\"735\" height=\"413\" src=\"https:\/\/www.youtube.com\/embed\/Z38tazsYVHQ?feature=oembed\" frameborder=\"0\" allow=\"accelerometer; autoplay; clipboard-write; encrypted-media; gyroscope; picture-in-picture; web-share\" allowfullscreen><\/iframe>\n<\/div><\/figure>\n\n\n\n<h3 class=\"wp-block-heading\">Pour en savoir + sur les sols et la biodiversit\u00e9 de la for\u00eat de Dorigny<\/h3>\n\n\n\n<p><a rel=\"noreferrer noopener\" href=\"https:\/\/wp.unil.ch\/swissoil\/biodiversite\/\" target=\"_blank\">Qui sont les habitants des sols de Dorigny ?<\/a><\/p>\n\n\n\n<p><a rel=\"noreferrer noopener\" href=\"https:\/\/wp.unil.ch\/swissoil\/les-profiles-de-sol-de-dorigny\/\" target=\"_blank\">Les sols de Dorigny<\/a><\/p>\n\n\n\n<h3 class=\"wp-block-heading\">La presse en parle&#8230;<\/h3>\n\n\n\n<p><a rel=\"noreferrer noopener\" href=\"https:\/\/www.24heures.ch\/vaud-regions\/lausanne-region\/famille-rapaces-campus-universitaire\/story\/20229850\" target=\"_blank\">Trois faucons hobereaux sont n\u00e9s dans la for\u00eat de Dorigny<\/a>. 2017, 24 heures. <\/p>\n\n\n\n<p><\/p>\n\n\n\n<p><\/p>\n","protected":false},"excerpt":{"rendered":"<p>La for\u00eat de Dorigny a \u00e9t\u00e9 r\u00e9am\u00e9nag\u00e9e (2014) Pour en savoir + sur les sols et la biodiversit\u00e9 de la for\u00eat de Dorigny Qui sont les habitants des sols de &hellip; <\/p>\n","protected":false},"author":1801,"featured_media":0,"parent":198,"menu_order":0,"comment_status":"closed","ping_status":"closed","template":"","meta":{"_seopress_robots_primary_cat":"","_seopress_titles_title":"","_seopress_titles_desc":"","_seopress_robots_index":"","footnotes":""},"class_list":["post-232","page","type-page","status-publish"],"_links":{"self":[{"href":"https:\/\/wp.unil.ch\/biodiversite\/wp-json\/wp\/v2\/pages\/232","targetHints":{"allow":["GET"]}}],"collection":[{"href":"https:\/\/wp.unil.ch\/biodiversite\/wp-json\/wp\/v2\/pages"}],"about":[{"href":"https:\/\/wp.unil.ch\/biodiversite\/wp-json\/wp\/v2\/types\/page"}],"author":[{"embeddable":true,"href":"https:\/\/wp.unil.ch\/biodiversite\/wp-json\/wp\/v2\/users\/1801"}],"replies":[{"embeddable":true,"href":"https:\/\/wp.unil.ch\/biodiversite\/wp-json\/wp\/v2\/comments?post=232"}],"version-history":[{"count":0,"href":"https:\/\/wp.unil.ch\/biodiversite\/wp-json\/wp\/v2\/pages\/232\/revisions"}],"up":[{"embeddable":true,"href":"https:\/\/wp.unil.ch\/biodiversite\/wp-json\/wp\/v2\/pages\/198"}],"wp:attachment":[{"href":"https:\/\/wp.unil.ch\/biodiversite\/wp-json\/wp\/v2\/media?parent=232"}],"curies":[{"name":"wp","href":"https:\/\/api.w.org\/{rel}","templated":true}]}}