{"id":226,"date":"2020-06-19T16:59:23","date_gmt":"2020-06-19T14:59:23","guid":{"rendered":"http:\/\/wp.unil.ch\/biodiversite\/?page_id=226"},"modified":"2023-03-05T21:19:00","modified_gmt":"2023-03-05T20:19:00","slug":"la-ferme-de-bassenges","status":"publish","type":"page","link":"https:\/\/wp.unil.ch\/biodiversite\/actions\/la-ferme-de-bassenges\/","title":{"rendered":"La Ferme de Bassenges"},"content":{"rendered":"<div class=\"wp-block-image\">\n<figure class=\"aligncenter size-large\"><img alt=\"\" loading=\"lazy\" decoding=\"async\" width=\"1024\" height=\"683\" src=\"https:\/\/wp.unil.ch\/biodiversite\/files\/2023\/03\/Equipe_ferme_Bassenges_Alain_Herzog-2048x1366_-1024x683.jpg\" alt=\"\" class=\"wp-image-1050\" srcset=\"https:\/\/wp.unil.ch\/biodiversite\/files\/2023\/03\/Equipe_ferme_Bassenges_Alain_Herzog-2048x1366_-1024x683.jpg 1024w, https:\/\/wp.unil.ch\/biodiversite\/files\/2023\/03\/Equipe_ferme_Bassenges_Alain_Herzog-2048x1366_-300x200.jpg 300w, https:\/\/wp.unil.ch\/biodiversite\/files\/2023\/03\/Equipe_ferme_Bassenges_Alain_Herzog-2048x1366_-768x512.jpg 768w, https:\/\/wp.unil.ch\/biodiversite\/files\/2023\/03\/Equipe_ferme_Bassenges_Alain_Herzog-2048x1366_-1536x1025.jpg 1536w, https:\/\/wp.unil.ch\/biodiversite\/files\/2023\/03\/Equipe_ferme_Bassenges_Alain_Herzog-2048x1366_.jpg 1799w\" sizes=\"auto, (max-width: 1024px) 100vw, 1024px\" \/><figcaption class=\"wp-element-caption\">L&rsquo;\u00e9quipe de la ferme de Bassenges \u00a9 Alain Herzog<\/figcaption><\/figure>\n<\/div>\n\n\n<p>Appliquant les principes de l\u2019agriculture biologique et biodynamique, nous projetons une agriculture diversifi\u00e9e comprenant du mara\u00eechage, de l\u2019\u00e9levage, des grandes cultures et de l\u2019arboriculture. Nous portons une attention particuli\u00e8re \u00e0 la mise en place d\u2019un \u00e9cosyst\u00e8me riche et p\u00e9renne. Comme dans un milieu sauvage, les diff\u00e9rentes cultures, les \u00e9levages, la biodiversit\u00e9 environnante se rendent service mutuellement.<\/p>\n\n\n<div class=\"wp-block-image\">\n<figure class=\"aligncenter size-large\"><img alt=\"\" loading=\"lazy\" decoding=\"async\" width=\"1024\" height=\"576\" src=\"https:\/\/wp.unil.ch\/biodiversite\/files\/2023\/03\/Maraichage_ferme_bassenges-1024x576.jpg\" alt=\"\" class=\"wp-image-1052\" srcset=\"https:\/\/wp.unil.ch\/biodiversite\/files\/2023\/03\/Maraichage_ferme_bassenges-1024x576.jpg 1024w, https:\/\/wp.unil.ch\/biodiversite\/files\/2023\/03\/Maraichage_ferme_bassenges-300x169.jpg 300w, https:\/\/wp.unil.ch\/biodiversite\/files\/2023\/03\/Maraichage_ferme_bassenges-768x432.jpg 768w, https:\/\/wp.unil.ch\/biodiversite\/files\/2023\/03\/Maraichage_ferme_bassenges-1536x864.jpg 1536w, https:\/\/wp.unil.ch\/biodiversite\/files\/2023\/03\/Maraichage_ferme_bassenges.jpg 1920w\" sizes=\"auto, (max-width: 1024px) 100vw, 1024px\" \/><\/figure>\n<\/div>\n\n\n<div class=\"wp-block-group\"><div class=\"wp-block-group__inner-container is-layout-flow wp-block-group-is-layout-flow\">\n<h5 class=\"wp-block-heading\">Pour les contacter:<\/h5>\n\n\n\n<p>Ferme de Bassenges<br>Chemin de la Raye 12<br>1024 Ecublens<\/p>\n<\/div><\/div>\n\n\n\n<p><a href=\"https:\/\/fermedebassenges.ch\/\" target=\"_blank\" rel=\"noreferrer noopener\">Le site de la ferme de Bassenges<\/a><\/p>\n\n\n\n<p><\/p>\n","protected":false},"excerpt":{"rendered":"<p>Appliquant les principes de l\u2019agriculture biologique et biodynamique, nous projetons une agriculture diversifi\u00e9e comprenant du mara\u00eechage, de l\u2019\u00e9levage, des grandes cultures et de l\u2019arboriculture. Nous portons une attention particuli\u00e8re \u00e0 &hellip; <\/p>\n","protected":false},"author":1801,"featured_media":0,"parent":198,"menu_order":0,"comment_status":"closed","ping_status":"closed","template":"","meta":{"_seopress_robots_primary_cat":"","_seopress_titles_title":"","_seopress_titles_desc":"","_seopress_robots_index":"","footnotes":""},"class_list":["post-226","page","type-page","status-publish"],"_links":{"self":[{"href":"https:\/\/wp.unil.ch\/biodiversite\/wp-json\/wp\/v2\/pages\/226","targetHints":{"allow":["GET"]}}],"collection":[{"href":"https:\/\/wp.unil.ch\/biodiversite\/wp-json\/wp\/v2\/pages"}],"about":[{"href":"https:\/\/wp.unil.ch\/biodiversite\/wp-json\/wp\/v2\/types\/page"}],"author":[{"embeddable":true,"href":"https:\/\/wp.unil.ch\/biodiversite\/wp-json\/wp\/v2\/users\/1801"}],"replies":[{"embeddable":true,"href":"https:\/\/wp.unil.ch\/biodiversite\/wp-json\/wp\/v2\/comments?post=226"}],"version-history":[{"count":0,"href":"https:\/\/wp.unil.ch\/biodiversite\/wp-json\/wp\/v2\/pages\/226\/revisions"}],"up":[{"embeddable":true,"href":"https:\/\/wp.unil.ch\/biodiversite\/wp-json\/wp\/v2\/pages\/198"}],"wp:attachment":[{"href":"https:\/\/wp.unil.ch\/biodiversite\/wp-json\/wp\/v2\/media?parent=226"}],"curies":[{"name":"wp","href":"https:\/\/api.w.org\/{rel}","templated":true}]}}