{"id":222,"date":"2020-06-19T16:46:50","date_gmt":"2020-06-19T14:46:50","guid":{"rendered":"http:\/\/wp.unil.ch\/biodiversite\/?page_id=222"},"modified":"2023-03-05T21:47:24","modified_gmt":"2023-03-05T20:47:24","slug":"plantes","status":"publish","type":"page","link":"https:\/\/wp.unil.ch\/biodiversite\/plantes\/","title":{"rendered":"Les plantes"},"content":{"rendered":"\n<p>Les inventaires floristiques ont eu lieu de f\u00e9vrier \u00e0 ao\u00fbt 2021, de mani\u00e8re \u00e0 avoir une vision globale des esp\u00e8ces pr\u00e9sentes durant une p\u00e9riode de v\u00e9g\u00e9tation compl\u00e8te. Pendant toute la dur\u00e9e du recensement, le campus a \u00e9t\u00e9 parcouru dans son ensemble afin de lister et localiser les diff\u00e9rentes esp\u00e8ces pr\u00e9sentes. L&rsquo;effort de recherche s&rsquo;est concentr\u00e9 essentiellement sur les esp\u00e8ces indig\u00e8nes et menac\u00e9es \u00e0 l&rsquo;\u00e9chelle r\u00e9gionale, celles-ci \u00e9tant alors not\u00e9es \u00e0 chaque rencontre. Les esp\u00e8ces communes ont \u00e9t\u00e9 relev\u00e9es lors de la premi\u00e8re d\u00e9couverte et n&rsquo;\u00e9taient ensuite not\u00e9es que de mani\u00e8re occasionnelle. Les esp\u00e8ces ornementales non-indig\u00e8nes n&rsquo;ont pas \u00e9t\u00e9 recens\u00e9es, sauf dans le cas o\u00f9 ces derni\u00e8res \u00e9taient retrouv\u00e9es en dehors des zones entretenues (subspontan\u00e9es ou naturalis\u00e9es).<\/p>\n\n\n\n<p>Afin de mieux conna\u00eetre la diversit\u00e9 des milieux herbac\u00e9s, 36 relev\u00e9s phytosociologiques (25 m2) ont \u00e9t\u00e9 effectu\u00e9s suivant la m\u00e9thode classique dans les prairies, p\u00e2turages et gazons.<\/p>\n\n\n\n<p>Une liste repr\u00e9sentative des esp\u00e8ces recens\u00e9es et pertinentes seront bient\u00f4t pr\u00e9snt\u00e9s sur cette page\u2026 Patience&nbsp;?<\/p>\n\n\n<ul class=\"wp-block-latest-posts__list is-grid columns-3 wp-block-latest-posts\"><li><div class=\"wp-block-latest-posts__featured-image\"><img loading=\"lazy\" decoding=\"async\" width=\"200\" height=\"200\" src=\"https:\/\/wp.unil.ch\/biodiversite\/files\/2020\/07\/LW_Erable_200.jpg\" class=\"attachment-large size-large wp-post-image\" alt=\"\" style=\"\" srcset=\"https:\/\/wp.unil.ch\/biodiversite\/files\/2020\/07\/LW_Erable_200.jpg 200w, https:\/\/wp.unil.ch\/biodiversite\/files\/2020\/07\/LW_Erable_200-150x150.jpg 150w\" sizes=\"auto, (max-width: 200px) 100vw, 200px\" \/><\/div><a class=\"wp-block-latest-posts__post-title\" href=\"https:\/\/wp.unil.ch\/biodiversite\/erable\/\">L&rsquo;\u00e9rable sycomore<\/a><div class=\"wp-block-latest-posts__post-excerpt\">Un soigneur du sol. L\u2019\u00e9rable sycomore est souvent proche des zones humides et des rivi\u00e8res. Combin\u00e9e \u00e0 un sol tr\u00e8s nutritif,sa croissance y est tr\u00e8s rapide. Son \u00e9corce cicatrise plus &hellip; <\/div><\/li>\n<li><div class=\"wp-block-latest-posts__featured-image\"><img loading=\"lazy\" decoding=\"async\" width=\"735\" height=\"666\" src=\"https:\/\/wp.unil.ch\/biodiversite\/files\/2020\/06\/LW_Chene-1024x928.jpg\" class=\"attachment-large size-large wp-post-image\" alt=\"\" style=\"\" srcset=\"https:\/\/wp.unil.ch\/biodiversite\/files\/2020\/06\/LW_Chene-1024x928.jpg 1024w, https:\/\/wp.unil.ch\/biodiversite\/files\/2020\/06\/LW_Chene-300x272.jpg 300w, https:\/\/wp.unil.ch\/biodiversite\/files\/2020\/06\/LW_Chene-768x696.jpg 768w, https:\/\/wp.unil.ch\/biodiversite\/files\/2020\/06\/LW_Chene.jpg 1324w\" sizes=\"auto, (max-width: 735px) 100vw, 735px\" \/><\/div><a class=\"wp-block-latest-posts__post-title\" href=\"https:\/\/wp.unil.ch\/biodiversite\/le-chene\/\">Le ch\u00eane<\/a><div class=\"wp-block-latest-posts__post-excerpt\">Un symbole de force vitale. Le ch\u00eane s\u2019installe l\u00e0 o\u00f9 le soleil est abondant. Mais il est avant tout un prodige de la nature.Avec ses racines profondes et robustes, son &hellip; <\/div><\/li>\n<li><div class=\"wp-block-latest-posts__featured-image\"><img loading=\"lazy\" decoding=\"async\" width=\"400\" height=\"267\" src=\"https:\/\/wp.unil.ch\/biodiversite\/files\/2020\/08\/COM-FOT-25848_Fabrice_Ducrest_UNIL.jpg\" class=\"attachment-large size-large wp-post-image\" alt=\"\" style=\"\" srcset=\"https:\/\/wp.unil.ch\/biodiversite\/files\/2020\/08\/COM-FOT-25848_Fabrice_Ducrest_UNIL.jpg 400w, https:\/\/wp.unil.ch\/biodiversite\/files\/2020\/08\/COM-FOT-25848_Fabrice_Ducrest_UNIL-300x200.jpg 300w\" sizes=\"auto, (max-width: 400px) 100vw, 400px\" \/><\/div><a class=\"wp-block-latest-posts__post-title\" href=\"https:\/\/wp.unil.ch\/biodiversite\/orchidees\/\">Les orchid\u00e9es<\/a><div class=\"wp-block-latest-posts__post-excerpt\">Belles des prairies, des for\u00eats, mais aussi des marais, des villes et du campus ! Orchis singe L&rsquo;Orchis singe, ou Orchis simia de son nom latin, est une plante herbac\u00e9e &hellip; <\/div><\/li>\n<\/ul>\n\n\n<h4 class=\"wp-block-heading\">Le GPS est dans le pr\u00e9<\/h4>\n\n\n\n<p>Cog\u00e9r\u00e9 par le responsable des parcs et jardins \u00e0 Unibat Patrick Arnold, le projet permet d\u2019assurer un suivi et un historique pr\u00e9cis du parc arboricole.<\/p>\n\n\n\n<div class=\"wp-block-columns is-layout-flex wp-container-core-columns-is-layout-9d6595d7 wp-block-columns-is-layout-flex\">\n<div class=\"wp-block-column is-layout-flow wp-block-column-is-layout-flow\" style=\"flex-basis:50%\"><div class=\"wp-block-image\">\n<figure class=\"aligncenter size-full\"><img alt=\"\" loading=\"lazy\" decoding=\"async\" width=\"400\" height=\"267\" src=\"https:\/\/wp.unil.ch\/biodiversite\/files\/2020\/08\/COM-FOT-20671_Fabrice_Ducrest_UNIL.jpg\" alt=\"\" class=\"wp-image-606\" srcset=\"https:\/\/wp.unil.ch\/biodiversite\/files\/2020\/08\/COM-FOT-20671_Fabrice_Ducrest_UNIL.jpg 400w, https:\/\/wp.unil.ch\/biodiversite\/files\/2020\/08\/COM-FOT-20671_Fabrice_Ducrest_UNIL-300x200.jpg 300w\" sizes=\"auto, (max-width: 400px) 100vw, 400px\" \/><figcaption class=\"wp-element-caption\">Le responsable des parcs et jardins, Patrick Arnold,\nmesure le diam\u00e8tre d\u2019un bouleau. Fabrice Ducrest \u00a9 UNIL<\/figcaption><\/figure>\n<\/div><\/div>\n\n\n\n<div class=\"wp-block-column is-layout-flow wp-block-column-is-layout-flow\" style=\"flex-basis:50%\">\n<p>Un inventaire des v\u00e9g\u00e9taux du campus a d\u00e9but\u00e9 en 2016 par le service des b\u00e2timents et travaux (Unibat). Ce projet de longue haleine s\u2019inscrit dans la continuit\u00e9 des nombreuses mesures mises en place pour g\u00e9rer les espaces verts de mani\u00e8re durable. <\/p>\n\n\n\n<p><a rel=\"noreferrer noopener\" href=\"https:\/\/wp.unil.ch\/biodiversite\/files\/2020\/08\/2016_Uniscope_616_partiel.pdf\" target=\"_blank\">En savoir +<\/a><\/p>\n<\/div>\n<\/div>\n\n\n<p class=\"wp-block-tag-cloud\"><a href=\"https:\/\/wp.unil.ch\/biodiversite\/tag\/adn\/\" class=\"tag-cloud-link tag-link-38 tag-link-position-1\" style=\"font-size: 8pt;\" aria-label=\"ADN (1 \u00e9l\u00e9ment)\">ADN<\/a>\n<a href=\"https:\/\/wp.unil.ch\/biodiversite\/tag\/amphibien\/\" class=\"tag-cloud-link tag-link-35 tag-link-position-2\" style=\"font-size: 8pt;\" aria-label=\"amphibien (1 \u00e9l\u00e9ment)\">amphibien<\/a>\n<a href=\"https:\/\/wp.unil.ch\/biodiversite\/tag\/aquatique\/\" class=\"tag-cloud-link tag-link-11 tag-link-position-3\" style=\"font-size: 13.045045045045pt;\" aria-label=\"aquatique (4 \u00e9l\u00e9ments)\">aquatique<\/a>\n<a href=\"https:\/\/wp.unil.ch\/biodiversite\/tag\/arbre\/\" class=\"tag-cloud-link tag-link-28 tag-link-position-4\" style=\"font-size: 10.27027027027pt;\" aria-label=\"arbre (2 \u00e9l\u00e9ments)\">arbre<\/a>\n<a href=\"https:\/\/wp.unil.ch\/biodiversite\/tag\/castor\/\" class=\"tag-cloud-link tag-link-9 tag-link-position-5\" style=\"font-size: 8pt;\" aria-label=\"castor (1 \u00e9l\u00e9ment)\">castor<\/a>\n<a href=\"https:\/\/wp.unil.ch\/biodiversite\/tag\/chauve-souris\/\" class=\"tag-cloud-link tag-link-19 tag-link-position-6\" style=\"font-size: 8pt;\" aria-label=\"chauve-souris (1 \u00e9l\u00e9ment)\">chauve-souris<\/a>\n<a href=\"https:\/\/wp.unil.ch\/biodiversite\/tag\/climat\/\" class=\"tag-cloud-link tag-link-32 tag-link-position-7\" style=\"font-size: 8pt;\" aria-label=\"climat (1 \u00e9l\u00e9ment)\">climat<\/a>\n<a href=\"https:\/\/wp.unil.ch\/biodiversite\/tag\/espece-ptotegee\/\" class=\"tag-cloud-link tag-link-39 tag-link-position-8\" style=\"font-size: 8pt;\" aria-label=\"esp\u00e8ce ptot\u00e9g\u00e9e (1 \u00e9l\u00e9ment)\">esp\u00e8ce ptot\u00e9g\u00e9e<\/a>\n<a href=\"https:\/\/wp.unil.ch\/biodiversite\/tag\/feuillu\/\" class=\"tag-cloud-link tag-link-27 tag-link-position-9\" style=\"font-size: 10.27027027027pt;\" aria-label=\"feuillu (2 \u00e9l\u00e9ments)\">feuillu<\/a>\n<a href=\"https:\/\/wp.unil.ch\/biodiversite\/tag\/fleurs\/\" class=\"tag-cloud-link tag-link-45 tag-link-position-10\" style=\"font-size: 8pt;\" aria-label=\"fleurs (1 \u00e9l\u00e9ment)\">fleurs<\/a>\n<a href=\"https:\/\/wp.unil.ch\/biodiversite\/tag\/foret\/\" class=\"tag-cloud-link tag-link-41 tag-link-position-11\" style=\"font-size: 10.27027027027pt;\" aria-label=\"for\u00eat (2 \u00e9l\u00e9ments)\">for\u00eat<\/a>\n<a href=\"https:\/\/wp.unil.ch\/biodiversite\/tag\/fourmi\/\" class=\"tag-cloud-link tag-link-43 tag-link-position-12\" style=\"font-size: 10.27027027027pt;\" aria-label=\"fourmi (2 \u00e9l\u00e9ments)\">fourmi<\/a>\n<a href=\"https:\/\/wp.unil.ch\/biodiversite\/tag\/insecte\/\" class=\"tag-cloud-link tag-link-24 tag-link-position-13\" style=\"font-size: 11.783783783784pt;\" aria-label=\"insecte (3 \u00e9l\u00e9ments)\">insecte<\/a>\n<a href=\"https:\/\/wp.unil.ch\/biodiversite\/tag\/invertebre\/\" class=\"tag-cloud-link tag-link-37 tag-link-position-14\" style=\"font-size: 8pt;\" aria-label=\"invert\u00e9br\u00e9 (1 \u00e9l\u00e9ment)\">invert\u00e9br\u00e9<\/a>\n<a href=\"https:\/\/wp.unil.ch\/biodiversite\/tag\/loup\/\" class=\"tag-cloud-link tag-link-44 tag-link-position-15\" style=\"font-size: 8pt;\" aria-label=\"loup (1 \u00e9l\u00e9ment)\">loup<\/a>\n<a href=\"https:\/\/wp.unil.ch\/biodiversite\/tag\/mammifere-2\/\" class=\"tag-cloud-link tag-link-20 tag-link-position-16\" style=\"font-size: 15.567567567568pt;\" aria-label=\"mammif\u00e8re (7 \u00e9l\u00e9ments)\">mammif\u00e8re<\/a>\n<a href=\"https:\/\/wp.unil.ch\/biodiversite\/tag\/migrateur\/\" class=\"tag-cloud-link tag-link-7 tag-link-position-17\" style=\"font-size: 8pt;\" aria-label=\"migrateur (1 \u00e9l\u00e9ment)\">migrateur<\/a>\n<a href=\"https:\/\/wp.unil.ch\/biodiversite\/tag\/milan-noir\/\" class=\"tag-cloud-link tag-link-3 tag-link-position-18\" style=\"font-size: 8pt;\" aria-label=\"milan noir (1 \u00e9l\u00e9ment)\">milan noir<\/a>\n<a href=\"https:\/\/wp.unil.ch\/biodiversite\/tag\/nocturne\/\" class=\"tag-cloud-link tag-link-12 tag-link-position-19\" style=\"font-size: 8pt;\" aria-label=\"nocturne (1 \u00e9l\u00e9ment)\">nocturne<\/a>\n<a href=\"https:\/\/wp.unil.ch\/biodiversite\/tag\/oiseau\/\" class=\"tag-cloud-link tag-link-17 tag-link-position-20\" style=\"font-size: 22pt;\" aria-label=\"oiseau (25 \u00e9l\u00e9ments)\">oiseau<\/a>\n<a href=\"https:\/\/wp.unil.ch\/biodiversite\/tag\/orchidees\/\" class=\"tag-cloud-link tag-link-46 tag-link-position-21\" style=\"font-size: 8pt;\" aria-label=\"orchid\u00e9es (1 \u00e9l\u00e9ment)\">orchid\u00e9es<\/a>\n<a href=\"https:\/\/wp.unil.ch\/biodiversite\/tag\/plante\/\" class=\"tag-cloud-link tag-link-13 tag-link-position-22\" style=\"font-size: 10.27027027027pt;\" aria-label=\"plante (2 \u00e9l\u00e9ments)\">plante<\/a>\n<a href=\"https:\/\/wp.unil.ch\/biodiversite\/tag\/poisson\/\" class=\"tag-cloud-link tag-link-34 tag-link-position-23\" style=\"font-size: 8pt;\" aria-label=\"poisson (1 \u00e9l\u00e9ment)\">poisson<\/a>\n<a href=\"https:\/\/wp.unil.ch\/biodiversite\/tag\/potager\/\" class=\"tag-cloud-link tag-link-33 tag-link-position-24\" style=\"font-size: 8pt;\" aria-label=\"potager (1 \u00e9l\u00e9ment)\">potager<\/a>\n<a href=\"https:\/\/wp.unil.ch\/biodiversite\/tag\/rapace\/\" class=\"tag-cloud-link tag-link-6 tag-link-position-25\" style=\"font-size: 8pt;\" aria-label=\"rapace (1 \u00e9l\u00e9ment)\">rapace<\/a>\n<a href=\"https:\/\/wp.unil.ch\/biodiversite\/tag\/recheche\/\" class=\"tag-cloud-link tag-link-47 tag-link-position-26\" style=\"font-size: 8pt;\" aria-label=\"recheche (1 \u00e9l\u00e9ment)\">recheche<\/a>\n<a href=\"https:\/\/wp.unil.ch\/biodiversite\/tag\/rongeur\/\" class=\"tag-cloud-link tag-link-16 tag-link-position-27\" style=\"font-size: 8pt;\" aria-label=\"rongeur (1 \u00e9l\u00e9ment)\">rongeur<\/a>\n<a href=\"https:\/\/wp.unil.ch\/biodiversite\/tag\/sauvageons\/\" class=\"tag-cloud-link tag-link-31 tag-link-position-28\" style=\"font-size: 11.783783783784pt;\" aria-label=\"sauvageons (3 \u00e9l\u00e9ments)\">sauvageons<\/a>\n<a href=\"https:\/\/wp.unil.ch\/biodiversite\/tag\/sols\/\" class=\"tag-cloud-link tag-link-40 tag-link-position-29\" style=\"font-size: 11.783783783784pt;\" aria-label=\"sols (3 \u00e9l\u00e9ments)\">sols<\/a><\/p>\n\n\n<p><\/p>\n","protected":false},"excerpt":{"rendered":"<p>Les inventaires floristiques ont eu lieu de f\u00e9vrier \u00e0 ao\u00fbt 2021, de mani\u00e8re \u00e0 avoir une vision globale des esp\u00e8ces pr\u00e9sentes durant une p\u00e9riode de v\u00e9g\u00e9tation compl\u00e8te. Pendant toute la &hellip; <\/p>\n","protected":false},"author":1801,"featured_media":0,"parent":0,"menu_order":0,"comment_status":"closed","ping_status":"closed","template":"","meta":{"_seopress_robots_primary_cat":"","_seopress_titles_title":"","_seopress_titles_desc":"","_seopress_robots_index":"","footnotes":""},"class_list":["post-222","page","type-page","status-publish"],"_links":{"self":[{"href":"https:\/\/wp.unil.ch\/biodiversite\/wp-json\/wp\/v2\/pages\/222","targetHints":{"allow":["GET"]}}],"collection":[{"href":"https:\/\/wp.unil.ch\/biodiversite\/wp-json\/wp\/v2\/pages"}],"about":[{"href":"https:\/\/wp.unil.ch\/biodiversite\/wp-json\/wp\/v2\/types\/page"}],"author":[{"embeddable":true,"href":"https:\/\/wp.unil.ch\/biodiversite\/wp-json\/wp\/v2\/users\/1801"}],"replies":[{"embeddable":true,"href":"https:\/\/wp.unil.ch\/biodiversite\/wp-json\/wp\/v2\/comments?post=222"}],"version-history":[{"count":0,"href":"https:\/\/wp.unil.ch\/biodiversite\/wp-json\/wp\/v2\/pages\/222\/revisions"}],"wp:attachment":[{"href":"https:\/\/wp.unil.ch\/biodiversite\/wp-json\/wp\/v2\/media?parent=222"}],"curies":[{"name":"wp","href":"https:\/\/api.w.org\/{rel}","templated":true}]}}