{"id":219,"date":"2020-06-19T16:45:59","date_gmt":"2020-06-19T14:45:59","guid":{"rendered":"http:\/\/wp.unil.ch\/biodiversite\/?page_id=219"},"modified":"2023-03-06T18:10:27","modified_gmt":"2023-03-06T17:10:27","slug":"mammiferes","status":"publish","type":"page","link":"https:\/\/wp.unil.ch\/biodiversite\/mammiferes\/","title":{"rendered":"Les mammif\u00e8res"},"content":{"rendered":"\n<p><\/p>\n\n\n<ul class=\"wp-block-latest-posts__list is-grid columns-3 wp-block-latest-posts\"><li><div class=\"wp-block-latest-posts__featured-image aligncenter\"><img loading=\"lazy\" decoding=\"async\" width=\"300\" height=\"200\" src=\"https:\/\/wp.unil.ch\/biodiversite\/files\/2023\/03\/Noctule-commune_600_Marc-Bastardot-300x200.jpg\" class=\"attachment-medium size-medium wp-post-image\" alt=\"\" style=\"\" srcset=\"https:\/\/wp.unil.ch\/biodiversite\/files\/2023\/03\/Noctule-commune_600_Marc-Bastardot-300x200.jpg 300w, https:\/\/wp.unil.ch\/biodiversite\/files\/2023\/03\/Noctule-commune_600_Marc-Bastardot.jpg 600w\" sizes=\"auto, (max-width: 300px) 100vw, 300px\" \/><\/div><a class=\"wp-block-latest-posts__post-title\" href=\"https:\/\/wp.unil.ch\/biodiversite\/la-noctule-commune\/\">La noctule commune<\/a><div class=\"wp-block-latest-posts__post-excerpt\">La noctule commune est consid\u00e9r\u00e9e comme un grand chiropt\u00e8re en Europe, avec une taille entre 6-9 cm pour une envergure de 32-45cm. Son pelage sur le dos est brun-roux et &hellip; <\/div><\/li>\n<li><div class=\"wp-block-latest-posts__featured-image aligncenter\"><img loading=\"lazy\" decoding=\"async\" width=\"300\" height=\"200\" src=\"https:\/\/wp.unil.ch\/biodiversite\/files\/2023\/03\/Pipistrelle-commune_600_Marc-Bastardot-300x200.jpg\" class=\"attachment-medium size-medium wp-post-image\" alt=\"\" style=\"\" srcset=\"https:\/\/wp.unil.ch\/biodiversite\/files\/2023\/03\/Pipistrelle-commune_600_Marc-Bastardot-300x200.jpg 300w, https:\/\/wp.unil.ch\/biodiversite\/files\/2023\/03\/Pipistrelle-commune_600_Marc-Bastardot.jpg 600w\" sizes=\"auto, (max-width: 300px) 100vw, 300px\" \/><\/div><a class=\"wp-block-latest-posts__post-title\" href=\"https:\/\/wp.unil.ch\/biodiversite\/la-pipistrelle-commune\/\">La pipistrelle commune et la pygm\u00e9e<\/a><div class=\"wp-block-latest-posts__post-excerpt\">La pipistrelle commune est l\u2019une des plus petites chauves-souris qui existe en Europe avec une taille de 3.5 \u00e0 5cm, soit pas beaucoup plus grosse qu\u2019un pouce. Le pelage de &hellip; <\/div><\/li>\n<li><div class=\"wp-block-latest-posts__featured-image aligncenter\"><img loading=\"lazy\" decoding=\"async\" width=\"300\" height=\"200\" src=\"https:\/\/wp.unil.ch\/biodiversite\/files\/2023\/03\/Serotine-Nilsson_600_Marc-Bastardot-300x200.jpg\" class=\"attachment-medium size-medium wp-post-image\" alt=\"\" style=\"\" srcset=\"https:\/\/wp.unil.ch\/biodiversite\/files\/2023\/03\/Serotine-Nilsson_600_Marc-Bastardot-300x200.jpg 300w, https:\/\/wp.unil.ch\/biodiversite\/files\/2023\/03\/Serotine-Nilsson_600_Marc-Bastardot.jpg 600w\" sizes=\"auto, (max-width: 300px) 100vw, 300px\" \/><\/div><a class=\"wp-block-latest-posts__post-title\" href=\"https:\/\/wp.unil.ch\/biodiversite\/la-serotine-de-nilsson\/\">La s\u00e9rotine de Nilsson<\/a><div class=\"wp-block-latest-posts__post-excerpt\">Une chauve-souris polaire. La s\u00e9rotine de Nilsson est une chauve-souris au pelage assez long, brun fonc\u00e9 et brillant sur le dos et plus clair sur le ventre. Au niveau de &hellip; <\/div><\/li>\n<li><div class=\"wp-block-latest-posts__featured-image aligncenter\"><img loading=\"lazy\" decoding=\"async\" width=\"300\" height=\"232\" src=\"https:\/\/wp.unil.ch\/biodiversite\/files\/2020\/06\/LW_Castor-300x232.jpg\" class=\"attachment-medium size-medium wp-post-image\" alt=\"\" style=\"\" srcset=\"https:\/\/wp.unil.ch\/biodiversite\/files\/2020\/06\/LW_Castor-300x232.jpg 300w, https:\/\/wp.unil.ch\/biodiversite\/files\/2020\/06\/LW_Castor.jpg 527w\" sizes=\"auto, (max-width: 300px) 100vw, 300px\" \/><\/div><a class=\"wp-block-latest-posts__post-title\" href=\"https:\/\/wp.unil.ch\/biodiversite\/le-castor\/\">Le castor<\/a><div class=\"wp-block-latest-posts__post-excerpt\">Un grand b\u00e2tisseur de nos rivi\u00e8res Avec un poids entre 15 et 38 kg et une taille entre 80 et 120 cm, le castor est le rongeur le plus imposant &hellip; <\/div><\/li>\n<li><div class=\"wp-block-latest-posts__featured-image aligncenter\"><img loading=\"lazy\" decoding=\"async\" width=\"300\" height=\"200\" src=\"https:\/\/wp.unil.ch\/biodiversite\/files\/2020\/06\/LW_Herisson-300x200.jpg\" class=\"attachment-medium size-medium wp-post-image\" alt=\"\" style=\"\" srcset=\"https:\/\/wp.unil.ch\/biodiversite\/files\/2020\/06\/LW_Herisson-300x200.jpg 300w, https:\/\/wp.unil.ch\/biodiversite\/files\/2020\/06\/LW_Herisson-1024x681.jpg 1024w, https:\/\/wp.unil.ch\/biodiversite\/files\/2020\/06\/LW_Herisson-768x511.jpg 768w, https:\/\/wp.unil.ch\/biodiversite\/files\/2020\/06\/LW_Herisson.jpg 1493w\" sizes=\"auto, (max-width: 300px) 100vw, 300px\" \/><\/div><a class=\"wp-block-latest-posts__post-title\" href=\"https:\/\/wp.unil.ch\/biodiversite\/le-herisson\/\">Le h\u00e9risson<\/a><div class=\"wp-block-latest-posts__post-excerpt\">Un pr\u00e9dateur peu discretLe h\u00e9risson est un animal semi-nocturne. Il sort \u00e0 la tomb\u00e9e de la nuit pour chercher sa nourriturecompos\u00e9e d\u2019insectes, de vers, d\u2019escargots, de limaces et de fruits. &hellip; <\/div><\/li>\n<li><div class=\"wp-block-latest-posts__featured-image aligncenter\"><img loading=\"lazy\" decoding=\"async\" width=\"300\" height=\"200\" src=\"https:\/\/wp.unil.ch\/biodiversite\/files\/2023\/03\/Murin-Daubenton_600_Marc-Bastardot-300x200.jpg\" class=\"attachment-medium size-medium wp-post-image\" alt=\"\" style=\"\" srcset=\"https:\/\/wp.unil.ch\/biodiversite\/files\/2023\/03\/Murin-Daubenton_600_Marc-Bastardot-300x200.jpg 300w, https:\/\/wp.unil.ch\/biodiversite\/files\/2023\/03\/Murin-Daubenton_600_Marc-Bastardot.jpg 600w\" sizes=\"auto, (max-width: 300px) 100vw, 300px\" \/><\/div><a class=\"wp-block-latest-posts__post-title\" href=\"https:\/\/wp.unil.ch\/biodiversite\/le-murin-de-daubenton\/\">Le murin de Daubenton<\/a><div class=\"wp-block-latest-posts__post-excerpt\">Un anti-moustique naturel de nos bois ! Le murin de Daubenton est une chauve-souris au pelage court, marron-roux sur le dos et gris-blanc sur le ventre. Il p\u00e8se entre 6 &hellip; <\/div><\/li>\n<li><div class=\"wp-block-latest-posts__featured-image aligncenter\"><img loading=\"lazy\" decoding=\"async\" width=\"261\" height=\"300\" src=\"https:\/\/wp.unil.ch\/biodiversite\/files\/2020\/06\/LW_Muscardin-261x300.jpg\" class=\"attachment-medium size-medium wp-post-image\" alt=\"\" style=\"\" srcset=\"https:\/\/wp.unil.ch\/biodiversite\/files\/2020\/06\/LW_Muscardin-261x300.jpg 261w, https:\/\/wp.unil.ch\/biodiversite\/files\/2020\/06\/LW_Muscardin-892x1024.jpg 892w, https:\/\/wp.unil.ch\/biodiversite\/files\/2020\/06\/LW_Muscardin-768x881.jpg 768w, https:\/\/wp.unil.ch\/biodiversite\/files\/2020\/06\/LW_Muscardin.jpg 977w\" sizes=\"auto, (max-width: 261px) 100vw, 261px\" \/><\/div><a class=\"wp-block-latest-posts__post-title\" href=\"https:\/\/wp.unil.ch\/biodiversite\/le-muscardin\/\">Le muscardin<\/a><div class=\"wp-block-latest-posts__post-excerpt\">Un petit rongeur astucieux Le muscardin est un rongeur nocturne au pelage roux. Il poss\u00e8de une queue touffue et de grands yeux noirs. Son mode de vie est arboricole. Il &hellip; <\/div><\/li>\n<\/ul>\n\n<p class=\"wp-block-tag-cloud\"><a href=\"https:\/\/wp.unil.ch\/biodiversite\/tag\/adn\/\" class=\"tag-cloud-link tag-link-38 tag-link-position-1\" style=\"font-size: 8pt;\" aria-label=\"ADN (1 \u00e9l\u00e9ment)\">ADN<\/a>\n<a href=\"https:\/\/wp.unil.ch\/biodiversite\/tag\/amphibien\/\" class=\"tag-cloud-link tag-link-35 tag-link-position-2\" style=\"font-size: 8pt;\" aria-label=\"amphibien (1 \u00e9l\u00e9ment)\">amphibien<\/a>\n<a href=\"https:\/\/wp.unil.ch\/biodiversite\/tag\/aquatique\/\" class=\"tag-cloud-link tag-link-11 tag-link-position-3\" style=\"font-size: 13.045045045045pt;\" aria-label=\"aquatique (4 \u00e9l\u00e9ments)\">aquatique<\/a>\n<a href=\"https:\/\/wp.unil.ch\/biodiversite\/tag\/arbre\/\" class=\"tag-cloud-link tag-link-28 tag-link-position-4\" style=\"font-size: 10.27027027027pt;\" aria-label=\"arbre (2 \u00e9l\u00e9ments)\">arbre<\/a>\n<a href=\"https:\/\/wp.unil.ch\/biodiversite\/tag\/castor\/\" class=\"tag-cloud-link tag-link-9 tag-link-position-5\" style=\"font-size: 8pt;\" aria-label=\"castor (1 \u00e9l\u00e9ment)\">castor<\/a>\n<a href=\"https:\/\/wp.unil.ch\/biodiversite\/tag\/chauve-souris\/\" class=\"tag-cloud-link tag-link-19 tag-link-position-6\" style=\"font-size: 8pt;\" aria-label=\"chauve-souris (1 \u00e9l\u00e9ment)\">chauve-souris<\/a>\n<a href=\"https:\/\/wp.unil.ch\/biodiversite\/tag\/climat\/\" class=\"tag-cloud-link tag-link-32 tag-link-position-7\" style=\"font-size: 8pt;\" aria-label=\"climat (1 \u00e9l\u00e9ment)\">climat<\/a>\n<a href=\"https:\/\/wp.unil.ch\/biodiversite\/tag\/espece-ptotegee\/\" class=\"tag-cloud-link tag-link-39 tag-link-position-8\" style=\"font-size: 8pt;\" aria-label=\"esp\u00e8ce ptot\u00e9g\u00e9e (1 \u00e9l\u00e9ment)\">esp\u00e8ce ptot\u00e9g\u00e9e<\/a>\n<a href=\"https:\/\/wp.unil.ch\/biodiversite\/tag\/feuillu\/\" class=\"tag-cloud-link tag-link-27 tag-link-position-9\" style=\"font-size: 10.27027027027pt;\" aria-label=\"feuillu (2 \u00e9l\u00e9ments)\">feuillu<\/a>\n<a href=\"https:\/\/wp.unil.ch\/biodiversite\/tag\/fleurs\/\" class=\"tag-cloud-link tag-link-45 tag-link-position-10\" style=\"font-size: 8pt;\" aria-label=\"fleurs (1 \u00e9l\u00e9ment)\">fleurs<\/a>\n<a href=\"https:\/\/wp.unil.ch\/biodiversite\/tag\/foret\/\" class=\"tag-cloud-link tag-link-41 tag-link-position-11\" style=\"font-size: 10.27027027027pt;\" aria-label=\"for\u00eat (2 \u00e9l\u00e9ments)\">for\u00eat<\/a>\n<a href=\"https:\/\/wp.unil.ch\/biodiversite\/tag\/fourmi\/\" class=\"tag-cloud-link tag-link-43 tag-link-position-12\" style=\"font-size: 10.27027027027pt;\" aria-label=\"fourmi (2 \u00e9l\u00e9ments)\">fourmi<\/a>\n<a href=\"https:\/\/wp.unil.ch\/biodiversite\/tag\/insecte\/\" class=\"tag-cloud-link tag-link-24 tag-link-position-13\" style=\"font-size: 11.783783783784pt;\" aria-label=\"insecte (3 \u00e9l\u00e9ments)\">insecte<\/a>\n<a href=\"https:\/\/wp.unil.ch\/biodiversite\/tag\/invertebre\/\" class=\"tag-cloud-link tag-link-37 tag-link-position-14\" style=\"font-size: 8pt;\" aria-label=\"invert\u00e9br\u00e9 (1 \u00e9l\u00e9ment)\">invert\u00e9br\u00e9<\/a>\n<a href=\"https:\/\/wp.unil.ch\/biodiversite\/tag\/loup\/\" class=\"tag-cloud-link tag-link-44 tag-link-position-15\" style=\"font-size: 8pt;\" aria-label=\"loup (1 \u00e9l\u00e9ment)\">loup<\/a>\n<a href=\"https:\/\/wp.unil.ch\/biodiversite\/tag\/mammifere-2\/\" class=\"tag-cloud-link tag-link-20 tag-link-position-16\" style=\"font-size: 15.567567567568pt;\" aria-label=\"mammif\u00e8re (7 \u00e9l\u00e9ments)\">mammif\u00e8re<\/a>\n<a href=\"https:\/\/wp.unil.ch\/biodiversite\/tag\/migrateur\/\" class=\"tag-cloud-link tag-link-7 tag-link-position-17\" style=\"font-size: 8pt;\" aria-label=\"migrateur (1 \u00e9l\u00e9ment)\">migrateur<\/a>\n<a href=\"https:\/\/wp.unil.ch\/biodiversite\/tag\/milan-noir\/\" class=\"tag-cloud-link tag-link-3 tag-link-position-18\" style=\"font-size: 8pt;\" aria-label=\"milan noir (1 \u00e9l\u00e9ment)\">milan noir<\/a>\n<a href=\"https:\/\/wp.unil.ch\/biodiversite\/tag\/nocturne\/\" class=\"tag-cloud-link tag-link-12 tag-link-position-19\" style=\"font-size: 8pt;\" aria-label=\"nocturne (1 \u00e9l\u00e9ment)\">nocturne<\/a>\n<a href=\"https:\/\/wp.unil.ch\/biodiversite\/tag\/oiseau\/\" class=\"tag-cloud-link tag-link-17 tag-link-position-20\" style=\"font-size: 22pt;\" aria-label=\"oiseau (25 \u00e9l\u00e9ments)\">oiseau<\/a>\n<a href=\"https:\/\/wp.unil.ch\/biodiversite\/tag\/orchidees\/\" class=\"tag-cloud-link tag-link-46 tag-link-position-21\" style=\"font-size: 8pt;\" aria-label=\"orchid\u00e9es (1 \u00e9l\u00e9ment)\">orchid\u00e9es<\/a>\n<a href=\"https:\/\/wp.unil.ch\/biodiversite\/tag\/plante\/\" class=\"tag-cloud-link tag-link-13 tag-link-position-22\" style=\"font-size: 10.27027027027pt;\" aria-label=\"plante (2 \u00e9l\u00e9ments)\">plante<\/a>\n<a href=\"https:\/\/wp.unil.ch\/biodiversite\/tag\/poisson\/\" class=\"tag-cloud-link tag-link-34 tag-link-position-23\" style=\"font-size: 8pt;\" aria-label=\"poisson (1 \u00e9l\u00e9ment)\">poisson<\/a>\n<a href=\"https:\/\/wp.unil.ch\/biodiversite\/tag\/potager\/\" class=\"tag-cloud-link tag-link-33 tag-link-position-24\" style=\"font-size: 8pt;\" aria-label=\"potager (1 \u00e9l\u00e9ment)\">potager<\/a>\n<a href=\"https:\/\/wp.unil.ch\/biodiversite\/tag\/rapace\/\" class=\"tag-cloud-link tag-link-6 tag-link-position-25\" style=\"font-size: 8pt;\" aria-label=\"rapace (1 \u00e9l\u00e9ment)\">rapace<\/a>\n<a href=\"https:\/\/wp.unil.ch\/biodiversite\/tag\/recheche\/\" class=\"tag-cloud-link tag-link-47 tag-link-position-26\" style=\"font-size: 8pt;\" aria-label=\"recheche (1 \u00e9l\u00e9ment)\">recheche<\/a>\n<a href=\"https:\/\/wp.unil.ch\/biodiversite\/tag\/rongeur\/\" class=\"tag-cloud-link tag-link-16 tag-link-position-27\" style=\"font-size: 8pt;\" aria-label=\"rongeur (1 \u00e9l\u00e9ment)\">rongeur<\/a>\n<a href=\"https:\/\/wp.unil.ch\/biodiversite\/tag\/sauvageons\/\" class=\"tag-cloud-link tag-link-31 tag-link-position-28\" style=\"font-size: 11.783783783784pt;\" aria-label=\"sauvageons (3 \u00e9l\u00e9ments)\">sauvageons<\/a>\n<a href=\"https:\/\/wp.unil.ch\/biodiversite\/tag\/sols\/\" class=\"tag-cloud-link tag-link-40 tag-link-position-29\" style=\"font-size: 11.783783783784pt;\" aria-label=\"sols (3 \u00e9l\u00e9ments)\">sols<\/a><\/p>","protected":false},"excerpt":{"rendered":"","protected":false},"author":1801,"featured_media":0,"parent":0,"menu_order":0,"comment_status":"closed","ping_status":"closed","template":"","meta":{"_seopress_robots_primary_cat":"","_seopress_titles_title":"","_seopress_titles_desc":"","_seopress_robots_index":"","footnotes":""},"class_list":["post-219","page","type-page","status-publish"],"_links":{"self":[{"href":"https:\/\/wp.unil.ch\/biodiversite\/wp-json\/wp\/v2\/pages\/219","targetHints":{"allow":["GET"]}}],"collection":[{"href":"https:\/\/wp.unil.ch\/biodiversite\/wp-json\/wp\/v2\/pages"}],"about":[{"href":"https:\/\/wp.unil.ch\/biodiversite\/wp-json\/wp\/v2\/types\/page"}],"author":[{"embeddable":true,"href":"https:\/\/wp.unil.ch\/biodiversite\/wp-json\/wp\/v2\/users\/1801"}],"replies":[{"embeddable":true,"href":"https:\/\/wp.unil.ch\/biodiversite\/wp-json\/wp\/v2\/comments?post=219"}],"version-history":[{"count":0,"href":"https:\/\/wp.unil.ch\/biodiversite\/wp-json\/wp\/v2\/pages\/219\/revisions"}],"wp:attachment":[{"href":"https:\/\/wp.unil.ch\/biodiversite\/wp-json\/wp\/v2\/media?parent=219"}],"curies":[{"name":"wp","href":"https:\/\/api.w.org\/{rel}","templated":true}]}}