{"id":350,"date":"2020-02-04T11:16:51","date_gmt":"2020-02-04T10:16:51","guid":{"rendered":"http:\/\/wp.unil.ch\/bertelsmeiergroup\/?page_id=350"},"modified":"2023-01-18T16:17:22","modified_gmt":"2023-01-18T15:17:22","slug":"upcoming-talks-press","status":"publish","type":"page","link":"https:\/\/wp.unil.ch\/bertelsmeiergroup\/news-and-press\/upcoming-talks-press\/","title":{"rendered":"Upcoming Talks\/Press"},"content":{"rendered":"\n<p><\/p>\n\n\n\n<hr class=\"wp-block-separator has-alpha-channel-opacity\" \/>\n\n\n\n<h1 class=\"has-text-align-center wp-block-heading\" id=\"past-talks\">Past talks <\/h1>\n\n\n\n<div class=\"wp-block-columns is-layout-flex wp-container-core-columns-is-layout-9d6595d7 wp-block-columns-is-layout-flex\">\n<div class=\"wp-block-column is-layout-flow wp-block-column-is-layout-flow\" style=\"flex-basis:100%\">\n<div class=\"wp-block-group alignfull\"><div class=\"wp-block-group__inner-container is-layout-flow wp-block-group-is-layout-flow\">\n<h3 class=\"wp-block-heading\">Intecol 2022<\/h3>\n\n\n\n<p><em>August 28 &#8211; September 2d 2022 <\/em><\/p>\n\n\n\n<p>Geneva, Switzerland<\/p>\n\n\n\n<div class=\"wp-block-columns is-layout-flex wp-container-core-columns-is-layout-9d6595d7 wp-block-columns-is-layout-flex\">\n<div class=\"wp-block-column is-layout-flow wp-block-column-is-layout-flow\" style=\"flex-basis:66.66%\">\n<figure class=\"wp-block-image size-large\"><img alt=\"\" loading=\"lazy\" decoding=\"async\" width=\"1024\" height=\"576\" src=\"https:\/\/wp.unil.ch\/bertelsmeiergroup\/files\/2022\/03\/INTECOL_Session-1.1-13-1024x576.jpg\" alt=\"\" class=\"wp-image-1013\" srcset=\"https:\/\/wp.unil.ch\/bertelsmeiergroup\/files\/2022\/03\/INTECOL_Session-1.1-13-1024x576.jpg 1024w, https:\/\/wp.unil.ch\/bertelsmeiergroup\/files\/2022\/03\/INTECOL_Session-1.1-13-300x169.jpg 300w, https:\/\/wp.unil.ch\/bertelsmeiergroup\/files\/2022\/03\/INTECOL_Session-1.1-13-768x432.jpg 768w, https:\/\/wp.unil.ch\/bertelsmeiergroup\/files\/2022\/03\/INTECOL_Session-1.1-13-1536x864.jpg 1536w, https:\/\/wp.unil.ch\/bertelsmeiergroup\/files\/2022\/03\/INTECOL_Session-1.1-13-1200x675.jpg 1200w, https:\/\/wp.unil.ch\/bertelsmeiergroup\/files\/2022\/03\/INTECOL_Session-1.1-13.jpg 1600w\" sizes=\"auto, (max-width: 1024px) 100vw, 1024px\" \/><\/figure>\n<\/div>\n\n\n\n<div class=\"wp-block-column is-layout-flow wp-block-column-is-layout-flow\" style=\"flex-basis:33.33%\">\n<p class=\"has-primary-color has-text-color\"><strong>Lab member presentations<\/strong><\/p>\n\n\n\n<p><a href=\"https:\/\/wp.unil.ch\/bertelsmeiergroup\/dr-lucie-aulus-giacosa\/\" data-type=\"page\" data-id=\"862\">Lucie<\/a> and <a href=\"https:\/\/wp.unil.ch\/bertelsmeiergroup\/lab-members\/prof-cleo-bertelsmeier\/\" data-type=\"page\" data-id=\"323\">Cleo <\/a>will organise a session and present their work. <\/p>\n<\/div>\n<\/div>\n\n\n\n<div class=\"wp-block-buttons is-layout-flex wp-block-buttons-is-layout-flex\">\n<div class=\"wp-block-button is-style-fill\"><a class=\"wp-block-button__link has-secondary-background-color has-background wp-element-button\">Conference website<\/a><\/div>\n<\/div>\n<\/div><\/div>\n<\/div>\n<\/div>\n\n\n\n<hr class=\"wp-block-separator has-alpha-channel-opacity is-style-dots\" \/>\n\n\n\n<h3 class=\"wp-block-heading\">Microclimate ecology and Biogeography conference 2022 (MEB2022)<\/h3>\n\n\n\n<p>August 29- September 1st 2022<\/p>\n\n\n\n<p>Lab member talks: <\/p>\n\n\n\n<ul class=\"wp-block-list\">\n<li><a href=\"https:\/\/wp.unil.ch\/bertelsmeiergroup\/lab-members\/dr-jelena-bujan\/\" data-type=\"page\" data-id=\"286\">Jelena Bujan<\/a>: <em>The effect of microclimatic filtering on ectotherms in Mediterranea<\/em>n <em>islands<\/em><\/li>\n<\/ul>\n\n\n\n<ul class=\"wp-block-list\">\n<li><a href=\"https:\/\/wp.unil.ch\/bertelsmeiergroup\/lab-members\/olivia-bates\/\" data-type=\"page\" data-id=\"293\">Olivia Bates<\/a>: <em>Micro- vs. macroclimate: Which predicts better the spread of introduced ants?<\/em><\/li>\n<\/ul>\n\n\n\n<div class=\"wp-block-buttons is-layout-flex wp-block-buttons-is-layout-flex\">\n<div class=\"wp-block-button\"><a class=\"wp-block-button__link wp-element-button\" href=\"https:\/\/www.meb2022.com\/\" target=\"_blank\" rel=\"noreferrer noopener\">Conference website<\/a><\/div>\n<\/div>\n\n\n\n<hr class=\"wp-block-separator has-alpha-channel-opacity is-style-dots\" \/>\n\n\n\n<h3 class=\"has-text-align-left wp-block-heading\" id=\"xxvi-international-congress-of-entomology\">XXVI International Congress of Entomology<\/h3>\n\n\n\n<p><em>July 19-24th 202<\/em>2<\/p>\n\n\n\n<p>Helsinki, Finland<\/p>\n\n\n\n<div class=\"wp-block-columns is-layout-flex wp-container-core-columns-is-layout-9d6595d7 wp-block-columns-is-layout-flex\">\n<div class=\"wp-block-column is-layout-flow wp-block-column-is-layout-flow\" style=\"flex-basis:33.33%\">\n<figure class=\"wp-block-image size-full\"><img alt=\"\" loading=\"lazy\" decoding=\"async\" width=\"160\" height=\"185\" src=\"https:\/\/wp.unil.ch\/bertelsmeiergroup\/files\/2020\/02\/cropped-Ice2020Helsinki_Logo.jpg\" alt=\"\" class=\"wp-image-354\" \/><\/figure>\n<\/div>\n\n\n\n<div class=\"wp-block-column is-layout-flow wp-block-column-is-layout-flow\" style=\"flex-basis:66.66%\">\n<p class=\"has-primary-color has-text-color\"><strong>Lab member presentations<\/strong><\/p>\n\n\n\n<p><a href=\"https:\/\/wp.unil.ch\/bertelsmeiergroup\/lab-members\/gyda-fenn-moltu\/\">Gyda<\/a>  <em>tbd <\/em><\/p>\n\n\n\n<p><a href=\"https:\/\/wp.unil.ch\/bertelsmeiergroup\/lab-members\/aymeric-bonnamour\/\">Aymeric<\/a> <em>tbd<\/em><\/p>\n<\/div>\n<\/div>\n\n\n\n<div class=\"wp-block-buttons is-layout-flex wp-block-buttons-is-layout-flex\">\n<div class=\"wp-block-button is-style-fill\"><a class=\"wp-block-button__link has-secondary-background-color has-background wp-element-button\">Conference website<\/a><\/div>\n<\/div>\n\n\n\n<hr class=\"wp-block-separator has-alpha-channel-opacity is-style-dots\" \/>\n\n\n\n<div class=\"wp-block-group\"><div class=\"wp-block-group__inner-container is-layout-flow wp-block-group-is-layout-flow\">\n<div class=\"wp-block-columns is-layout-flex wp-container-core-columns-is-layout-9d6595d7 wp-block-columns-is-layout-flex\">\n<div class=\"wp-block-column is-vertically-aligned-center is-layout-flow wp-block-column-is-layout-flow\">\n<h3 class=\"wp-block-heading\">IUSSI 2022<\/h3>\n<\/div>\n\n\n\n<div class=\"wp-block-column is-layout-flow wp-block-column-is-layout-flow\">\n<figure class=\"wp-block-image size-full\"><img alt=\"\" loading=\"lazy\" decoding=\"async\" width=\"126\" height=\"85\" src=\"https:\/\/wp.unil.ch\/bertelsmeiergroup\/files\/2022\/03\/logo.png\" alt=\"\" class=\"wp-image-999\" \/><\/figure>\n<\/div>\n<\/div>\n<\/div><\/div>\n\n\n\n<p><em>July 3-7th 2022<\/em><\/p>\n\n\n\n<p>San Diego, California<\/p>\n\n\n\n<p>Lab member presentations: <\/p>\n\n\n\n<ul class=\"wp-block-list\">\n<li><a href=\"https:\/\/wp.unil.ch\/bertelsmeiergroup\/dr-lucie-aulus-giacosa\/\" data-type=\"page\" data-id=\"862\">Dr Lucie Aulus<\/a> : <em>What are the global bioregions of ants and how does human-mediated dispersalredefine them?<\/em><\/li>\n<\/ul>\n\n\n\n<ul class=\"wp-block-list\">\n<li><a href=\"https:\/\/jelena\">Dr. Jelena Bujan<\/a>: <em>Increased acclimation ability accompanies a thermal niche shift of a recent invasion<\/em><\/li>\n\n\n\n<li><a href=\"https:\/\/wp.unil.ch\/bertelsmeiergroup\/lab-members\/olivia-bates\/\" data-type=\"page\" data-id=\"293\">Olivia Bates<\/a>: <em>Micro- vs. macroclimate: Which predicts better the spread of introduced ants?<\/em><\/li>\n\n\n\n<li><a href=\"https:\/\/wp.unil.ch\/bertelsmeiergroup\/lab-members\/prof-cleo-bertelsmeier\/\" data-type=\"page\" data-id=\"323\">Prof. Cleo Bertelsmeier<\/a>: <em>Bridgehead effects and the invasion biogeography of ants<\/em><\/li>\n\n\n\n<li><a href=\"https:\/\/wp.unil.ch\/bertelsmeiergroup\/lab-members\/aymeric-bonnamour\/\" data-type=\"page\" data-id=\"710\">Aymeric Bonnamour<\/a>: <em>The impact of colonial history on ant invasions<\/em><\/li>\n\n\n\n<li><a href=\"https:\/\/wp.unil.ch\/bertelsmeiergroup\/tristan-klaftenberger\/\" data-type=\"page\" data-id=\"893\">Tristan Klaftenberger<\/a>: <em>Macroecological pattern of color in Madacasgar ants<\/em><\/li>\n<\/ul>\n\n\n\n<div class=\"wp-block-buttons is-content-justification-left is-layout-flex wp-container-core-buttons-is-layout-fdcfc74e wp-block-buttons-is-layout-flex\">\n<div class=\"wp-block-button is-style-fill\"><a class=\"wp-block-button__link has-secondary-background-color has-background wp-element-button\" href=\"https:\/\/burkclients.com\/IUSSI\/meetings\/2022\/site\/\">Conference WEBSITE<\/a><\/div>\n<\/div>\n\n\n\n<hr class=\"wp-block-separator has-alpha-channel-opacity is-style-dots\" \/>\n\n\n\n<div class=\"wp-block-group\"><div class=\"wp-block-group__inner-container is-layout-flow wp-block-group-is-layout-flow\">\n<h4 class=\"wp-block-heading\" id=\"institute-of-ecology-and-evolution-iee-university-of-bern\">Institute of Ecology and Evolution (IEE), University of Bern<\/h4>\n\n\n\n<p><em>April 7th, 4.15pm<\/em><\/p>\n\n\n\n<p class=\"has-primary-color has-text-color\">Cleo will talk about &#8220;Globalisation and the spread of invasive species&#8221;<\/p>\n\n\n\n<div class=\"wp-block-group\"><div class=\"wp-block-group__inner-container is-layout-flow wp-block-group-is-layout-flow\">\n<div class=\"wp-block-buttons is-content-justification-left is-layout-flex wp-container-core-buttons-is-layout-fdcfc74e wp-block-buttons-is-layout-flex\">\n<div class=\"wp-block-button has-custom-width wp-block-button__width-50 is-style-outline is-style-outline--1\"><a class=\"wp-block-button__link has-background-color has-secondary-background-color has-text-color has-background wp-element-button\" href=\"https:\/\/www.iee.unibe.ch\/\"><img alt=\"\" loading=\"lazy\" decoding=\"async\" width=\"360\" height=\"276\" class=\"wp-image-988\" style=\"width: 50px\" src=\"https:\/\/wp.unil.ch\/bertelsmeiergroup\/files\/2022\/03\/logo_unibern@2x.png\" alt=\"\" srcset=\"https:\/\/wp.unil.ch\/bertelsmeiergroup\/files\/2022\/03\/logo_unibern@2x.png 360w, https:\/\/wp.unil.ch\/bertelsmeiergroup\/files\/2022\/03\/logo_unibern@2x-300x230.png 300w\" sizes=\"auto, (max-width: 360px) 100vw, 360px\" \/>Institute website<\/a><\/div>\n<\/div>\n<\/div><\/div>\n\n\n\n<div class=\"wp-block-buttons is-layout-flex wp-block-buttons-is-layout-flex\"><\/div>\n<\/div><\/div>\n\n\n\n<hr class=\"wp-block-separator has-alpha-channel-opacity is-style-dots\" \/>\n\n\n\n<h3 class=\"wp-block-heading\" id=\"biology22\"><strong>Biology22 <\/strong><\/h3>\n\n\n\n<p>Feb17-18 2022<\/p>\n\n\n\n<p>Lucie Aulus, Jelena Bujan and Gyda Fenn-Moltu presented their work <\/p>\n\n\n\n<div class=\"wp-block-buttons is-layout-flex wp-block-buttons-is-layout-flex\">\n<div class=\"wp-block-button\"><a class=\"wp-block-button__link wp-element-button\" href=\"https:\/\/wp.unil.ch\/bertelsmeiergroup\/2022\/02\/success-at-biology22\/\">see news post<\/a><\/div>\n<\/div>\n\n\n\n<hr class=\"wp-block-separator has-alpha-channel-opacity is-style-wide\" \/>\n\n\n\n<h3 class=\"wp-block-heading\" id=\"societe-zoologique-de-geneve\">Soci\u00e9t\u00e9 zoologique de Gen\u00e8ve<\/h3>\n\n\n\n<p> <em>April 21st 2020, 8.15pm<\/em><\/p>\n\n\n\n<p>Mus\u00e9um de Malagnou, Geneva, Switzerland<\/p>\n\n\n\n<p>Cleo will talk about her book &#8220;Les guerres secr\u00e8tes des fourmis&#8221;<\/p>\n\n\n\n<hr class=\"wp-block-separator has-alpha-channel-opacity is-style-wide\" \/>\n\n\n\n<h3 class=\"wp-block-heading\" id=\"esa-ussee-joint-meeting\">ESA &amp; USSEE Joint Meeting<\/h3>\n\n\n\n<p> <em>11th-16th August 2019<\/em><\/p>\n\n\n\n<p>Louisville, USA<\/p>\n\n\n\n<div class=\"wp-block-columns is-layout-flex wp-container-core-columns-is-layout-9d6595d7 wp-block-columns-is-layout-flex\">\n<div class=\"wp-block-column is-layout-flow wp-block-column-is-layout-flow\" style=\"flex-basis:100%\">\n<div class=\"wp-block-columns is-layout-flex wp-container-core-columns-is-layout-9d6595d7 wp-block-columns-is-layout-flex\">\n<div class=\"wp-block-column is-layout-flow wp-block-column-is-layout-flow\" style=\"flex-basis:33.33%\">\n<figure class=\"wp-block-image size-full\"><img alt=\"\" loading=\"lazy\" decoding=\"async\" width=\"600\" height=\"857\" src=\"https:\/\/wp.unil.ch\/bertelsmeiergroup\/files\/2020\/02\/ESA-2019-Louisville.png\" alt=\"\" class=\"wp-image-425\" srcset=\"https:\/\/wp.unil.ch\/bertelsmeiergroup\/files\/2020\/02\/ESA-2019-Louisville.png 600w, https:\/\/wp.unil.ch\/bertelsmeiergroup\/files\/2020\/02\/ESA-2019-Louisville-210x300.png 210w\" sizes=\"auto, (max-width: 600px) 100vw, 600px\" \/><\/figure>\n<\/div>\n\n\n\n<div class=\"wp-block-column is-layout-flow wp-block-column-is-layout-flow\" style=\"flex-basis:85%\">\n<p class=\"has-primary-color has-text-color\"><strong>Lab member presentations<\/strong><\/p>\n\n\n\n<p><a href=\"https:\/\/wp.unil.ch\/bertelsmeiergroup\/lab-members\/prof-cleo-bertelsmeier\/\">Cleo<\/a>: &#8216;<em>Human transport networks drive global alien species flows<\/em>&#8216;<\/p>\n\n\n\n<p><a href=\"https:\/\/wp.unil.ch\/bertelsmeiergroup\/lab-members\/jerome-gippet\/\">Jerome<\/a>:  &#8216;<em>The online pet trade disperses highly invasive ant species and potential future invaders<\/em>&#8216;<\/p>\n\n\n\n<p><a href=\"https:\/\/wp.unil.ch\/bertelsmeiergroup\/lab-members\/gyda-fenn-moltu\/\">Gyda<\/a> presented: <em>&#8216;Accidentally importing aliens:<strong>&nbsp;<\/strong>the dispersal of insects with commodity trading<\/em>&#8216;<\/p>\n\n\n\n<p><a href=\"https:\/\/wp.unil.ch\/bertelsmeiergroup\/lab-members\/olivia-bates\/\">Olivia <\/a>(poster): &nbsp;&#8216;<em>Investigating global niche expansion as ants invade new territories<\/em>&#8216;<\/p>\n<\/div>\n<\/div>\n<\/div>\n<\/div>\n\n\n\n<div class=\"wp-block-button\"><a class=\"wp-block-button__link has-secondary-background-color has-background wp-element-button\" href=\"https:\/\/esa.org\/louisville\/\">Conference Website<\/a><\/div>\n\n\n\n<p><\/p>\n","protected":false},"excerpt":{"rendered":"<p>Past talks Intecol 2022 August 28 &#8211; September 2d 2022 Geneva, Switzerland Lab member presentations Lucie and Cleo will organise a session and present their work. Microclimate ecology and Biogeography conference 2022 (MEB2022) August 29- September 1st 2022 Lab member talks: XXVI International Congress of Entomology July 19-24th 2022 Helsinki, Finland Lab member presentations Gyda [&hellip;]<\/p>\n","protected":false},"author":1002053,"featured_media":0,"parent":345,"menu_order":2,"comment_status":"closed","ping_status":"closed","template":"","meta":{"_seopress_robots_primary_cat":"","_seopress_titles_title":"","_seopress_titles_desc":"","_seopress_robots_index":"","_seopress_analysis_target_kw":"","footnotes":""},"class_list":["post-350","page","type-page","status-publish"],"_links":{"self":[{"href":"https:\/\/wp.unil.ch\/bertelsmeiergroup\/wp-json\/wp\/v2\/pages\/350","targetHints":{"allow":["GET"]}}],"collection":[{"href":"https:\/\/wp.unil.ch\/bertelsmeiergroup\/wp-json\/wp\/v2\/pages"}],"about":[{"href":"https:\/\/wp.unil.ch\/bertelsmeiergroup\/wp-json\/wp\/v2\/types\/page"}],"author":[{"embeddable":true,"href":"https:\/\/wp.unil.ch\/bertelsmeiergroup\/wp-json\/wp\/v2\/users\/1002053"}],"replies":[{"embeddable":true,"href":"https:\/\/wp.unil.ch\/bertelsmeiergroup\/wp-json\/wp\/v2\/comments?post=350"}],"version-history":[{"count":0,"href":"https:\/\/wp.unil.ch\/bertelsmeiergroup\/wp-json\/wp\/v2\/pages\/350\/revisions"}],"up":[{"embeddable":true,"href":"https:\/\/wp.unil.ch\/bertelsmeiergroup\/wp-json\/wp\/v2\/pages\/345"}],"wp:attachment":[{"href":"https:\/\/wp.unil.ch\/bertelsmeiergroup\/wp-json\/wp\/v2\/media?parent=350"}],"curies":[{"name":"wp","href":"https:\/\/api.w.org\/{rel}","templated":true}]}}