{"id":501,"date":"2012-10-21T21:52:50","date_gmt":"2012-10-21T19:52:50","guid":{"rendered":"http:\/\/wp.unil.ch\/avml\/?page_id=501"},"modified":"2020-10-25T22:04:31","modified_gmt":"2020-10-25T21:04:31","slug":"charte","status":"publish","type":"page","link":"https:\/\/wp.unil.ch\/avml\/infos-generales\/charte\/","title":{"rendered":"Charte de l&rsquo;AVML"},"content":{"rendered":"<p>L\u2019AVML a une double mission d\u2019enseignement et de repr\u00e9sentation; elle a pour objectif g\u00e9n\u00e9ral la r\u00e9alisation d\u2019une communaut\u00e9 d\u2019action pour tout ce qui touche aux int\u00e9r\u00eats des formations et des m\u00e9tiers de laboratoire.<\/p>\n<p>La mission d\u2019enseignement englobe :<\/p>\n<ul>\n<li>la formation des apprentiEs, stagiaires et \u00e9tudiantEs,<\/li>\n<li>la formation continue des professionnelLEs de laboratoire.<\/li>\n<\/ul>\n<p>Dans le cadre de cette mission, l\u2019AVML s\u2019engage \u00e0 organiser des tests d\u2019aptitudes en vue du recrutement des apprentiEs, \u00e0 mettre sur pied les cours d\u2019introduction obligatoires pour les apprentiEs. Elle s\u2019engage \u00e9galement \u00e0 promouvoir, d\u00e9velopper et organiser tout ce qui a trait \u00e0 la formation continue et au perfectionnement professionnel dans les m\u00e9tiers de laboratoire. Elle vise ainsi le d\u00e9veloppement des connaissances, l\u2019am\u00e9lioration des techniques scientifiques fondamentales, diagnostiques et th\u00e9rapeutiques.<\/p>\n<p>La mission de repr\u00e9sentation a pour but de faire valoir les int\u00e9r\u00eats des m\u00e9tiers et des formations de laboratoire aupr\u00e8s des autorit\u00e9s, des milieux politiques, des organisations \u00e9conomiques et sociales ainsi que de l\u2019opinion publique. C\u2019est dans ce but que l\u2019AVML regroupe les entreprises priv\u00e9es, les services de l\u2019Etat, les \u00e9tablissements de droit public actifs ainsi que les associations professionnelles patronales ou de travailleurs actives dans le secteur des m\u00e9tiers de laboratoire dont la liste figure en annexe.<\/p>\n<p>Dans l\u2019exercice de ses missions, l\u2019AVML respecte les valeurs fondamentales de la personne, en particulier sa dignit\u00e9 et son autonomie. Dans cet esprit, l\u2019AVML cherche \u00e0 \u00e9tablir des rapports confiants et loyaux avec tous les partenaires de ces formations, afin de faciliter la conclusion d\u2019accords favorables \u00e0 la sauvegarde des int\u00e9r\u00eats permanents des m\u00e9tiers de laboratoire. Elle conseille, aide et favorise la collaboration et la bonne entente entre ses membres.<br \/>\nL\u2019AVML dispose des services de soutien administratif, logistique et technique n\u00e9cessaires. Afin d\u2019accomplir ses missions et d\u2019offrir des prestations de qualit\u00e9, elle doit garantir une bonne gestion des ressources humaines et des moyens financiers. Cela suppose une adaptation permanente de l\u2019organisation, conduite dans un esprit d\u2019ouverture.<\/p>\n<h3>Droits et devoirs des participants aux cours<\/h3>\n<p>Les participants aux cours ont les droits et les devoirs suivants:<\/p>\n<ul>\n<li>d&rsquo;\u00eatre inform\u00e9s sur les programmes, les conditions et le d\u00e9roulement des formations dispens\u00e9es et de les respecter.<\/li>\n<li>de recevoir une formation th\u00e9orique et pratique de qualit\u00e9 et correspondant au dernier \u00e9tat des connaissances.<\/li>\n<li>de disposer d&rsquo;un encadrement ad\u00e9quat<\/li>\n<li>de participer activement aux cours, stages et autres activit\u00e9s de formation.<\/li>\n<li>de respecter les valeurs fondamentales de l&rsquo;institution qui les accueillent et de se conformer aux normes professionnelles.<\/li>\n<\/ul>\n<h3>R\u00e9vision<\/h3>\n<p>Cette Charte a \u00e9t\u00e9 \u00e9labor\u00e9e \u00e0 la suite d&rsquo;une large consultation au sein de l&rsquo;AVML. Elle peut \u00eatre renouvel\u00e9e en fonction de l&rsquo;\u00e9volution du contexte et des valeurs, \u00e0 la demande des collaborateurs ou des membres de l&rsquo;AVML.<\/p>\n<p>Texte approuv\u00e9 lors de l&rsquo;Assembl\u00e9e g\u00e9n\u00e9rale du 4 novembre 2004.<\/p>\n","protected":false},"excerpt":{"rendered":"<p>L\u2019AVML a une double mission d\u2019enseignement et de repr\u00e9sentation; elle a pour objectif g\u00e9n\u00e9ral la r\u00e9alisation d\u2019une communaut\u00e9 d\u2019action pour tout ce qui touche aux int\u00e9r\u00eats des formations et des m\u00e9tiers de laboratoire. La&#46;&#46;&#46;<\/p>\n","protected":false},"author":274,"featured_media":0,"parent":36,"menu_order":1,"comment_status":"closed","ping_status":"closed","template":"","meta":{"_seopress_robots_primary_cat":"","_seopress_titles_title":"","_seopress_titles_desc":"","_seopress_robots_index":"","footnotes":""},"class_list":["post-501","page","type-page","status-publish"],"_links":{"self":[{"href":"https:\/\/wp.unil.ch\/avml\/wp-json\/wp\/v2\/pages\/501","targetHints":{"allow":["GET"]}}],"collection":[{"href":"https:\/\/wp.unil.ch\/avml\/wp-json\/wp\/v2\/pages"}],"about":[{"href":"https:\/\/wp.unil.ch\/avml\/wp-json\/wp\/v2\/types\/page"}],"author":[{"embeddable":true,"href":"https:\/\/wp.unil.ch\/avml\/wp-json\/wp\/v2\/users\/274"}],"replies":[{"embeddable":true,"href":"https:\/\/wp.unil.ch\/avml\/wp-json\/wp\/v2\/comments?post=501"}],"version-history":[{"count":0,"href":"https:\/\/wp.unil.ch\/avml\/wp-json\/wp\/v2\/pages\/501\/revisions"}],"up":[{"embeddable":true,"href":"https:\/\/wp.unil.ch\/avml\/wp-json\/wp\/v2\/pages\/36"}],"wp:attachment":[{"href":"https:\/\/wp.unil.ch\/avml\/wp-json\/wp\/v2\/media?parent=501"}],"curies":[{"name":"wp","href":"https:\/\/api.w.org\/{rel}","templated":true}]}}