{"id":47,"date":"2011-10-18T17:02:30","date_gmt":"2011-10-18T15:02:30","guid":{"rendered":"http:\/\/wp.unil.ch\/avml\/?page_id=47"},"modified":"2022-03-14T05:55:47","modified_gmt":"2022-03-14T04:55:47","slug":"documents-a-telecharger","status":"publish","type":"page","link":"https:\/\/wp.unil.ch\/avml\/documents-a-telecharger\/","title":{"rendered":"DOCUMENTS"},"content":{"rendered":"<p><a href=\"https:\/\/wp.unil.ch\/avml\/files\/2022\/03\/RA_AVML_2020_2021_der-der-1.pdf\">Rapport d&rsquo;activit\u00e9 2020-2021<\/a><\/p>\n<p><a href=\"https:\/\/wp.unil.ch\/avml\/files\/2019\/12\/RA_AVML_2018-2019-der.pdf\">Rapport d&rsquo;activit\u00e9 2018-2019 (PDF)<\/a><\/p>\n<p><a href=\"https:\/\/wp.unil.ch\/avml\/files\/2015\/11\/RA_AVML_2013-2104.pdf\">Rapport d&rsquo;activit\u00e9 2013-2014 (PDF)<\/a><\/p>\n<p><a href=\"https:\/\/wp.unil.ch\/avml\/files\/2013\/09\/RA_AVML_2012-2013-2.pdf\">Rapport d&rsquo;activit\u00e9 2012-2013 (PDF)<\/a><\/p>\n","protected":false},"excerpt":{"rendered":"<p>Rapport d&rsquo;activit\u00e9 2020-2021 Rapport d&rsquo;activit\u00e9 2018-2019 (PDF) Rapport d&rsquo;activit\u00e9 2013-2014 (PDF) Rapport d&rsquo;activit\u00e9 2012-2013 (PDF)<\/p>\n","protected":false},"author":274,"featured_media":0,"parent":0,"menu_order":9,"comment_status":"closed","ping_status":"closed","template":"","meta":{"_seopress_robots_primary_cat":"","_seopress_titles_title":"","_seopress_titles_desc":"","_seopress_robots_index":"","footnotes":""},"class_list":["post-47","page","type-page","status-publish"],"_links":{"self":[{"href":"https:\/\/wp.unil.ch\/avml\/wp-json\/wp\/v2\/pages\/47","targetHints":{"allow":["GET"]}}],"collection":[{"href":"https:\/\/wp.unil.ch\/avml\/wp-json\/wp\/v2\/pages"}],"about":[{"href":"https:\/\/wp.unil.ch\/avml\/wp-json\/wp\/v2\/types\/page"}],"author":[{"embeddable":true,"href":"https:\/\/wp.unil.ch\/avml\/wp-json\/wp\/v2\/users\/274"}],"replies":[{"embeddable":true,"href":"https:\/\/wp.unil.ch\/avml\/wp-json\/wp\/v2\/comments?post=47"}],"version-history":[{"count":0,"href":"https:\/\/wp.unil.ch\/avml\/wp-json\/wp\/v2\/pages\/47\/revisions"}],"wp:attachment":[{"href":"https:\/\/wp.unil.ch\/avml\/wp-json\/wp\/v2\/media?parent=47"}],"curies":[{"name":"wp","href":"https:\/\/api.w.org\/{rel}","templated":true}]}}