{"id":36,"date":"2011-10-18T16:52:26","date_gmt":"2011-10-18T14:52:26","guid":{"rendered":"http:\/\/wp.unil.ch\/avml\/?page_id=36"},"modified":"2020-10-25T22:00:05","modified_gmt":"2020-10-25T21:00:05","slug":"infos-generales","status":"publish","type":"page","link":"https:\/\/wp.unil.ch\/avml\/infos-generales\/","title":{"rendered":"INFOS GENERALES"},"content":{"rendered":"<p><strong>L&rsquo;Association vaudoise pour les m\u00e9tiers de laboratoire<\/strong> est impliqu\u00e9e dans les diff\u00e9rentes \u00e9tapes qui rythment la formation professionnelle, depuis la pr\u00e9sentation des m\u00e9tiers de laboratoire aux \u00e9coliers jusqu\u2019\u00e0 la formation continue. Nous nous r\u00e9jouissons de ce contact direct avec les jeunes et moins jeunes qui motive notre engagement. Ce travail au quotidien, au service des m\u00e9tiers du laboratoire, nous permet de faire \u00e9voluer la formation en fonction de la r\u00e9alit\u00e9 du monde du travail et des besoins des entreprises et institutions que nous repr\u00e9sentons.<\/p>\n<p>La nouvelle loi sur la formation professionnelle et son r\u00e8glement d&rsquo;application donnent des responsabilit\u00e9s administratives suppl\u00e9mentaires aux associations professionnelles. Les professions de laborantins sont d\u00e9sormais consid\u00e9r\u00e9es comme une seule et unique profession que l&rsquo;orientation professionnelle soit chimique ou biologique. Ce regroupement des m\u00e9tiers de laborantins implique la mise en place, par l&rsquo;AVML, de nouvelles structures d&rsquo;encadrement et de gestion de la formation. Notre association se retrouve ainsi dans une position interm\u00e9diaire cl\u00e9 entre les autorit\u00e9s cantonales et les formateurs. Notre but est d&rsquo;assurer la meilleure formation possible pour nos apprentis laborantins en essayant d&rsquo;adapter au mieux l&rsquo;encadrement des diff\u00e9rentes \u00e9tapes de la formation aux changements l\u00e9gaux exig\u00e9s.<\/p>\n","protected":false},"excerpt":{"rendered":"<p>L&rsquo;Association vaudoise pour les m\u00e9tiers de laboratoire est impliqu\u00e9e dans les diff\u00e9rentes \u00e9tapes qui rythment la formation professionnelle, depuis la pr\u00e9sentation des m\u00e9tiers de laboratoire aux \u00e9coliers jusqu\u2019\u00e0 la formation continue. Nous nous r\u00e9jouissons&#46;&#46;&#46;<\/p>\n","protected":false},"author":274,"featured_media":0,"parent":0,"menu_order":2,"comment_status":"closed","ping_status":"closed","template":"","meta":{"_seopress_robots_primary_cat":"","_seopress_titles_title":"","_seopress_titles_desc":"","_seopress_robots_index":"","footnotes":""},"class_list":["post-36","page","type-page","status-publish"],"_links":{"self":[{"href":"https:\/\/wp.unil.ch\/avml\/wp-json\/wp\/v2\/pages\/36","targetHints":{"allow":["GET"]}}],"collection":[{"href":"https:\/\/wp.unil.ch\/avml\/wp-json\/wp\/v2\/pages"}],"about":[{"href":"https:\/\/wp.unil.ch\/avml\/wp-json\/wp\/v2\/types\/page"}],"author":[{"embeddable":true,"href":"https:\/\/wp.unil.ch\/avml\/wp-json\/wp\/v2\/users\/274"}],"replies":[{"embeddable":true,"href":"https:\/\/wp.unil.ch\/avml\/wp-json\/wp\/v2\/comments?post=36"}],"version-history":[{"count":0,"href":"https:\/\/wp.unil.ch\/avml\/wp-json\/wp\/v2\/pages\/36\/revisions"}],"wp:attachment":[{"href":"https:\/\/wp.unil.ch\/avml\/wp-json\/wp\/v2\/media?parent=36"}],"curies":[{"name":"wp","href":"https:\/\/api.w.org\/{rel}","templated":true}]}}